{"id":12736,"date":"2024-11-27T15:17:37","date_gmt":"2024-11-27T14:17:37","guid":{"rendered":"https:\/\/acampa-vacances.com\/hiver-automne\/la-presquile-de-giens-en-hiver-dans-le-var\/"},"modified":"2025-01-29T09:17:02","modified_gmt":"2025-01-29T08:17:02","slug":"die-giens-presquile-im-winter-in-der-var","status":"publish","type":"hiver-automne","link":"https:\/\/acampa-vacances.com\/de\/winter-herbst\/die-giens-presquile-im-winter-in-der-var\/","title":{"rendered":"Halbinsel Giens im Winter"},"content":{"rendered":"<nav class=\"fildariane\"><a class=\"fildariane__item\" href=\"https:\/\/acampa-vacances.com\/de\/\">Acampa<\/a><span class=\"fc-icon\"><svg xmlns=\"http:\/\/www.w3.org\/2000\/svg\"  viewBox=\"0 0 320 512\" width=\"16px\" height=\"16px\"><!--! Font Awesome Pro 6.4.2 by @fontawesome - https:\/\/fontawesome.com License - https:\/\/fontawesome.com\/license (Commercial License) Copyright 2023 Fonticons, Inc.--><path d=\"M267.3 244.7c6.2 6.2 6.2 16.4 0 22.6l-160 160c-6.2 6.2-16.4 6.2-22.6 0s-6.2-16.4 0-22.6L233.4 256 84.7 107.3c-6.2-6.2-6.2-16.4 0-22.6s16.4-6.2 22.6 0l160 160z\"\/><\/svg><\/span><span class=\"fildariane__item\">Halbinsel Giens im Winter<\/span><\/nav><a class=\"fildariane__item retour\" href=\"https:\/\/acampa-vacances.com\/de\/\"\"><span class=\"fc-icon\"><svg xmlns=\"http:\/\/www.w3.org\/2000\/svg\"  viewBox=\"0 0 448 512\" width=\"16px\" height=\"16px\"><!--! Font Awesome Pro 6.4.2 by @fontawesome - https:\/\/fontawesome.com License - https:\/\/fontawesome.com\/license (Commercial License) Copyright 2023 Fonticons, Inc.--><path d=\"M7.4 273.4C2.7 268.8 0 262.6 0 256s2.7-12.8 7.4-17.4l176-168c9.6-9.2 24.8-8.8 33.9 .8s8.8 24.8-.8 33.9L83.9 232 424 232c13.3 0 24 10.7 24 24s-10.7 24-24 24L83.9 280 216.6 406.6c9.6 9.2 9.9 24.3 .8 33.9s-24.3 9.9-33.9 .8l-176-168z\"\/><\/svg><\/span>Zur\u00fcck zur Startseite<\/a>\n<h1><strong>Die Halbinsel Giens im Winter<\/strong><\/h1><p>Im Winter kehrt die Halbinsel Giens zu ihrer wilden Natur und ihrer ruhigen Umgebung zur\u00fcck.<\/p><p>Die Temperaturen sind zwar kalt, aber wenn <strong>die Sonne die K\u00fcste mit ihren Strahlen erw\u00e4rmt<\/strong>, ist ein Spaziergang ein Muss, um die <strong>Sch\u00f6nheit von Hyeros in<\/strong> dieser Jahreszeit zu genie\u00dfen. Sie m\u00fcssen sich nur entsprechend der Aktivit\u00e4t, die Sie unternehmen m\u00f6chten, gut ausr\u00fcsten. <\/p><div class=\"columns\"><div class=\"columns__item\" style=\"align-self:center;\"><h2>Schwimmen<\/h2><p>Ein weit verbreitetes Missverst\u00e4ndnis ist, dass es im Winter zu kalt ist, um zu tauchen. Wussten Sie aber, dass es im Meer w\u00e4rmer ist als drau\u00dfen? Die Temperatur im Mittelmeer liegt bei etwa 14\u00b0C. Das ist h\u00f6her als an der K\u00fcste, besonders wenn der Mistral mitspielt.  <\/p><p>Wussten Sie auch, dass kaltes Wasser hervorragend f\u00fcr den Blutkreislauf ist? Einige schlaue Leute haben das verstanden. Trotz der Wintersaison sehen Sie sie einige Bahnen schwimmen. Das erfordert zwar etwas Mut, aber die <strong>Wirkung ist klinisch erwiesen<\/strong>.   <\/p><\/div><div class=\"columns__item\"><figure><picture><source srcset=\"https:\/\/acampa-vacances.com\/wp-content\/uploads\/2024\/11\/nager_4-1-420x420.jpg.webp\" media=\"(max-width: 210px)\"><source srcset=\"https:\/\/acampa-vacances.com\/wp-content\/uploads\/2024\/11\/nager_4-1.jpg.webp\" media=\"(max-width: 420px)\"><source srcset=\"https:\/\/acampa-vacances.com\/wp-content\/uploads\/2024\/11\/nager_4-1-768x512.jpg.webp\" media=\"(max-width: 850px)\"><source srcset=\"https:\/\/acampa-vacances.com\/wp-content\/uploads\/2024\/11\/nager_4-1.jpg.webp\" media=\"(max-width: 1024px)\"><source srcset=\"https:\/\/acampa-vacances.com\/wp-content\/uploads\/2024\/11\/nager_4-1.jpg.webp\" media=\"(min-width: 1025px)\"><img decoding=\"async\" src=\"https:\/\/acampa-vacances.com\/wp-content\/uploads\/2024\/11\/nager_4-1-420x420.jpg.webp\" width=\"420\" height=\"210\" loading=\"lazy\" alt=\"\" title=\"\"><\/picture><\/figure><\/div><\/div><div class=\"columns\"><div class=\"columns__item\"><figure><picture><source srcset=\"https:\/\/acampa-vacances.com\/wp-content\/uploads\/2024\/11\/nathan-forbes-Ev5Uog4iDH0-unsplash-420x420.jpg.webp\" media=\"(max-width: 210px)\"><source srcset=\"https:\/\/acampa-vacances.com\/wp-content\/uploads\/2024\/11\/nathan-forbes-Ev5Uog4iDH0-unsplash-850x567.jpg.webp\" media=\"(max-width: 420px)\"><source srcset=\"https:\/\/acampa-vacances.com\/wp-content\/uploads\/2024\/11\/nathan-forbes-Ev5Uog4iDH0-unsplash-768x512.jpg.webp\" media=\"(max-width: 850px)\"><source srcset=\"https:\/\/acampa-vacances.com\/wp-content\/uploads\/2024\/11\/nathan-forbes-Ev5Uog4iDH0-unsplash-1024x683.jpg.webp\" media=\"(max-width: 1024px)\"><source srcset=\"https:\/\/acampa-vacances.com\/wp-content\/uploads\/2024\/11\/nathan-forbes-Ev5Uog4iDH0-unsplash-scaled.jpg.webp\" media=\"(min-width: 1025px)\"><img decoding=\"async\" src=\"https:\/\/acampa-vacances.com\/wp-content\/uploads\/2024\/11\/nathan-forbes-Ev5Uog4iDH0-unsplash-420x420.jpg.webp\" width=\"420\" height=\"210\" loading=\"lazy\" alt=\"\" title=\"\"><\/picture><\/figure><\/div><div class=\"columns__item\" style=\"align-self:center;\"><h2>Paddeln<\/h2><p>Haben Sie schon einmal von <strong>Stand-up-Paddling<\/strong> geh\u00f6rt? Man k\u00f6nnte meinen, dass es einfach ist, auf einem Brett zu stehen. Es erfordert jedoch ein gewisses Gleichgewicht. Ein <strong>Surfbrett und ein Ruder<\/strong> und schon sind Sie auf dem Wasser! Paddeln Sie an der K\u00fcste entlang und genie\u00dfen Sie die Ruhe, die Sie dabei haben.    <\/p><p>Sie k\u00f6nnen das Meer genie\u00dfen, ohne von Schwimmern, anderen Paddlern oder sogar Booten gest\u00f6rt zu werden. Ziehen Sie trotzdem einen Neoprenanzug an, um einen Temperaturschock zu vermeiden. <\/p><p>Diese spielerische Aktivit\u00e4t versetzt Sie in einen kontemplativen Zustand und Sie werden beruhigt sein, weil Sie die Natur genie\u00dfen konnten. Warum testen Sie diese Aktivit\u00e4t nicht w\u00e4hrend eines Sonnenaufgangs oder Sonnenuntergangs? <\/p><\/div><\/div><div class=\"columns\"><div class=\"columns__item\" style=\"align-self:center;\"><h2>Die Insel Porquerolles besuchen<\/h2><p>Sie m\u00fcssen sich nicht mit anderen Urlaubern messen, um das zu genie\u00dfen, was diese Insel zu bieten hat. Diese naturbelassene Insel wird Sie auf vielf\u00e4ltige Weise begeistern. Die leeren Wege bieten sich f\u00fcr <strong>Radtouren oder Wanderungen<\/strong> an.    <\/p><p>Trotz der Wintersaison gibt es hier auch zwei Gesch\u00e4fte, die ge\u00f6ffnet sind. Besuchen Sie den <strong>Strand von Notre Dame<\/strong> mit seinem wei\u00dfen Sand. Bei einem Spaziergang k\u00f6nnen Sie die <strong>versteckten Buchten<\/strong> in den Felsw\u00e4nden entdecken.  <\/p><p>Im <strong>S\u00fcden der Insel<\/strong> befinden sich die <strong>Lorbeerfelder<\/strong> und die <strong>Anbaufl\u00e4chen des botanischen Konservatoriums<\/strong>. Ihr Fahrrad wird Ihnen in diesem Teil der Insel nicht von Nutzen sein, da die wilde Natur ihr legitimes Recht zur\u00fcckerobert hat und die Wege nur f\u00fcr Wanderer geeignet sind. Wussten Sie, dass die Insel Porquerolles zum Nationalpark Port-Cros geh\u00f6rt?  <\/p><\/div><div class=\"columns__item\"><figure><picture><source srcset=\"https:\/\/acampa-vacances.com\/wp-content\/uploads\/2024\/11\/nathan-forbes-Ev5Uog4iDH0-unsplash-420x420.jpg.webp\" media=\"(max-width: 210px)\"><source srcset=\"https:\/\/acampa-vacances.com\/wp-content\/uploads\/2024\/11\/nathan-forbes-Ev5Uog4iDH0-unsplash-850x567.jpg.webp\" media=\"(max-width: 420px)\"><source srcset=\"https:\/\/acampa-vacances.com\/wp-content\/uploads\/2024\/11\/nathan-forbes-Ev5Uog4iDH0-unsplash-768x512.jpg.webp\" media=\"(max-width: 850px)\"><source srcset=\"https:\/\/acampa-vacances.com\/wp-content\/uploads\/2024\/11\/nathan-forbes-Ev5Uog4iDH0-unsplash-1024x683.jpg.webp\" media=\"(max-width: 1024px)\"><source srcset=\"https:\/\/acampa-vacances.com\/wp-content\/uploads\/2024\/11\/nathan-forbes-Ev5Uog4iDH0-unsplash-scaled.jpg.webp\" media=\"(min-width: 1025px)\"><img decoding=\"async\" src=\"https:\/\/acampa-vacances.com\/wp-content\/uploads\/2024\/11\/nathan-forbes-Ev5Uog4iDH0-unsplash-420x420.jpg.webp\" width=\"420\" height=\"210\" loading=\"lazy\" alt=\"\" title=\"\"><\/picture><\/figure><\/div><\/div><p id=\"https:\/\/acampa-vacances.com\/de\/\">Nicht nur im Sommer kann man die Sch\u00f6nheit der K\u00fcste von Hyeros und der Halbinsel Giens genie\u00dfen. Warten Sie nicht l\u00e4nger und buchen Sie Ihre Unterkunft auf einem unserer <a href=\"https:\/\/acampa-vacances.com\/de\/\" data-type=\"link\" data-id=\"https:\/\/acampa-vacances.com\/de\/\">Campingpl\u00e4tze Var.<\/a>  <\/p>","protected":false},"excerpt":{"rendered":"<p>Die Halbinsel Giens im Winter Im Winter kehrt die Halbinsel Giens zu ihrer wilden Natur und ihrer ruhigen Umgebung zur\u00fcck. Die Temperaturen sind zwar kalt, aber wenn die Sonne die K\u00fcste mit ihren Strahlen erw\u00e4rmt, ist ein Spaziergang ein Muss, um die Sch\u00f6nheit von Hyeros in dieser Jahreszeit zu genie\u00dfen. Sie m\u00fcssen sich nur entsprechend [&hellip;]<\/p>\n","protected":false},"featured_media":3542,"template":"","format":"standard","meta":{"_acf_changed":false,"footnotes":""},"hiver-automne":[78],"acf":[],"_links":{"self":[{"href":"https:\/\/acampa-vacances.com\/de\/wp-json\/wp\/v2\/hiver-automne\/12736"}],"collection":[{"href":"https:\/\/acampa-vacances.com\/de\/wp-json\/wp\/v2\/hiver-automne"}],"about":[{"href":"https:\/\/acampa-vacances.com\/de\/wp-json\/wp\/v2\/types\/hiver-automne"}],"version-history":[{"count":1,"href":"https:\/\/acampa-vacances.com\/de\/wp-json\/wp\/v2\/hiver-automne\/12736\/revisions"}],"predecessor-version":[{"id":12738,"href":"https:\/\/acampa-vacances.com\/de\/wp-json\/wp\/v2\/hiver-automne\/12736\/revisions\/12738"}],"wp:featuredmedia":[{"embeddable":true,"href":"https:\/\/acampa-vacances.com\/de\/wp-json\/wp\/v2\/media\/3542"}],"wp:attachment":[{"href":"https:\/\/acampa-vacances.com\/de\/wp-json\/wp\/v2\/media?parent=12736"}],"wp:term":[{"taxonomy":"hiver-automne","embeddable":true,"href":"https:\/\/acampa-vacances.com\/de\/wp-json\/wp\/v2\/hiver-automne?post=12736"}],"curies":[{"name":"wp","href":"https:\/\/api.w.org\/{rel}","templated":true}]}}

<nav class="fildariane"><a class="fildariane__item" href="https://acampa-vacances.com/de/">Acampa</a><span class="fc-icon"><svg xmlns="http://www.w3.org/2000/svg"  viewBox="0 0 320 512" width="16px" height="16px"><!--! Font Awesome Pro 6.4.2 by @fontawesome - https://fontawesome.com License - https://fontawesome.com/license (Commercial License) Copyright 2023 Fonticons, Inc.--><path d="M267.3 244.7c6.2 6.2 6.2 16.4 0 22.6l-160 160c-6.2 6.2-16.4 6.2-22.6 0s-6.2-16.4 0-22.6L233.4 256 84.7 107.3c-6.2-6.2-6.2-16.4 0-22.6s16.4-6.2 22.6 0l160 160z"/></svg></span><span class="fildariane__item">Halbinsel Giens im Winter</span></nav><a class="fildariane__item retour" href="https://acampa-vacances.com/de/""><span class="fc-icon"><svg xmlns="http://www.w3.org/2000/svg"  viewBox="0 0 448 512" width="16px" height="16px"><!--! Font Awesome Pro 6.4.2 by @fontawesome - https://fontawesome.com License - https://fontawesome.com/license (Commercial License) Copyright 2023 Fonticons, Inc.--><path d="M7.4 273.4C2.7 268.8 0 262.6 0 256s2.7-12.8 7.4-17.4l176-168c9.6-9.2 24.8-8.8 33.9 .8s8.8 24.8-.8 33.9L83.9 232 424 232c13.3 0 24 10.7 24 24s-10.7 24-24 24L83.9 280 216.6 406.6c9.6 9.2 9.9 24.3 .8 33.9s-24.3 9.9-33.9 .8l-176-168z"/></svg></span>Zurück zur Startseite</a>
<h1><strong>Die Halbinsel Giens im Winter</strong></h1><p>Im Winter kehrt die Halbinsel Giens zu ihrer wilden Natur und ihrer ruhigen Umgebung zurück.</p><p>Die Temperaturen sind zwar kalt, aber wenn <strong>die Sonne die Küste mit ihren Strahlen erwärmt</strong>, ist ein Spaziergang ein Muss, um die <strong>Schönheit von Hyeros in</strong> dieser Jahreszeit zu genießen. Sie müssen sich nur entsprechend der Aktivität, die Sie unternehmen möchten, gut ausrüsten. </p><div class="columns"><div class="columns__item" style="align-self:center;"><h2>Schwimmen</h2><p>Ein weit verbreitetes Missverständnis ist, dass es im Winter zu kalt ist, um zu tauchen. Wussten Sie aber, dass es im Meer wärmer ist als draußen? Die Temperatur im Mittelmeer liegt bei etwa 14°C. Das ist höher als an der Küste, besonders wenn der Mistral mitspielt.  </p><p>Wussten Sie auch, dass kaltes Wasser hervorragend für den Blutkreislauf ist? Einige schlaue Leute haben das verstanden. Trotz der Wintersaison sehen Sie sie einige Bahnen schwimmen. Das erfordert zwar etwas Mut, aber die <strong>Wirkung ist klinisch erwiesen</strong>.   </p></div><div class="columns__item"><figure><picture><source srcset="https://acampa-vacances.com/wp-content/uploads/2024/11/nager_4-1-420x420.jpg.webp" media="(max-width: 210px)"><source srcset="https://acampa-vacances.com/wp-content/uploads/2024/11/nager_4-1.jpg.webp" media="(max-width: 420px)"><source srcset="https://acampa-vacances.com/wp-content/uploads/2024/11/nager_4-1-768x512.jpg.webp" media="(max-width: 850px)"><source srcset="https://acampa-vacances.com/wp-content/uploads/2024/11/nager_4-1.jpg.webp" media="(max-width: 1024px)"><source srcset="https://acampa-vacances.com/wp-content/uploads/2024/11/nager_4-1.jpg.webp" media="(min-width: 1025px)"><img decoding="async" src="https://acampa-vacances.com/wp-content/uploads/2024/11/nager_4-1-420x420.jpg.webp" width="420" height="210" loading="lazy" alt="" title=""></picture></figure></div></div><div class="columns"><div class="columns__item"><figure><picture><source srcset="https://acampa-vacances.com/wp-content/uploads/2024/11/nathan-forbes-Ev5Uog4iDH0-unsplash-420x420.jpg.webp" media="(max-width: 210px)"><source srcset="https://acampa-vacances.com/wp-content/uploads/2024/11/nathan-forbes-Ev5Uog4iDH0-unsplash-850x567.jpg.webp" media="(max-width: 420px)"><source srcset="https://acampa-vacances.com/wp-content/uploads/2024/11/nathan-forbes-Ev5Uog4iDH0-unsplash-768x512.jpg.webp" media="(max-width: 850px)"><source srcset="https://acampa-vacances.com/wp-content/uploads/2024/11/nathan-forbes-Ev5Uog4iDH0-unsplash-1024x683.jpg.webp" media="(max-width: 1024px)"><source srcset="https://acampa-vacances.com/wp-content/uploads/2024/11/nathan-forbes-Ev5Uog4iDH0-unsplash-scaled.jpg.webp" media="(min-width: 1025px)"><img decoding="async" src="https://acampa-vacances.com/wp-content/uploads/2024/11/nathan-forbes-Ev5Uog4iDH0-unsplash-420x420.jpg.webp" width="420" height="210" loading="lazy" alt="" title=""></picture></figure></div><div class="columns__item" style="align-self:center;"><h2>Paddeln</h2><p>Haben Sie schon einmal von <strong>Stand-up-Paddling</strong> gehört? Man könnte meinen, dass es einfach ist, auf einem Brett zu stehen. Es erfordert jedoch ein gewisses Gleichgewicht. Ein <strong>Surfbrett und ein Ruder</strong> und schon sind Sie auf dem Wasser! Paddeln Sie an der Küste entlang und genießen Sie die Ruhe, die Sie dabei haben.    </p><p>Sie können das Meer genießen, ohne von Schwimmern, anderen Paddlern oder sogar Booten gestört zu werden. Ziehen Sie trotzdem einen Neoprenanzug an, um einen Temperaturschock zu vermeiden. </p><p>Diese spielerische Aktivität versetzt Sie in einen kontemplativen Zustand und Sie werden beruhigt sein, weil Sie die Natur genießen konnten. Warum testen Sie diese Aktivität nicht während eines Sonnenaufgangs oder Sonnenuntergangs? </p></div></div><div class="columns"><div class="columns__item" style="align-self:center;"><h2>Die Insel Porquerolles besuchen</h2><p>Sie müssen sich nicht mit anderen Urlaubern messen, um das zu genießen, was diese Insel zu bieten hat. Diese naturbelassene Insel wird Sie auf vielfältige Weise begeistern. Die leeren Wege bieten sich für <strong>Radtouren oder Wanderungen</strong> an.    </p><p>Trotz der Wintersaison gibt es hier auch zwei Geschäfte, die geöffnet sind. Besuchen Sie den <strong>Strand von Notre Dame</strong> mit seinem weißen Sand. Bei einem Spaziergang können Sie die <strong>versteckten Buchten</strong> in den Felswänden entdecken.  </p><p>Im <strong>Süden der Insel</strong> befinden sich die <strong>Lorbeerfelder</strong> und die <strong>Anbauflächen des botanischen Konservatoriums</strong>. Ihr Fahrrad wird Ihnen in diesem Teil der Insel nicht von Nutzen sein, da die wilde Natur ihr legitimes Recht zurückerobert hat und die Wege nur für Wanderer geeignet sind. Wussten Sie, dass die Insel Porquerolles zum Nationalpark Port-Cros gehört?  </p></div><div class="columns__item"><figure><picture><source srcset="https://acampa-vacances.com/wp-content/uploads/2024/11/nathan-forbes-Ev5Uog4iDH0-unsplash-420x420.jpg.webp" media="(max-width: 210px)"><source srcset="https://acampa-vacances.com/wp-content/uploads/2024/11/nathan-forbes-Ev5Uog4iDH0-unsplash-850x567.jpg.webp" media="(max-width: 420px)"><source srcset="https://acampa-vacances.com/wp-content/uploads/2024/11/nathan-forbes-Ev5Uog4iDH0-unsplash-768x512.jpg.webp" media="(max-width: 850px)"><source srcset="https://acampa-vacances.com/wp-content/uploads/2024/11/nathan-forbes-Ev5Uog4iDH0-unsplash-1024x683.jpg.webp" media="(max-width: 1024px)"><source srcset="https://acampa-vacances.com/wp-content/uploads/2024/11/nathan-forbes-Ev5Uog4iDH0-unsplash-scaled.jpg.webp" media="(min-width: 1025px)"><img decoding="async" src="https://acampa-vacances.com/wp-content/uploads/2024/11/nathan-forbes-Ev5Uog4iDH0-unsplash-420x420.jpg.webp" width="420" height="210" loading="lazy" alt="" title=""></picture></figure></div></div><p id="https://acampa-vacances.com/de/">Nicht nur im Sommer kann man die Schönheit der Küste von Hyeros und der Halbinsel Giens genießen. Warten Sie nicht länger und buchen Sie Ihre Unterkunft auf einem unserer <a href="https://acampa-vacances.com/de/" data-type="link" data-id="https://acampa-vacances.com/de/">Campingplätze Var.</a>  </p>

<p>Die Halbinsel Giens im Winter Im Winter kehrt die Halbinsel Giens zu ihrer wilden Natur und ihrer ruhigen Umgebung zurück. Die Temperaturen sind zwar kalt, aber wenn die Sonne die Küste mit ihren Strahlen erwärmt, ist ein Spaziergang ein Muss, um die Schönheit von Hyeros in dieser Jahreszeit zu genießen. Sie müssen sich nur entsprechend [&hellip;]</p>
