{"id":12754,"date":"2024-11-27T15:29:17","date_gmt":"2024-11-27T14:29:17","guid":{"rendered":"https:\/\/acampa-vacances.com\/hiver-automne\/noel-et-traditions-a-hyeres\/"},"modified":"2025-01-29T09:17:03","modified_gmt":"2025-01-29T08:17:03","slug":"weihnachten-und-traditionen-in-hyeres","status":"publish","type":"hiver-automne","link":"https:\/\/acampa-vacances.com\/de\/winter-herbst\/weihnachten-und-traditionen-in-hyeres\/","title":{"rendered":"Weihnachten und Traditionen in Hy\u00e8res"},"content":{"rendered":"<nav class=\"fildariane\"><a class=\"fildariane__item\" href=\"https:\/\/acampa-vacances.com\/de\/\">Acampa<\/a><span class=\"fc-icon\"><svg xmlns=\"http:\/\/www.w3.org\/2000\/svg\"  viewBox=\"0 0 320 512\" width=\"16px\" height=\"16px\"><!--! Font Awesome Pro 6.4.2 by @fontawesome - https:\/\/fontawesome.com License - https:\/\/fontawesome.com\/license (Commercial License) Copyright 2023 Fonticons, Inc.--><path d=\"M267.3 244.7c6.2 6.2 6.2 16.4 0 22.6l-160 160c-6.2 6.2-16.4 6.2-22.6 0s-6.2-16.4 0-22.6L233.4 256 84.7 107.3c-6.2-6.2-6.2-16.4 0-22.6s16.4-6.2 22.6 0l160 160z\"\/><\/svg><\/span><span class=\"fildariane__item\">Weihnachten und Traditionen in Hy\u00e8res<\/span><\/nav><a class=\"fildariane__item retour\" href=\"https:\/\/acampa-vacances.com\/de\/\"\"><span class=\"fc-icon\"><svg xmlns=\"http:\/\/www.w3.org\/2000\/svg\"  viewBox=\"0 0 448 512\" width=\"16px\" height=\"16px\"><!--! Font Awesome Pro 6.4.2 by @fontawesome - https:\/\/fontawesome.com License - https:\/\/fontawesome.com\/license (Commercial License) Copyright 2023 Fonticons, Inc.--><path d=\"M7.4 273.4C2.7 268.8 0 262.6 0 256s2.7-12.8 7.4-17.4l176-168c9.6-9.2 24.8-8.8 33.9 .8s8.8 24.8-.8 33.9L83.9 232 424 232c13.3 0 24 10.7 24 24s-10.7 24-24 24L83.9 280 216.6 406.6c9.6 9.2 9.9 24.3 .8 33.9s-24.3 9.9-33.9 .8l-176-168z\"\/><\/svg><\/span>Zur\u00fcck zur Startseite<\/a>\n<h1>Weihnachten und Traditionen in Hy\u00e8res<\/h1><div class=\"columns\"><div class=\"columns__item\" style=\"align-self:center;\"><p>Die Weihnachtsfeiertage stehen vor der T\u00fcr. In dieser Zeit des Teilens und der Freude schlagen wir Ihnen vor, ein <strong>typisches provenzalisches Weihnachtsfest<\/strong> zu erleben. Kennen Sie <strong>die Traditionen<\/strong>, die den Rhythmus dieser magischen Zeit bestimmen? Bereiten Sie sich mit uns auf die Feiertage vor. Lassen Sie den Traum Wirklichkeit werden!    <\/p><\/div><div class=\"columns__item\"><figure><picture><source srcset=\"https:\/\/acampa-vacances.com\/wp-content\/uploads\/2024\/11\/AdobeStock_475887655-420x420.jpeg.webp\" media=\"(max-width: 210px)\"><source srcset=\"https:\/\/acampa-vacances.com\/wp-content\/uploads\/2024\/11\/AdobeStock_475887655-850x319.jpeg.webp\" media=\"(max-width: 420px)\"><source srcset=\"https:\/\/acampa-vacances.com\/wp-content\/uploads\/2024\/11\/AdobeStock_475887655-768x288.jpeg.webp\" media=\"(max-width: 850px)\"><source srcset=\"https:\/\/acampa-vacances.com\/wp-content\/uploads\/2024\/11\/AdobeStock_475887655-1024x384.jpeg.webp\" media=\"(max-width: 1024px)\"><source srcset=\"https:\/\/acampa-vacances.com\/wp-content\/uploads\/2024\/11\/AdobeStock_475887655-scaled.jpeg.webp\" media=\"(min-width: 1025px)\"><img decoding=\"async\" src=\"https:\/\/acampa-vacances.com\/wp-content\/uploads\/2024\/11\/AdobeStock_475887655-420x420.jpeg.webp\" width=\"420\" height=\"210\" alt=\"Merry Christmas composition with festive holiday decoration.\" loading=\"lazy\" title=\"\"><\/picture><\/figure><\/div><\/div><div class=\"columns\"><div class=\"columns__item\" style=\"align-self:center;\"><figure><picture><source srcset=\"https:\/\/acampa-vacances.com\/wp-content\/uploads\/2024\/11\/AdobeStock_282864075-420x420.jpeg.webp\" media=\"(max-width: 210px)\"><source srcset=\"https:\/\/acampa-vacances.com\/wp-content\/uploads\/2024\/11\/AdobeStock_282864075-850x319.jpeg.webp\" media=\"(max-width: 420px)\"><source srcset=\"https:\/\/acampa-vacances.com\/wp-content\/uploads\/2024\/11\/AdobeStock_282864075-768x288.jpeg.webp\" media=\"(max-width: 850px)\"><source srcset=\"https:\/\/acampa-vacances.com\/wp-content\/uploads\/2024\/11\/AdobeStock_282864075-1024x384.jpeg.webp\" media=\"(max-width: 1024px)\"><source srcset=\"https:\/\/acampa-vacances.com\/wp-content\/uploads\/2024\/11\/AdobeStock_282864075-scaled.jpeg.webp\" media=\"(min-width: 1025px)\"><img decoding=\"async\" src=\"https:\/\/acampa-vacances.com\/wp-content\/uploads\/2024\/11\/AdobeStock_282864075-420x420.jpeg.webp\" width=\"420\" height=\"210\" alt=\"Beautiful Festive Christmas snowy background. Christmas tree decorated with red balls and knitted toys in forest in snowdrifts in snowfall outdoors, banner format, copy space.\" loading=\"lazy\" title=\"\"><\/picture><\/figure><\/div><div class=\"columns__item\" style=\"align-self:center;\"><h2><strong>Zwischen Traditionen und kulinarischen Gen\u00fcssen&#8230;<\/strong><\/h2><h3><strong>Wir bereiten uns auf Weihnachten vor<\/strong><\/h3><p>Die Weihnachtsfeiertage stehen vor der T\u00fcr. In dieser Zeit des Teilens und der Freude schlagen wir Ihnen vor, ein <strong>typisches provenzalisches Weihnachtsfest<\/strong> zu erleben. Kennen Sie <strong>die Traditionen<\/strong>, die den Rhythmus dieser magischen Zeit bestimmen? Bereiten Sie sich mit uns auf die Feiertage vor. Lassen Sie den Traum Wirklichkeit werden!    <\/p><p>In der Provence wird die <strong>Kalenderzeit<\/strong> von verschiedenen Traditionen bestimmt. Sie beginnt mit <strong>Sainte-Barbe<\/strong> (4. Dezember), <strong> <\/strong>wird Weizen gepflanzt, der den Weihnachtstisch schm\u00fccken wird. Wenn die Halme gerade und gr\u00fcn sind, wird es ein erfolgreiches Jahr werden. <\/p><p>Die <strong>Krippen<\/strong> werden am Weihnachtsabend in den H\u00e4usern aufgestellt und bleiben dort bis Lichtmess. Die Kunsthandwerker stellen ihr K\u00f6nnen auf den M\u00e4rkten der Provence aus. Jeder &#8222;Santoun&#8220; ist aus Ton und stellt einen Beruf oder einen Dorfbewohner dar.  <\/p><p>In den St\u00e4dten gibt es <strong>Weihnachtsm\u00e4rkte <\/strong>. Hier finden Sie Kunsthandwerk, Dekoration und Geschenkideen in einer warmen und gem\u00fctlichen Atmosph\u00e4re. Aber auch Gastronomie f\u00fcr die Zubereitung Ihres Essens.  <\/p><\/div><\/div><h3><strong>Das Weihnachtsessen<\/strong><\/h3><p>Das <strong>gro\u00dfe Abendessen<\/strong> wird am Heiligabend vor der<strong> Mitternachtsmesse<\/strong> serviert.<\/p><p>Die Provenzalen machten aus dieser Messe ein kulturelles Fest: provenzalische Ges\u00e4nge, Galoubets, Tamburine, Folkloregruppen, lebende Krippen&#8230;.  <\/p><p>W\u00e4hrend das &#8222;gro\u00dfe Abendessen&#8220; aus 7 mageren Gerichten besteht, gilt dies nicht f\u00fcr das Dessert! Nach der Messe werden traditionell <strong>13 Desserts<\/strong> serviert:  <\/p><ul><li>4 Bettler (getrocknete Feigen, Mandeln, Rosinen und Waln\u00fcsse)\n<\/li><li>Datteln\n<\/li><li>Nougat\n<\/li><li>eine \u00d6lpumpe\n<\/li><li>Quittenpaste oder kandierte Fr\u00fcchte\n<\/li><li>der Ohrmuscheln\n<\/li><li>frisches Obst (Mandarinen, Orangen, Birnen&#8230;)\n<\/li><\/ul><p>Und schlie\u00dflich, am 25. Dezember, finden die \u00fcbergl\u00fccklichen Kinder den Baum mit sch\u00f6nen Geschenken gef\u00fcllt vor, der Weihnachtsmann ist wirklich gekommen!<\/p><div class=\"columns\"><div class=\"columns__item\" style=\"align-self:center;\"><h2><strong>Wir erwarten Sie in Hy\u00e8res<\/strong><\/h2><p>Die Stadt Hy\u00e8res organisiert jedes Jahr eine Reihe von Veranstaltungen. Auf dem Place Cl\u00e9menceau stehen H\u00fctten f\u00fcr Ihre Eink\u00e4ufe. Der Duft von Zimt und Gl\u00fchwein wird Ihre Nase kitzeln. Genie\u00dfen Sie den Weihnachtszauber mit Ihrer Familie: Umz\u00fcge, Karussells, ein Foto mit dem Weihnachtsmann&#8230; Das Unterhaltungsprogramm wird Ihnen die Wartezeit bis Weihnachten verk\u00fcrzen!     <\/p><\/div><div class=\"columns__item\"><figure><picture><source srcset=\"https:\/\/acampa-vacances.com\/wp-content\/uploads\/2024\/11\/AdobeStock_181330168-420x420.jpeg.webp\" media=\"(max-width: 210px)\"><source srcset=\"https:\/\/acampa-vacances.com\/wp-content\/uploads\/2024\/11\/AdobeStock_181330168-850x567.jpeg.webp\" media=\"(max-width: 420px)\"><source srcset=\"https:\/\/acampa-vacances.com\/wp-content\/uploads\/2024\/11\/AdobeStock_181330168-768x513.jpeg.webp\" media=\"(max-width: 850px)\"><source srcset=\"https:\/\/acampa-vacances.com\/wp-content\/uploads\/2024\/11\/AdobeStock_181330168-1024x683.jpeg.webp\" media=\"(max-width: 1024px)\"><source srcset=\"https:\/\/acampa-vacances.com\/wp-content\/uploads\/2024\/11\/AdobeStock_181330168-scaled.jpeg.webp\" media=\"(min-width: 1025px)\"><img decoding=\"async\" src=\"https:\/\/acampa-vacances.com\/wp-content\/uploads\/2024\/11\/AdobeStock_181330168-420x420.jpeg.webp\" width=\"420\" height=\"210\" alt=\"Merry Christmas and happy holidays! Cute little children with xmas presents. Santa Claus flying in his sleigh against moon sky. Kids enjoying the holiday with gifts on dark background.\" loading=\"lazy\" title=\"\"><\/picture><\/figure><\/div><\/div><p>Haben Sie schon daran gedacht, f\u00fcr Ihren n\u00e4chsten Urlaub zu buchen?  <\/p><p id=\"https:\/\/acampa-vacances.com\/clairdelune\/accueil\/\">F\u00fcr einen <strong>ruhigen und friedlichen<\/strong> Urlaub, buchen Sie auf dem Campingplatz <a href=\"https:\/\/acampa-vacances.com\/it\/clairdelune\/benvenuto\/\" data-type=\"link\" data-id=\"https:\/\/acampa-vacances.com\/clairdelune\/accueil\/\" target=\"_blank\" rel=\"noreferrer noopener\"><strong>Campingplatz Clair de Lune<\/strong><\/a>Entdecken Sie die ungew\u00f6hnlichen Unterk\u00fcnfte, die Unterk\u00fcnfte mit Spa und die Mobilheime.<\/p><div class=\"buttons display-flex \" style=\"justify-content:center;\"><a href=\"https:\/\/acampa-vacances.com\/de\/winter-herbst\/das-presquile-von-giens-im-winter\/\" rel=\"noreferrer noopener\" rel=\"noreferrer noopener\" class=\"buttons__btn\">Die Halbinsel Giens im Winter<\/a><a href=\"https:\/\/acampa-vacances.com\/it\/blog\/il-clima-del-giens-presquile\/\" rel=\"noreferrer noopener\" rel=\"noreferrer noopener\" class=\"buttons__btn\">Das Klima auf der Halbinsel Giens<\/a><a href=\"https:\/\/acampa-vacances.com\/it\/blog\/hyeres-capitale-del-fiore-reciso\/\" rel=\"noreferrer noopener\" rel=\"noreferrer noopener\" class=\"buttons__btn\">Hy\u00e8res, Hauptstadt der Schnittblumen<\/a><\/div>","protected":false},"excerpt":{"rendered":"<p>Weihnachten und Traditionen in Hy\u00e8res Die Weihnachtsfeiertage stehen vor der T\u00fcr. In dieser Zeit des Teilens und der Freude schlagen wir Ihnen vor, ein typisches provenzalisches Weihnachtsfest zu erleben. Kennen Sie die Traditionen, die den Rhythmus dieser magischen Zeit bestimmen? Bereiten Sie sich mit uns auf die Feiertage vor. Lassen Sie den Traum Wirklichkeit werden! [&hellip;]<\/p>\n","protected":false},"featured_media":3596,"template":"","format":"standard","meta":{"_acf_changed":false,"footnotes":""},"hiver-automne":[78],"acf":[],"_links":{"self":[{"href":"https:\/\/acampa-vacances.com\/de\/wp-json\/wp\/v2\/hiver-automne\/12754"}],"collection":[{"href":"https:\/\/acampa-vacances.com\/de\/wp-json\/wp\/v2\/hiver-automne"}],"about":[{"href":"https:\/\/acampa-vacances.com\/de\/wp-json\/wp\/v2\/types\/hiver-automne"}],"version-history":[{"count":1,"href":"https:\/\/acampa-vacances.com\/de\/wp-json\/wp\/v2\/hiver-automne\/12754\/revisions"}],"predecessor-version":[{"id":12756,"href":"https:\/\/acampa-vacances.com\/de\/wp-json\/wp\/v2\/hiver-automne\/12754\/revisions\/12756"}],"wp:featuredmedia":[{"embeddable":true,"href":"https:\/\/acampa-vacances.com\/de\/wp-json\/wp\/v2\/media\/3596"}],"wp:attachment":[{"href":"https:\/\/acampa-vacances.com\/de\/wp-json\/wp\/v2\/media?parent=12754"}],"wp:term":[{"taxonomy":"hiver-automne","embeddable":true,"href":"https:\/\/acampa-vacances.com\/de\/wp-json\/wp\/v2\/hiver-automne?post=12754"}],"curies":[{"name":"wp","href":"https:\/\/api.w.org\/{rel}","templated":true}]}}

Weihnachten und Traditionen in Hyères

<nav class="fildariane"><a class="fildariane__item" href="https://acampa-vacances.com/de/">Acampa</a><span class="fc-icon"><svg xmlns="http://www.w3.org/2000/svg"  viewBox="0 0 320 512" width="16px" height="16px"><!--! Font Awesome Pro 6.4.2 by @fontawesome - https://fontawesome.com License - https://fontawesome.com/license (Commercial License) Copyright 2023 Fonticons, Inc.--><path d="M267.3 244.7c6.2 6.2 6.2 16.4 0 22.6l-160 160c-6.2 6.2-16.4 6.2-22.6 0s-6.2-16.4 0-22.6L233.4 256 84.7 107.3c-6.2-6.2-6.2-16.4 0-22.6s16.4-6.2 22.6 0l160 160z"/></svg></span><span class="fildariane__item">Weihnachten und Traditionen in Hyères</span></nav><a class="fildariane__item retour" href="https://acampa-vacances.com/de/""><span class="fc-icon"><svg xmlns="http://www.w3.org/2000/svg"  viewBox="0 0 448 512" width="16px" height="16px"><!--! Font Awesome Pro 6.4.2 by @fontawesome - https://fontawesome.com License - https://fontawesome.com/license (Commercial License) Copyright 2023 Fonticons, Inc.--><path d="M7.4 273.4C2.7 268.8 0 262.6 0 256s2.7-12.8 7.4-17.4l176-168c9.6-9.2 24.8-8.8 33.9 .8s8.8 24.8-.8 33.9L83.9 232 424 232c13.3 0 24 10.7 24 24s-10.7 24-24 24L83.9 280 216.6 406.6c9.6 9.2 9.9 24.3 .8 33.9s-24.3 9.9-33.9 .8l-176-168z"/></svg></span>Zurück zur Startseite</a>
<h1>Weihnachten und Traditionen in Hyères</h1><div class="columns"><div class="columns__item" style="align-self:center;"><p>Die Weihnachtsfeiertage stehen vor der Tür. In dieser Zeit des Teilens und der Freude schlagen wir Ihnen vor, ein <strong>typisches provenzalisches Weihnachtsfest</strong> zu erleben. Kennen Sie <strong>die Traditionen</strong>, die den Rhythmus dieser magischen Zeit bestimmen? Bereiten Sie sich mit uns auf die Feiertage vor. Lassen Sie den Traum Wirklichkeit werden!    </p></div><div class="columns__item"><figure><picture><source srcset="https://acampa-vacances.com/wp-content/uploads/2024/11/AdobeStock_475887655-420x420.jpeg.webp" media="(max-width: 210px)"><source srcset="https://acampa-vacances.com/wp-content/uploads/2024/11/AdobeStock_475887655-850x319.jpeg.webp" media="(max-width: 420px)"><source srcset="https://acampa-vacances.com/wp-content/uploads/2024/11/AdobeStock_475887655-768x288.jpeg.webp" media="(max-width: 850px)"><source srcset="https://acampa-vacances.com/wp-content/uploads/2024/11/AdobeStock_475887655-1024x384.jpeg.webp" media="(max-width: 1024px)"><source srcset="https://acampa-vacances.com/wp-content/uploads/2024/11/AdobeStock_475887655-scaled.jpeg.webp" media="(min-width: 1025px)"><img decoding="async" src="https://acampa-vacances.com/wp-content/uploads/2024/11/AdobeStock_475887655-420x420.jpeg.webp" width="420" height="210" alt="Merry Christmas composition with festive holiday decoration." loading="lazy" title=""></picture></figure></div></div><div class="columns"><div class="columns__item" style="align-self:center;"><figure><picture><source srcset="https://acampa-vacances.com/wp-content/uploads/2024/11/AdobeStock_282864075-420x420.jpeg.webp" media="(max-width: 210px)"><source srcset="https://acampa-vacances.com/wp-content/uploads/2024/11/AdobeStock_282864075-850x319.jpeg.webp" media="(max-width: 420px)"><source srcset="https://acampa-vacances.com/wp-content/uploads/2024/11/AdobeStock_282864075-768x288.jpeg.webp" media="(max-width: 850px)"><source srcset="https://acampa-vacances.com/wp-content/uploads/2024/11/AdobeStock_282864075-1024x384.jpeg.webp" media="(max-width: 1024px)"><source srcset="https://acampa-vacances.com/wp-content/uploads/2024/11/AdobeStock_282864075-scaled.jpeg.webp" media="(min-width: 1025px)"><img decoding="async" src="https://acampa-vacances.com/wp-content/uploads/2024/11/AdobeStock_282864075-420x420.jpeg.webp" width="420" height="210" alt="Beautiful Festive Christmas snowy background. Christmas tree decorated with red balls and knitted toys in forest in snowdrifts in snowfall outdoors, banner format, copy space." loading="lazy" title=""></picture></figure></div><div class="columns__item" style="align-self:center;"><h2><strong>Zwischen Traditionen und kulinarischen Genüssen&#8230;</strong></h2><h3><strong>Wir bereiten uns auf Weihnachten vor</strong></h3><p>Die Weihnachtsfeiertage stehen vor der Tür. In dieser Zeit des Teilens und der Freude schlagen wir Ihnen vor, ein <strong>typisches provenzalisches Weihnachtsfest</strong> zu erleben. Kennen Sie <strong>die Traditionen</strong>, die den Rhythmus dieser magischen Zeit bestimmen? Bereiten Sie sich mit uns auf die Feiertage vor. Lassen Sie den Traum Wirklichkeit werden!    </p><p>In der Provence wird die <strong>Kalenderzeit</strong> von verschiedenen Traditionen bestimmt. Sie beginnt mit <strong>Sainte-Barbe</strong> (4. Dezember), <strong> </strong>wird Weizen gepflanzt, der den Weihnachtstisch schmücken wird. Wenn die Halme gerade und grün sind, wird es ein erfolgreiches Jahr werden. </p><p>Die <strong>Krippen</strong> werden am Weihnachtsabend in den Häusern aufgestellt und bleiben dort bis Lichtmess. Die Kunsthandwerker stellen ihr Können auf den Märkten der Provence aus. Jeder &#8222;Santoun&#8220; ist aus Ton und stellt einen Beruf oder einen Dorfbewohner dar.  </p><p>In den Städten gibt es <strong>Weihnachtsmärkte </strong>. Hier finden Sie Kunsthandwerk, Dekoration und Geschenkideen in einer warmen und gemütlichen Atmosphäre. Aber auch Gastronomie für die Zubereitung Ihres Essens.  </p></div></div><h3><strong>Das Weihnachtsessen</strong></h3><p>Das <strong>große Abendessen</strong> wird am Heiligabend vor der<strong> Mitternachtsmesse</strong> serviert.</p><p>Die Provenzalen machten aus dieser Messe ein kulturelles Fest: provenzalische Gesänge, Galoubets, Tamburine, Folkloregruppen, lebende Krippen&#8230;.  </p><p>Während das &#8222;große Abendessen&#8220; aus 7 mageren Gerichten besteht, gilt dies nicht für das Dessert! Nach der Messe werden traditionell <strong>13 Desserts</strong> serviert:  </p><ul><li>4 Bettler (getrocknete Feigen, Mandeln, Rosinen und Walnüsse)
</li><li>Datteln
</li><li>Nougat
</li><li>eine Ölpumpe
</li><li>Quittenpaste oder kandierte Früchte
</li><li>der Ohrmuscheln
</li><li>frisches Obst (Mandarinen, Orangen, Birnen&#8230;)
</li></ul><p>Und schließlich, am 25. Dezember, finden die überglücklichen Kinder den Baum mit schönen Geschenken gefüllt vor, der Weihnachtsmann ist wirklich gekommen!</p><div class="columns"><div class="columns__item" style="align-self:center;"><h2><strong>Wir erwarten Sie in Hyères</strong></h2><p>Die Stadt Hyères organisiert jedes Jahr eine Reihe von Veranstaltungen. Auf dem Place Clémenceau stehen Hütten für Ihre Einkäufe. Der Duft von Zimt und Glühwein wird Ihre Nase kitzeln. Genießen Sie den Weihnachtszauber mit Ihrer Familie: Umzüge, Karussells, ein Foto mit dem Weihnachtsmann&#8230; Das Unterhaltungsprogramm wird Ihnen die Wartezeit bis Weihnachten verkürzen!     </p></div><div class="columns__item"><figure><picture><source srcset="https://acampa-vacances.com/wp-content/uploads/2024/11/AdobeStock_181330168-420x420.jpeg.webp" media="(max-width: 210px)"><source srcset="https://acampa-vacances.com/wp-content/uploads/2024/11/AdobeStock_181330168-850x567.jpeg.webp" media="(max-width: 420px)"><source srcset="https://acampa-vacances.com/wp-content/uploads/2024/11/AdobeStock_181330168-768x513.jpeg.webp" media="(max-width: 850px)"><source srcset="https://acampa-vacances.com/wp-content/uploads/2024/11/AdobeStock_181330168-1024x683.jpeg.webp" media="(max-width: 1024px)"><source srcset="https://acampa-vacances.com/wp-content/uploads/2024/11/AdobeStock_181330168-scaled.jpeg.webp" media="(min-width: 1025px)"><img decoding="async" src="https://acampa-vacances.com/wp-content/uploads/2024/11/AdobeStock_181330168-420x420.jpeg.webp" width="420" height="210" alt="Merry Christmas and happy holidays! Cute little children with xmas presents. Santa Claus flying in his sleigh against moon sky. Kids enjoying the holiday with gifts on dark background." loading="lazy" title=""></picture></figure></div></div><p>Haben Sie schon daran gedacht, für Ihren nächsten Urlaub zu buchen?  </p><p id="https://acampa-vacances.com/clairdelune/accueil/">Für einen <strong>ruhigen und friedlichen</strong> Urlaub, buchen Sie auf dem Campingplatz <a href="https://acampa-vacances.com/it/clairdelune/benvenuto/" data-type="link" data-id="https://acampa-vacances.com/clairdelune/accueil/" target="_blank" rel="noreferrer noopener"><strong>Campingplatz Clair de Lune</strong></a>Entdecken Sie die ungewöhnlichen Unterkünfte, die Unterkünfte mit Spa und die Mobilheime.</p><div class="buttons display-flex " style="justify-content:center;"><a href="https://acampa-vacances.com/de/winter-herbst/das-presquile-von-giens-im-winter/" rel="noreferrer noopener" rel="noreferrer noopener" class="buttons__btn">Die Halbinsel Giens im Winter</a><a href="https://acampa-vacances.com/it/blog/il-clima-del-giens-presquile/" rel="noreferrer noopener" rel="noreferrer noopener" class="buttons__btn">Das Klima auf der Halbinsel Giens</a><a href="https://acampa-vacances.com/it/blog/hyeres-capitale-del-fiore-reciso/" rel="noreferrer noopener" rel="noreferrer noopener" class="buttons__btn">Hyères, Hauptstadt der Schnittblumen</a></div>

<p>Weihnachten und Traditionen in Hyères Die Weihnachtsfeiertage stehen vor der Tür. In dieser Zeit des Teilens und der Freude schlagen wir Ihnen vor, ein typisches provenzalisches Weihnachtsfest zu erleben. Kennen Sie die Traditionen, die den Rhythmus dieser magischen Zeit bestimmen? Bereiten Sie sich mit uns auf die Feiertage vor. Lassen Sie den Traum Wirklichkeit werden! [&hellip;]</p>
