{"id":12816,"date":"2024-11-27T14:39:02","date_gmt":"2024-11-27T13:39:02","guid":{"rendered":"https:\/\/acampa-vacances.com\/hiver-automne\/lete-indien-sur-la-presquile-de-giens\/"},"modified":"2025-01-29T14:33:26","modified_gmt":"2025-01-29T13:33:26","slug":"indian-lete-on-the-giens-presquile","status":"publish","type":"hiver-automne","link":"https:\/\/acampa-vacances.com\/de\/winter-herbst\/indian-lete-on-the-giens-presquile\/","title":{"rendered":"Indian Summer auf der Halbinsel Giens"},"content":{"rendered":"<nav class=\"fildariane\"><a class=\"fildariane__item\" href=\"https:\/\/acampa-vacances.com\/de\/\">Acampa<\/a><span class=\"fc-icon\"><svg xmlns=\"http:\/\/www.w3.org\/2000\/svg\"  viewBox=\"0 0 320 512\" width=\"16px\" height=\"16px\"><!--! Font Awesome Pro 6.4.2 by @fontawesome - https:\/\/fontawesome.com License - https:\/\/fontawesome.com\/license (Commercial License) Copyright 2023 Fonticons, Inc.--><path d=\"M267.3 244.7c6.2 6.2 6.2 16.4 0 22.6l-160 160c-6.2 6.2-16.4 6.2-22.6 0s-6.2-16.4 0-22.6L233.4 256 84.7 107.3c-6.2-6.2-6.2-16.4 0-22.6s16.4-6.2 22.6 0l160 160z\"\/><\/svg><\/span><span class=\"fildariane__item\">Indian Summer auf der Halbinsel Giens<\/span><\/nav><a class=\"fildariane__item retour\" href=\"https:\/\/acampa-vacances.com\/de\/\"\"><span class=\"fc-icon\"><svg xmlns=\"http:\/\/www.w3.org\/2000\/svg\"  viewBox=\"0 0 448 512\" width=\"16px\" height=\"16px\"><!--! Font Awesome Pro 6.4.2 by @fontawesome - https:\/\/fontawesome.com License - https:\/\/fontawesome.com\/license (Commercial License) Copyright 2023 Fonticons, Inc.--><path d=\"M7.4 273.4C2.7 268.8 0 262.6 0 256s2.7-12.8 7.4-17.4l176-168c9.6-9.2 24.8-8.8 33.9 .8s8.8 24.8-.8 33.9L83.9 232 424 232c13.3 0 24 10.7 24 24s-10.7 24-24 24L83.9 280 216.6 406.6c9.6 9.2 9.9 24.3 .8 33.9s-24.3 9.9-33.9 .8l-176-168z\"\/><\/svg><\/span>Zur\u00fcck zur Startseite<\/a>\n\n\n<h1>Indian Summer auf der Halbinsel Giens<\/h1>\n\n<p>Dieser <strong>nordamerikanische<\/strong> Ausdruck beschreibt ein <strong>sonniges und mildes Wetter<\/strong> kurz nach <strong>Herbstbeginn<\/strong>. In unserer Region tritt dieser Zeitraum entweder im <strong>Oktober<\/strong> oder Anfang <strong>November<\/strong> ein. Manchmal tritt sie auch gar nicht auf. In dieser Zeit ist die <strong>Halbinsel Giens von den Sommertouristen befreit<\/strong> und wird langsam wieder <strong>wild<\/strong> und <strong>friedlich<\/strong> und bietet jedem, der es sehen m\u00f6chte, ein wunderbares Schauspiel.   <\/p>\n\n<p id=\"12208\">Zu dieser Jahreszeit gibt es viel weniger Touristen und die <strong>Temperaturen<\/strong> sind immer noch sehr <strong>angenehm<\/strong>. Sie k\u00f6nnen alle <a href=\"https:\/\/acampa-vacances.com\/de\/aktivitaten-in-giens\/\" data-type=\"page\" data-id=\"12208\">Aktivit\u00e4ten<\/a> genie\u00dfen, die die Halbinsel Giens in dieser Zeit zu bieten hat.<\/p>\n\n<h2>Wanderungen und Entdeckungen auf der Halbinsel Giens<\/h2>\n\n<p><strong>Entdecken Sie den <a href=\"https:\/\/metropoletpm.fr\/sentier-littoral\" rel=\"noopener\">K\u00fcstenpfad<\/a><\/strong> und seine <strong>kleinen versteckten Buchten<\/strong>. Nutzen Sie die Wanderwege, um die Halbinsel zu umrunden und sie bis in die kleinsten Winkel zu erkunden. Sie k\u00f6nnen sich in <strong>kleinen Buchten<\/strong> ausruhen, die <strong>kleinen Inseln<\/strong> bewundern und die <strong>Str\u00e4nde<\/strong> und <strong>kleinen H\u00e4fen<\/strong> entlang des Weges genie\u00dfen. Alles ist ausgeschildert, um Sie auf dem Weg zu f\u00fchren. Im Osten f\u00fchrt der Weg von <strong>Tour Fondue<\/strong> zum <strong>Strand von La Badine<\/strong>. Genie\u00dfen Sie den herrlichen Blick auf die <strong>Reede von Hy\u00e8res<\/strong>. Im Westen f\u00fchrt Sie der Weg von La <strong>Madrague<\/strong> zum kleinen <strong>Fischerhafen Le Niel<\/strong>. Der Blick auf <strong>Porquerolles<\/strong> wird Sie sprachlos machen!       <\/p>\n\n<div class=\"columns\"><div class=\"columns__item\" style=\"align-self:center;\"><h2>Das Dorf Giens<\/h2><p>Die <strong>Halbinsel Giens<\/strong> ist f\u00fcr ihren ber\u00fchmten <strong>doppelten Tombolo<\/strong> bekannt. Im Westen fahren Sie entlang der <strong>Salzstra\u00dfe<\/strong>, die vom <strong>Strand von Almanarre<\/strong> ges\u00e4umt wird. Im Sommer ist der Strand sehr beliebt, im Winter ist er f\u00fcr Fahrzeuge gesperrt. Machen Sie einen Spaziergang mit dem Fahrrad oder zu Fu\u00df. Vielleicht sehen Sie die <strong>legend\u00e4ren rosa Flamingos von Giens<\/strong>. Entdecken Sie auch das <strong>Dorf Giens<\/strong>, das seinen<strong> provenzalischen Charakter<\/strong> bewahrt hat. Genie\u00dfen Sie Ihren Urlaub so, wie er sein sollte. Die <strong>Str\u00e4nde<\/strong>, die <strong>Inseln<\/strong> und das Zentrum von <strong>Hy\u00e8res<\/strong> warten auf Sie.      <\/p><p id=\"https:\/\/acampa-vacances.com\/international\/accueil\/\">Genie\u00dfen Sie die Halbinsel Giens w\u00e4hrend des Altweibersommers, indem Sie sich <a href=\"https:\/\/acampa-vacances.com\/de\/international\/willkommen\/\" data-type=\"link\" data-id=\"https:\/\/acampa-vacances.com\/international\/accueil\/\">auf unserem Campingplatz<\/a> aufhalten.<\/p><\/div><div class=\"columns__item\" style=\"align-self:center;\"><figure style=\"position:relative;\"><picture><source srcset=\"https:\/\/acampa-vacances.com\/wp-content\/uploads\/2024\/11\/cdl-flamant-seul-300x200-1.jpg.webp\" media=\"(max-width: 210px)\"><source srcset=\"https:\/\/acampa-vacances.com\/wp-content\/uploads\/2024\/11\/cdl-flamant-seul-300x200-1.jpg.webp\" media=\"(max-width: 420px)\"><source srcset=\"https:\/\/acampa-vacances.com\/wp-content\/uploads\/2024\/11\/cdl-flamant-seul-300x200-1.jpg.webp\" media=\"(max-width: 850px)\"><source srcset=\"https:\/\/acampa-vacances.com\/wp-content\/uploads\/2024\/11\/cdl-flamant-seul-300x200-1.jpg.webp\" media=\"(max-width: 1024px)\"><source srcset=\"https:\/\/acampa-vacances.com\/wp-content\/uploads\/2024\/11\/cdl-flamant-seul-300x200-1.jpg.webp\" media=\"(min-width: 1025px)\"><img decoding=\"async\" src=\"https:\/\/acampa-vacances.com\/wp-content\/uploads\/2024\/11\/cdl-flamant-seul-300x200-1.jpg.webp\" width=\"420\" height=\"210\" loading=\"lazy\" alt=\"\" title=\"\"><\/picture><figcaption>Bildnachweis: unsplash<\/figcaption><\/figure><\/div><\/div>\n\n<h3>Andere lesenswerte Artikel f\u00fcr Ihren Urlaub auf der Halbinsel Giens<\/h3>\n\n<ul><li><a href=\"https:\/\/acampa-vacances.com\/de\/winter-herbst\/ein-herbst-auf-dem-giens-presquile\/\" data-type=\"link\" data-id=\"https:\/\/acampa-vacances.com\/hiver-automne\/un-automne-sur-la-presquile-de-giens\/\">Ein Herbst auf der Halbinsel Giens<\/a>\n<\/li><li><a href=\"https:\/\/acampa-vacances.com\/de\/winter-herbst\/das-presquile-von-giens-im-winter\/\" data-type=\"link\" data-id=\"https:\/\/acampa-vacances.com\/hiver-automne\/la-presquile-de-giens-en-hiver\/\">Die Halbinsel Giens im Winter<\/a>\n<\/li><\/ul>","protected":false},"excerpt":{"rendered":"<p>Indian Summer auf der Halbinsel Giens Dieser nordamerikanische Ausdruck beschreibt ein sonniges und mildes Wetter kurz nach Herbstbeginn. In unserer Region tritt dieser Zeitraum entweder im Oktober oder Anfang November ein. Manchmal tritt sie auch gar nicht auf. In dieser Zeit ist die Halbinsel Giens von den Sommertouristen befreit und wird langsam wieder wild und [&hellip;]<\/p>\n","protected":false},"featured_media":3318,"template":"","format":"standard","meta":{"_acf_changed":false,"footnotes":""},"hiver-automne":[140],"acf":[],"_links":{"self":[{"href":"https:\/\/acampa-vacances.com\/de\/wp-json\/wp\/v2\/hiver-automne\/12816"}],"collection":[{"href":"https:\/\/acampa-vacances.com\/de\/wp-json\/wp\/v2\/hiver-automne"}],"about":[{"href":"https:\/\/acampa-vacances.com\/de\/wp-json\/wp\/v2\/types\/hiver-automne"}],"version-history":[{"count":2,"href":"https:\/\/acampa-vacances.com\/de\/wp-json\/wp\/v2\/hiver-automne\/12816\/revisions"}],"predecessor-version":[{"id":13984,"href":"https:\/\/acampa-vacances.com\/de\/wp-json\/wp\/v2\/hiver-automne\/12816\/revisions\/13984"}],"wp:featuredmedia":[{"embeddable":true,"href":"https:\/\/acampa-vacances.com\/de\/wp-json\/wp\/v2\/media\/3318"}],"wp:attachment":[{"href":"https:\/\/acampa-vacances.com\/de\/wp-json\/wp\/v2\/media?parent=12816"}],"wp:term":[{"taxonomy":"hiver-automne","embeddable":true,"href":"https:\/\/acampa-vacances.com\/de\/wp-json\/wp\/v2\/hiver-automne?post=12816"}],"curies":[{"name":"wp","href":"https:\/\/api.w.org\/{rel}","templated":true}]}}

<nav class="fildariane"><a class="fildariane__item" href="https://acampa-vacances.com/de/">Acampa</a><span class="fc-icon"><svg xmlns="http://www.w3.org/2000/svg"  viewBox="0 0 320 512" width="16px" height="16px"><!--! Font Awesome Pro 6.4.2 by @fontawesome - https://fontawesome.com License - https://fontawesome.com/license (Commercial License) Copyright 2023 Fonticons, Inc.--><path d="M267.3 244.7c6.2 6.2 6.2 16.4 0 22.6l-160 160c-6.2 6.2-16.4 6.2-22.6 0s-6.2-16.4 0-22.6L233.4 256 84.7 107.3c-6.2-6.2-6.2-16.4 0-22.6s16.4-6.2 22.6 0l160 160z"/></svg></span><span class="fildariane__item">Indian Summer auf der Halbinsel Giens</span></nav><a class="fildariane__item retour" href="https://acampa-vacances.com/de/""><span class="fc-icon"><svg xmlns="http://www.w3.org/2000/svg"  viewBox="0 0 448 512" width="16px" height="16px"><!--! Font Awesome Pro 6.4.2 by @fontawesome - https://fontawesome.com License - https://fontawesome.com/license (Commercial License) Copyright 2023 Fonticons, Inc.--><path d="M7.4 273.4C2.7 268.8 0 262.6 0 256s2.7-12.8 7.4-17.4l176-168c9.6-9.2 24.8-8.8 33.9 .8s8.8 24.8-.8 33.9L83.9 232 424 232c13.3 0 24 10.7 24 24s-10.7 24-24 24L83.9 280 216.6 406.6c9.6 9.2 9.9 24.3 .8 33.9s-24.3 9.9-33.9 .8l-176-168z"/></svg></span>Zurück zur Startseite</a>


<h1>Indian Summer auf der Halbinsel Giens</h1>

<p>Dieser <strong>nordamerikanische</strong> Ausdruck beschreibt ein <strong>sonniges und mildes Wetter</strong> kurz nach <strong>Herbstbeginn</strong>. In unserer Region tritt dieser Zeitraum entweder im <strong>Oktober</strong> oder Anfang <strong>November</strong> ein. Manchmal tritt sie auch gar nicht auf. In dieser Zeit ist die <strong>Halbinsel Giens von den Sommertouristen befreit</strong> und wird langsam wieder <strong>wild</strong> und <strong>friedlich</strong> und bietet jedem, der es sehen möchte, ein wunderbares Schauspiel.   </p>

<p id="12208">Zu dieser Jahreszeit gibt es viel weniger Touristen und die <strong>Temperaturen</strong> sind immer noch sehr <strong>angenehm</strong>. Sie können alle <a href="https://acampa-vacances.com/de/aktivitaten-in-giens/" data-type="page" data-id="12208">Aktivitäten</a> genießen, die die Halbinsel Giens in dieser Zeit zu bieten hat.</p>

<h2>Wanderungen und Entdeckungen auf der Halbinsel Giens</h2>

<p><strong>Entdecken Sie den <a href="https://metropoletpm.fr/sentier-littoral" rel="noopener">Küstenpfad</a></strong> und seine <strong>kleinen versteckten Buchten</strong>. Nutzen Sie die Wanderwege, um die Halbinsel zu umrunden und sie bis in die kleinsten Winkel zu erkunden. Sie können sich in <strong>kleinen Buchten</strong> ausruhen, die <strong>kleinen Inseln</strong> bewundern und die <strong>Strände</strong> und <strong>kleinen Häfen</strong> entlang des Weges genießen. Alles ist ausgeschildert, um Sie auf dem Weg zu führen. Im Osten führt der Weg von <strong>Tour Fondue</strong> zum <strong>Strand von La Badine</strong>. Genießen Sie den herrlichen Blick auf die <strong>Reede von Hyères</strong>. Im Westen führt Sie der Weg von La <strong>Madrague</strong> zum kleinen <strong>Fischerhafen Le Niel</strong>. Der Blick auf <strong>Porquerolles</strong> wird Sie sprachlos machen!       </p>

<div class="columns"><div class="columns__item" style="align-self:center;"><h2>Das Dorf Giens</h2><p>Die <strong>Halbinsel Giens</strong> ist für ihren berühmten <strong>doppelten Tombolo</strong> bekannt. Im Westen fahren Sie entlang der <strong>Salzstraße</strong>, die vom <strong>Strand von Almanarre</strong> gesäumt wird. Im Sommer ist der Strand sehr beliebt, im Winter ist er für Fahrzeuge gesperrt. Machen Sie einen Spaziergang mit dem Fahrrad oder zu Fuß. Vielleicht sehen Sie die <strong>legendären rosa Flamingos von Giens</strong>. Entdecken Sie auch das <strong>Dorf Giens</strong>, das seinen<strong> provenzalischen Charakter</strong> bewahrt hat. Genießen Sie Ihren Urlaub so, wie er sein sollte. Die <strong>Strände</strong>, die <strong>Inseln</strong> und das Zentrum von <strong>Hyères</strong> warten auf Sie.      </p><p id="https://acampa-vacances.com/international/accueil/">Genießen Sie die Halbinsel Giens während des Altweibersommers, indem Sie sich <a href="https://acampa-vacances.com/de/international/willkommen/" data-type="link" data-id="https://acampa-vacances.com/international/accueil/">auf unserem Campingplatz</a> aufhalten.</p></div><div class="columns__item" style="align-self:center;"><figure style="position:relative;"><picture><source srcset="https://acampa-vacances.com/wp-content/uploads/2024/11/cdl-flamant-seul-300x200-1.jpg.webp" media="(max-width: 210px)"><source srcset="https://acampa-vacances.com/wp-content/uploads/2024/11/cdl-flamant-seul-300x200-1.jpg.webp" media="(max-width: 420px)"><source srcset="https://acampa-vacances.com/wp-content/uploads/2024/11/cdl-flamant-seul-300x200-1.jpg.webp" media="(max-width: 850px)"><source srcset="https://acampa-vacances.com/wp-content/uploads/2024/11/cdl-flamant-seul-300x200-1.jpg.webp" media="(max-width: 1024px)"><source srcset="https://acampa-vacances.com/wp-content/uploads/2024/11/cdl-flamant-seul-300x200-1.jpg.webp" media="(min-width: 1025px)"><img decoding="async" src="https://acampa-vacances.com/wp-content/uploads/2024/11/cdl-flamant-seul-300x200-1.jpg.webp" width="420" height="210" loading="lazy" alt="" title=""></picture><figcaption>Bildnachweis: unsplash</figcaption></figure></div></div>

<h3>Andere lesenswerte Artikel für Ihren Urlaub auf der Halbinsel Giens</h3>

<ul><li><a href="https://acampa-vacances.com/de/winter-herbst/ein-herbst-auf-dem-giens-presquile/" data-type="link" data-id="https://acampa-vacances.com/hiver-automne/un-automne-sur-la-presquile-de-giens/">Ein Herbst auf der Halbinsel Giens</a>
</li><li><a href="https://acampa-vacances.com/de/winter-herbst/das-presquile-von-giens-im-winter/" data-type="link" data-id="https://acampa-vacances.com/hiver-automne/la-presquile-de-giens-en-hiver/">Die Halbinsel Giens im Winter</a>
</li></ul>
