{"id":12823,"date":"2024-11-27T14:20:35","date_gmt":"2024-11-27T13:20:35","guid":{"rendered":"https:\/\/acampa-vacances.com\/hiver-automne\/lete-continue-a-hyeres-meme-en-septembre\/"},"modified":"2025-01-29T09:17:06","modified_gmt":"2025-01-29T08:17:06","slug":"der-sommer-geht-in-hyeres-auch-im-september-weiter","status":"publish","type":"hiver-automne","link":"https:\/\/acampa-vacances.com\/de\/winter-herbst\/der-sommer-geht-in-hyeres-auch-im-september-weiter\/","title":{"rendered":"Der Sommer in Hy\u00e8res geht auch im September weiter"},"content":{"rendered":"<nav class=\"fildariane\"><a class=\"fildariane__item\" href=\"https:\/\/acampa-vacances.com\/de\/\">Acampa<\/a><span class=\"fc-icon\"><svg xmlns=\"http:\/\/www.w3.org\/2000\/svg\"  viewBox=\"0 0 320 512\" width=\"16px\" height=\"16px\"><!--! Font Awesome Pro 6.4.2 by @fontawesome - https:\/\/fontawesome.com License - https:\/\/fontawesome.com\/license (Commercial License) Copyright 2023 Fonticons, Inc.--><path d=\"M267.3 244.7c6.2 6.2 6.2 16.4 0 22.6l-160 160c-6.2 6.2-16.4 6.2-22.6 0s-6.2-16.4 0-22.6L233.4 256 84.7 107.3c-6.2-6.2-6.2-16.4 0-22.6s16.4-6.2 22.6 0l160 160z\"\/><\/svg><\/span><span class=\"fildariane__item\">Der Sommer in Hy\u00e8res geht auch im September weiter<\/span><\/nav><a class=\"fildariane__item retour\" href=\"https:\/\/acampa-vacances.com\/de\/\"\"><span class=\"fc-icon\"><svg xmlns=\"http:\/\/www.w3.org\/2000\/svg\"  viewBox=\"0 0 448 512\" width=\"16px\" height=\"16px\"><!--! Font Awesome Pro 6.4.2 by @fontawesome - https:\/\/fontawesome.com License - https:\/\/fontawesome.com\/license (Commercial License) Copyright 2023 Fonticons, Inc.--><path d=\"M7.4 273.4C2.7 268.8 0 262.6 0 256s2.7-12.8 7.4-17.4l176-168c9.6-9.2 24.8-8.8 33.9 .8s8.8 24.8-.8 33.9L83.9 232 424 232c13.3 0 24 10.7 24 24s-10.7 24-24 24L83.9 280 216.6 406.6c9.6 9.2 9.9 24.3 .8 33.9s-24.3 9.9-33.9 .8l-176-168z\"\/><\/svg><\/span>Zur\u00fcck zur Startseite<\/a>\n<h1>Der Sommer in Hy\u00e8res geht weiter, auch im September!<\/h1><p>Der Sommer geht auf der Halbinsel Giens in die Verl\u00e4ngerung! Es gibt so viel Sch\u00f6nes zu entdecken in dieser Zeit des Schulanfangs. Wenn Sie die gute Idee hatten, einen Aufenthalt auf der Halbinsel Giens zu buchen, dann ist dieser Artikel genau das Richtige f\u00fcr Sie! \ud83c\udf34\ud83c\udf1eF\u00fcr alle anderen gilt: n\u00e4chstes Jahr wieder! \ud83d\ude04<\/p><div class=\"columns\"><div class=\"columns__item\" style=\"align-self:center;\"><h2>Ein gl\u00e4nzender Herbst auf der Halbinsel<\/h2><p>Stellen Sie sich vor&#8230; Die Morgentemperaturen liegen um die 20\u00b0C und das Meer \ud83c\udf0aist noch sehr gut (zwischen 21\u00b0C und 24\u00b0C), die Sonne scheint und die Touristen sind viel weniger zahlreich. Sie k\u00f6nnen die Nachsaison und die angenehmen Temperaturen in aller Ruhe genie\u00dfen. Hy\u00e8res und seine Inseln werden wieder friedlich und wild. In dieser Jahreszeit k\u00f6nnen Sie viele Aktivit\u00e4ten unternehmen.   <\/p><\/div><div class=\"columns__item\"><figure style=\"position:relative;\"><picture><source srcset=\"https:\/\/acampa-vacances.com\/wp-content\/uploads\/2024\/12\/image1-6-420x305.jpg\" media=\"(max-width: 210px)\"><source srcset=\"https:\/\/acampa-vacances.com\/wp-content\/uploads\/2024\/12\/image1-6.jpg\" media=\"(max-width: 420px)\"><source srcset=\"https:\/\/acampa-vacances.com\/wp-content\/uploads\/2024\/12\/image1-6.jpg\" media=\"(max-width: 850px)\"><source srcset=\"https:\/\/acampa-vacances.com\/wp-content\/uploads\/2024\/12\/image1-6.jpg\" media=\"(max-width: 1024px)\"><source srcset=\"https:\/\/acampa-vacances.com\/wp-content\/uploads\/2024\/12\/image1-6.jpg\" media=\"(min-width: 1025px)\"><img decoding=\"async\" src=\"https:\/\/acampa-vacances.com\/wp-content\/uploads\/2024\/12\/image1-6-420x305.jpg\" width=\"420\" height=\"210\" loading=\"lazy\" alt=\"\" title=\"\"><\/picture><figcaption>Sarah Graziani<\/figcaption><\/figure><\/div><\/div><div class=\"columns\"><div class=\"columns__item\"><figure style=\"position:relative;\"><picture><source srcset=\"https:\/\/acampa-vacances.com\/wp-content\/uploads\/2024\/12\/image2-4.jpg.webp\" media=\"(max-width: 210px)\"><source srcset=\"https:\/\/acampa-vacances.com\/wp-content\/uploads\/2024\/12\/image2-4.jpg.webp\" media=\"(max-width: 420px)\"><source srcset=\"https:\/\/acampa-vacances.com\/wp-content\/uploads\/2024\/12\/image2-4.jpg.webp\" media=\"(max-width: 850px)\"><source srcset=\"https:\/\/acampa-vacances.com\/wp-content\/uploads\/2024\/12\/image2-4.jpg.webp\" media=\"(max-width: 1024px)\"><source srcset=\"https:\/\/acampa-vacances.com\/wp-content\/uploads\/2024\/12\/image2-4.jpg.webp\" media=\"(min-width: 1025px)\"><img decoding=\"async\" src=\"https:\/\/acampa-vacances.com\/wp-content\/uploads\/2024\/12\/image2-4.jpg.webp\" width=\"420\" height=\"210\" loading=\"lazy\" alt=\"\" title=\"\"><\/picture><figcaption>Sandrine Benezech<\/figcaption><\/figure><\/div><div class=\"columns__item\" style=\"align-self:center;\"><h2>Von Entdeckung zu Entdeckung auf der Halbinsel<\/h2><p>Besuch der Goldenen Inseln<\/p><p>Entdecken Sie die Goldenen Inseln (wieder): Porquerolles, Le Levant und Port-Cros. In dieser Jahreszeit ist es ruhiger und die Temperaturen sind angenehmer und weniger schw\u00fcl.   <\/p><p id=\"https:\/\/acampa-vacances.com\/de\/\">Erkunden Sie die Inseln mit dem Fahrrad oder zu Fu\u00df, ein absolutes Vergn\u00fcgen! Oder genie\u00dfen Sie einen Tauchgang mit unserem Partner <a href=\"https:\/\/acampa-vacances.com\/de\/\" data-type=\"link\" data-id=\"https:\/\/acampa-vacances.com\/de\/\">Divin&#8217;Giens<\/a>. <\/p><\/div><\/div><h3>Besichtigung des Dorfes Giens<\/h3><p>Das Dorf Giens hat seine friedliche Seite wiedergefunden. Machen Sie einen Spaziergang durch die kleinen, steilen Wege, die h\u00fcbschen, blumengeschm\u00fcckten Gassen und den Bachaga Boualam-Platz am oberen Ende des Dorfes.   <\/p><p>Von hier aus haben Sie einen herrlichen Blick auf den doppelten Tombolo und seine weiten Str\u00e4nde.<\/p><h3>Besuch der Natur<\/h3><p>Die Natur ruft? Dann schlagen wir Ihnen vor, dem Sentier du Littoral zu folgen und die atemberaubenden Panoramen zu bewundern. <\/p><p id=\"https:\/\/acampa-vacances.com\/de\/\">Und warum nicht die Salzstra\u00dfe mit dem Fahrrad erkunden? Bei unserem Partner <a href=\"https:\/\/acampa-vacances.com\/de\/\" data-type=\"link\" data-id=\"https:\/\/acampa-vacances.com\/de\/\">SpinOut<\/a> kostet die Tagesmiete f\u00fcr ein Fahrrad nur 15 \u20ac, warum also darauf verzichten (Preisstand 01\/04\/23, \u00c4nderungen vorbehalten).  <\/p><p>Am Wochenende vom 9. und 10. September findet in Les Salins des Pesquiers das Salinenfest statt. Auf dem Programm stehen spielerische und unterhaltsame Animationen zu den Themen Natur, Geschichte, Biodiversit\u00e4t&#8230; <\/p><h2>\u00dcberzeugt?<\/h2><p>Beginnen Sie Ihren Schulanfang in unserer Gesellschaft! Sonne, Spazierg\u00e4nge in der Natur, Farniente&#8230; \u26f1\ufe0f <\/p><p id=\"https:\/\/acampa-vacances.com\/iledor\/accueil\/\">Der <a href=\"https:\/\/acampa-vacances.com\/it\/iledor\/benvenuto\/\" data-type=\"link\" data-id=\"https:\/\/acampa-vacances.com\/iledor\/accueil\/\">Campingplatz L&#8217;\u00cele d&#8217;Or<\/a> bietet Ihnen komfortable Mobilheime oder einen Stellplatz f\u00fcr einen unvergesslichen Natururlaub! Besuchen Sie unsere <a href=\"https:\/\/www.facebook.com\/campingiledor\" rel=\"noopener\">Facebook-Seite<\/a>! <\/p><p id=\"https:\/\/acampa-vacances.com\/clairdelune\/hebergements\/\">Buchen Sie f\u00fcr Ihre kleine Familie das Mobilheim <a href=\"https:\/\/acampa-vacances.com\/it\/clairdelune\/alloggio\/\" data-type=\"link\" data-id=\"https:\/\/acampa-vacances.com\/clairdelune\/hebergements\/\">Pagotel<\/a> (oder ein anderes!) auf dem <a href=\"https:\/\/acampa-vacances.com\/it\/clairdelune\/benvenuto\/\" data-type=\"link\" data-id=\"https:\/\/acampa-vacances.com\/clairdelune\/accueil\/\">Campingplatz Clair de Lune<\/a> f\u00fcr einen entspannten Urlaub. Besuchen Sie uns auf <a href=\"https:\/\/www.instagram.com\/cotedazur_clairdelune\/?hl=fr\" rel=\"noopener\">Insta<\/a>! <\/p><p id=\"https:\/\/acampa-vacances.com\/international\/accueil\/\">Der <a href=\"https:\/\/acampa-vacances.com\/de\/international\/willkommen\/\" data-type=\"link\" data-id=\"https:\/\/acampa-vacances.com\/international\/accueil\/\">Campingplatz International<\/a> hei\u00dft Sie mit Ihrer Familie im <a href=\"https:\/\/acampa-vacances.com\/it\/international\/alloggio\/\" data-type=\"link\" data-id=\"https:\/\/acampa-vacances.com\/international\/hebergements\/\">Mobilheim Bora Bora<\/a> willkommen. Besuchen Sie unseren <a href=\"https:\/\/www.instagram.com\/campinginternationalgiens\/?hl=fr\" rel=\"noopener\">Instagram<\/a> <\/p><p>Wir freuen uns auf unseren ersten Schultag mit Ihnen \ud83c\udf92!<\/p>","protected":false},"excerpt":{"rendered":"<p>Der Sommer in Hy\u00e8res geht weiter, auch im September! Der Sommer geht auf der Halbinsel Giens in die Verl\u00e4ngerung! Es gibt so viel Sch\u00f6nes zu entdecken in dieser Zeit des Schulanfangs. Wenn Sie die gute Idee hatten, einen Aufenthalt auf der Halbinsel Giens zu buchen, dann ist dieser Artikel genau das Richtige f\u00fcr Sie! \ud83c\udf34\ud83c\udf1eF\u00fcr [&hellip;]<\/p>\n","protected":false},"featured_media":3282,"template":"","format":"standard","meta":{"_acf_changed":false,"footnotes":""},"hiver-automne":[140],"acf":[],"_links":{"self":[{"href":"https:\/\/acampa-vacances.com\/de\/wp-json\/wp\/v2\/hiver-automne\/12823"}],"collection":[{"href":"https:\/\/acampa-vacances.com\/de\/wp-json\/wp\/v2\/hiver-automne"}],"about":[{"href":"https:\/\/acampa-vacances.com\/de\/wp-json\/wp\/v2\/types\/hiver-automne"}],"version-history":[{"count":1,"href":"https:\/\/acampa-vacances.com\/de\/wp-json\/wp\/v2\/hiver-automne\/12823\/revisions"}],"predecessor-version":[{"id":12825,"href":"https:\/\/acampa-vacances.com\/de\/wp-json\/wp\/v2\/hiver-automne\/12823\/revisions\/12825"}],"wp:featuredmedia":[{"embeddable":true,"href":"https:\/\/acampa-vacances.com\/de\/wp-json\/wp\/v2\/media\/3282"}],"wp:attachment":[{"href":"https:\/\/acampa-vacances.com\/de\/wp-json\/wp\/v2\/media?parent=12823"}],"wp:term":[{"taxonomy":"hiver-automne","embeddable":true,"href":"https:\/\/acampa-vacances.com\/de\/wp-json\/wp\/v2\/hiver-automne?post=12823"}],"curies":[{"name":"wp","href":"https:\/\/api.w.org\/{rel}","templated":true}]}}

Der Sommer in Hyères geht auch im September weiter

<nav class="fildariane"><a class="fildariane__item" href="https://acampa-vacances.com/de/">Acampa</a><span class="fc-icon"><svg xmlns="http://www.w3.org/2000/svg"  viewBox="0 0 320 512" width="16px" height="16px"><!--! Font Awesome Pro 6.4.2 by @fontawesome - https://fontawesome.com License - https://fontawesome.com/license (Commercial License) Copyright 2023 Fonticons, Inc.--><path d="M267.3 244.7c6.2 6.2 6.2 16.4 0 22.6l-160 160c-6.2 6.2-16.4 6.2-22.6 0s-6.2-16.4 0-22.6L233.4 256 84.7 107.3c-6.2-6.2-6.2-16.4 0-22.6s16.4-6.2 22.6 0l160 160z"/></svg></span><span class="fildariane__item">Der Sommer in Hyères geht auch im September weiter</span></nav><a class="fildariane__item retour" href="https://acampa-vacances.com/de/""><span class="fc-icon"><svg xmlns="http://www.w3.org/2000/svg"  viewBox="0 0 448 512" width="16px" height="16px"><!--! Font Awesome Pro 6.4.2 by @fontawesome - https://fontawesome.com License - https://fontawesome.com/license (Commercial License) Copyright 2023 Fonticons, Inc.--><path d="M7.4 273.4C2.7 268.8 0 262.6 0 256s2.7-12.8 7.4-17.4l176-168c9.6-9.2 24.8-8.8 33.9 .8s8.8 24.8-.8 33.9L83.9 232 424 232c13.3 0 24 10.7 24 24s-10.7 24-24 24L83.9 280 216.6 406.6c9.6 9.2 9.9 24.3 .8 33.9s-24.3 9.9-33.9 .8l-176-168z"/></svg></span>Zurück zur Startseite</a>
<h1>Der Sommer in Hyères geht weiter, auch im September!</h1><p>Der Sommer geht auf der Halbinsel Giens in die Verlängerung! Es gibt so viel Schönes zu entdecken in dieser Zeit des Schulanfangs. Wenn Sie die gute Idee hatten, einen Aufenthalt auf der Halbinsel Giens zu buchen, dann ist dieser Artikel genau das Richtige für Sie! 🌴🌞Für alle anderen gilt: nächstes Jahr wieder! 😄</p><div class="columns"><div class="columns__item" style="align-self:center;"><h2>Ein glänzender Herbst auf der Halbinsel</h2><p>Stellen Sie sich vor&#8230; Die Morgentemperaturen liegen um die 20°C und das Meer 🌊ist noch sehr gut (zwischen 21°C und 24°C), die Sonne scheint und die Touristen sind viel weniger zahlreich. Sie können die Nachsaison und die angenehmen Temperaturen in aller Ruhe genießen. Hyères und seine Inseln werden wieder friedlich und wild. In dieser Jahreszeit können Sie viele Aktivitäten unternehmen.   </p></div><div class="columns__item"><figure style="position:relative;"><picture><source srcset="https://acampa-vacances.com/wp-content/uploads/2024/12/image1-6-420x305.jpg" media="(max-width: 210px)"><source srcset="https://acampa-vacances.com/wp-content/uploads/2024/12/image1-6.jpg" media="(max-width: 420px)"><source srcset="https://acampa-vacances.com/wp-content/uploads/2024/12/image1-6.jpg" media="(max-width: 850px)"><source srcset="https://acampa-vacances.com/wp-content/uploads/2024/12/image1-6.jpg" media="(max-width: 1024px)"><source srcset="https://acampa-vacances.com/wp-content/uploads/2024/12/image1-6.jpg" media="(min-width: 1025px)"><img decoding="async" src="https://acampa-vacances.com/wp-content/uploads/2024/12/image1-6-420x305.jpg" width="420" height="210" loading="lazy" alt="" title=""></picture><figcaption>Sarah Graziani</figcaption></figure></div></div><div class="columns"><div class="columns__item"><figure style="position:relative;"><picture><source srcset="https://acampa-vacances.com/wp-content/uploads/2024/12/image2-4.jpg.webp" media="(max-width: 210px)"><source srcset="https://acampa-vacances.com/wp-content/uploads/2024/12/image2-4.jpg.webp" media="(max-width: 420px)"><source srcset="https://acampa-vacances.com/wp-content/uploads/2024/12/image2-4.jpg.webp" media="(max-width: 850px)"><source srcset="https://acampa-vacances.com/wp-content/uploads/2024/12/image2-4.jpg.webp" media="(max-width: 1024px)"><source srcset="https://acampa-vacances.com/wp-content/uploads/2024/12/image2-4.jpg.webp" media="(min-width: 1025px)"><img decoding="async" src="https://acampa-vacances.com/wp-content/uploads/2024/12/image2-4.jpg.webp" width="420" height="210" loading="lazy" alt="" title=""></picture><figcaption>Sandrine Benezech</figcaption></figure></div><div class="columns__item" style="align-self:center;"><h2>Von Entdeckung zu Entdeckung auf der Halbinsel</h2><p>Besuch der Goldenen Inseln</p><p>Entdecken Sie die Goldenen Inseln (wieder): Porquerolles, Le Levant und Port-Cros. In dieser Jahreszeit ist es ruhiger und die Temperaturen sind angenehmer und weniger schwül.   </p><p id="https://acampa-vacances.com/de/">Erkunden Sie die Inseln mit dem Fahrrad oder zu Fuß, ein absolutes Vergnügen! Oder genießen Sie einen Tauchgang mit unserem Partner <a href="https://acampa-vacances.com/de/" data-type="link" data-id="https://acampa-vacances.com/de/">Divin&#8217;Giens</a>. </p></div></div><h3>Besichtigung des Dorfes Giens</h3><p>Das Dorf Giens hat seine friedliche Seite wiedergefunden. Machen Sie einen Spaziergang durch die kleinen, steilen Wege, die hübschen, blumengeschmückten Gassen und den Bachaga Boualam-Platz am oberen Ende des Dorfes.   </p><p>Von hier aus haben Sie einen herrlichen Blick auf den doppelten Tombolo und seine weiten Strände.</p><h3>Besuch der Natur</h3><p>Die Natur ruft? Dann schlagen wir Ihnen vor, dem Sentier du Littoral zu folgen und die atemberaubenden Panoramen zu bewundern. </p><p id="https://acampa-vacances.com/de/">Und warum nicht die Salzstraße mit dem Fahrrad erkunden? Bei unserem Partner <a href="https://acampa-vacances.com/de/" data-type="link" data-id="https://acampa-vacances.com/de/">SpinOut</a> kostet die Tagesmiete für ein Fahrrad nur 15 €, warum also darauf verzichten (Preisstand 01/04/23, Änderungen vorbehalten).  </p><p>Am Wochenende vom 9. und 10. September findet in Les Salins des Pesquiers das Salinenfest statt. Auf dem Programm stehen spielerische und unterhaltsame Animationen zu den Themen Natur, Geschichte, Biodiversität&#8230; </p><h2>Überzeugt?</h2><p>Beginnen Sie Ihren Schulanfang in unserer Gesellschaft! Sonne, Spaziergänge in der Natur, Farniente&#8230; ⛱️ </p><p id="https://acampa-vacances.com/iledor/accueil/">Der <a href="https://acampa-vacances.com/it/iledor/benvenuto/" data-type="link" data-id="https://acampa-vacances.com/iledor/accueil/">Campingplatz L&#8217;Île d&#8217;Or</a> bietet Ihnen komfortable Mobilheime oder einen Stellplatz für einen unvergesslichen Natururlaub! Besuchen Sie unsere <a href="https://www.facebook.com/campingiledor" rel="noopener">Facebook-Seite</a>! </p><p id="https://acampa-vacances.com/clairdelune/hebergements/">Buchen Sie für Ihre kleine Familie das Mobilheim <a href="https://acampa-vacances.com/it/clairdelune/alloggio/" data-type="link" data-id="https://acampa-vacances.com/clairdelune/hebergements/">Pagotel</a> (oder ein anderes!) auf dem <a href="https://acampa-vacances.com/it/clairdelune/benvenuto/" data-type="link" data-id="https://acampa-vacances.com/clairdelune/accueil/">Campingplatz Clair de Lune</a> für einen entspannten Urlaub. Besuchen Sie uns auf <a href="https://www.instagram.com/cotedazur_clairdelune/?hl=fr" rel="noopener">Insta</a>! </p><p id="https://acampa-vacances.com/international/accueil/">Der <a href="https://acampa-vacances.com/de/international/willkommen/" data-type="link" data-id="https://acampa-vacances.com/international/accueil/">Campingplatz International</a> heißt Sie mit Ihrer Familie im <a href="https://acampa-vacances.com/it/international/alloggio/" data-type="link" data-id="https://acampa-vacances.com/international/hebergements/">Mobilheim Bora Bora</a> willkommen. Besuchen Sie unseren <a href="https://www.instagram.com/campinginternationalgiens/?hl=fr" rel="noopener">Instagram</a> </p><p>Wir freuen uns auf unseren ersten Schultag mit Ihnen 🎒!</p>

<p>Der Sommer in Hyères geht weiter, auch im September! Der Sommer geht auf der Halbinsel Giens in die Verlängerung! Es gibt so viel Schönes zu entdecken in dieser Zeit des Schulanfangs. Wenn Sie die gute Idee hatten, einen Aufenthalt auf der Halbinsel Giens zu buchen, dann ist dieser Artikel genau das Richtige für Sie! 🌴🌞Für [&hellip;]</p>
