{"id":12832,"date":"2024-11-27T14:42:03","date_gmt":"2024-11-27T13:42:03","guid":{"rendered":"https:\/\/acampa-vacances.com\/hiver-automne\/passez-les-vacances-de-la-toussaint-en-famille\/"},"modified":"2025-01-29T09:17:06","modified_gmt":"2025-01-29T08:17:06","slug":"verbringen-sie-die-allerheiligen-feiertage-mit-der-familie","status":"publish","type":"hiver-automne","link":"https:\/\/acampa-vacances.com\/de\/winter-herbst\/verbringen-sie-die-allerheiligen-feiertage-mit-der-familie\/","title":{"rendered":"Verbringen Sie die Allerheiligenferien mit der Familie"},"content":{"rendered":"<nav class=\"fildariane\"><a class=\"fildariane__item\" href=\"https:\/\/acampa-vacances.com\/de\/\">Acampa<\/a><span class=\"fc-icon\"><svg xmlns=\"http:\/\/www.w3.org\/2000\/svg\"  viewBox=\"0 0 320 512\" width=\"16px\" height=\"16px\"><!--! Font Awesome Pro 6.4.2 by @fontawesome - https:\/\/fontawesome.com License - https:\/\/fontawesome.com\/license (Commercial License) Copyright 2023 Fonticons, Inc.--><path d=\"M267.3 244.7c6.2 6.2 6.2 16.4 0 22.6l-160 160c-6.2 6.2-16.4 6.2-22.6 0s-6.2-16.4 0-22.6L233.4 256 84.7 107.3c-6.2-6.2-6.2-16.4 0-22.6s16.4-6.2 22.6 0l160 160z\"\/><\/svg><\/span><span class=\"fildariane__item\">Verbringen Sie die Allerheiligenferien mit der Familie<\/span><\/nav><a class=\"fildariane__item retour\" href=\"https:\/\/acampa-vacances.com\/de\/\"\"><span class=\"fc-icon\"><svg xmlns=\"http:\/\/www.w3.org\/2000\/svg\"  viewBox=\"0 0 448 512\" width=\"16px\" height=\"16px\"><!--! Font Awesome Pro 6.4.2 by @fontawesome - https:\/\/fontawesome.com License - https:\/\/fontawesome.com\/license (Commercial License) Copyright 2023 Fonticons, Inc.--><path d=\"M7.4 273.4C2.7 268.8 0 262.6 0 256s2.7-12.8 7.4-17.4l176-168c9.6-9.2 24.8-8.8 33.9 .8s8.8 24.8-.8 33.9L83.9 232 424 232c13.3 0 24 10.7 24 24s-10.7 24-24 24L83.9 280 216.6 406.6c9.6 9.2 9.9 24.3 .8 33.9s-24.3 9.9-33.9 .8l-176-168z\"\/><\/svg><\/span>Zur\u00fcck zur Startseite<\/a>\n<h1>Verbringen Sie die Allerheiligenferien mit der Familie<\/h1><p>In zwei Wochen beginnen die <strong>Schulferien an Allerheiligen<\/strong>. Die Sch\u00fcler k\u00f6nnen diese Ferien nutzen, um sich zu <strong>erholen<\/strong>, aber auch um <strong>Aktivit\u00e4ten<\/strong> aller Art zu unternehmen. Nehmen auch Sie sich ein paar Tage Urlaub, um mit den Kindern zu genie\u00dfen. Verbringen Sie ein paar Tage in S\u00fcdfrankreich, um sich zu erholen.   <\/p><h2>Wandern<\/h2><p>Zeigen Sie ihnen die <strong>Halbinsel Giens<\/strong>, indem Sie auf dem <strong>K\u00fcstenpfad<\/strong> spazieren gehen. Die Natur ist hier sehr sch\u00f6n. Genie\u00dfen Sie die milden Temperaturen der Saison, die Ihre Expedition angenehm machen. Entdecken Sie die <strong>kleinen versteckten Buchten<\/strong>, in denen Sie sich bei Bedarf erfrischen k\u00f6nnen und bewundern Sie die <strong>herrlichen Panoramen<\/strong>, die dieser Spaziergang zu bieten hat. Die Landschaft ist f\u00fcr Jung und Alt gleicherma\u00dfen attraktiv.    <\/p><h2>Besuchen Sie die umliegenden D\u00f6rfer<\/h2><p>Einige D\u00f6rfer in der Umgebung sind einen Besuch wert, damit Sie w\u00e4hrend Ihres Aufenthalts im S\u00fcden noch mehr vom Alltag abschalten k\u00f6nnen. Besuchen Sie das Dorf Le <strong>Lavandou<\/strong> oder <strong>Bormes-les-Mimosas<\/strong>, um einen Tapetenwechsel zu erleben. So kommen Sie auf andere Gedanken und entdecken das Var. Die Ruhe in dieser Jahreszeit macht diese Besuche umso angenehmer. Es gibt auch das Dorf La <strong>Londe-les-Maures<\/strong>, das einen Familienausflug wert ist.    <\/p><div class=\"columns\"><div class=\"columns__item\" style=\"align-self:center;\"><h2>Wassersport<\/h2><p>Nutzen Sie die Nachsaison f\u00fcr Wassersportaktivit\u00e4ten wie <strong>Tauchen<\/strong>, <strong>Windsurfen<\/strong>, <strong>Paddeln<\/strong> oder <strong>Kajakfahren<\/strong>.  <\/p><p>Ziehen Sie einen Neoprenanzug an, um nicht zu frieren, und die Sache ist erledigt. Unser Partner, die Segelschule <strong>Spinout<\/strong>, bietet Ihnen <strong>Windsurf-Einf\u00fchrungskurse<\/strong> und Fortgeschrittenenkurse f\u00fcr die erfahrensten unter Ihnen an.   <\/p><p>Unser zweiter Partner, die Tauchschule <strong>Divin&#8217;Giens<\/strong>, bietet <strong>Schnuppertauchg\u00e4nge<\/strong> <strong>und Kurse f\u00fcr Fortgeschrittene<\/strong> an, bei denen Sie auch Ihre <strong>Tauchscheine<\/strong> machen k\u00f6nnen.<\/p><\/div><div class=\"columns__item\"><figure style=\"position:relative;\"><picture><source srcset=\"https:\/\/acampa-vacances.com\/wp-content\/uploads\/2024\/11\/5-300x193-1.jpg.webp\" media=\"(max-width: 210px)\"><source srcset=\"https:\/\/acampa-vacances.com\/wp-content\/uploads\/2024\/11\/5-300x193-1.jpg.webp\" media=\"(max-width: 420px)\"><source srcset=\"https:\/\/acampa-vacances.com\/wp-content\/uploads\/2024\/11\/5-300x193-1.jpg.webp\" media=\"(max-width: 850px)\"><source srcset=\"https:\/\/acampa-vacances.com\/wp-content\/uploads\/2024\/11\/5-300x193-1.jpg.webp\" media=\"(max-width: 1024px)\"><source srcset=\"https:\/\/acampa-vacances.com\/wp-content\/uploads\/2024\/11\/5-300x193-1.jpg.webp\" media=\"(min-width: 1025px)\"><img decoding=\"async\" src=\"https:\/\/acampa-vacances.com\/wp-content\/uploads\/2024\/11\/5-300x193-1.jpg.webp\" width=\"420\" height=\"210\" loading=\"lazy\" alt=\"\" title=\"\"><\/picture><figcaption>Bildnachweis: Altair<\/figcaption><\/figure><\/div><\/div><p id=\"https:\/\/acampa-vacances.com\/international\/accueil\/\">Buchen Sie jetzt <strong>Ihren Aufenthalt<\/strong> f\u00fcr die Allerheiligenferien<a href=\"https:\/\/acampa-vacances.com\/de\/international\/willkommen\/\" data-type=\"link\" data-id=\"https:\/\/acampa-vacances.com\/international\/accueil\/\"> auf unserem Campingplatz<\/a> und genie\u00dfen Sie alles, was das Var zu bieten hat.<\/p>","protected":false},"excerpt":{"rendered":"<p>Verbringen Sie die Allerheiligenferien mit der Familie In zwei Wochen beginnen die Schulferien an Allerheiligen. Die Sch\u00fcler k\u00f6nnen diese Ferien nutzen, um sich zu erholen, aber auch um Aktivit\u00e4ten aller Art zu unternehmen. Nehmen auch Sie sich ein paar Tage Urlaub, um mit den Kindern zu genie\u00dfen. Verbringen Sie ein paar Tage in S\u00fcdfrankreich, um [&hellip;]<\/p>\n","protected":false},"featured_media":3333,"template":"","format":"standard","meta":{"_acf_changed":false,"footnotes":""},"hiver-automne":[140],"acf":[],"_links":{"self":[{"href":"https:\/\/acampa-vacances.com\/de\/wp-json\/wp\/v2\/hiver-automne\/12832"}],"collection":[{"href":"https:\/\/acampa-vacances.com\/de\/wp-json\/wp\/v2\/hiver-automne"}],"about":[{"href":"https:\/\/acampa-vacances.com\/de\/wp-json\/wp\/v2\/types\/hiver-automne"}],"version-history":[{"count":1,"href":"https:\/\/acampa-vacances.com\/de\/wp-json\/wp\/v2\/hiver-automne\/12832\/revisions"}],"predecessor-version":[{"id":12834,"href":"https:\/\/acampa-vacances.com\/de\/wp-json\/wp\/v2\/hiver-automne\/12832\/revisions\/12834"}],"wp:featuredmedia":[{"embeddable":true,"href":"https:\/\/acampa-vacances.com\/de\/wp-json\/wp\/v2\/media\/3333"}],"wp:attachment":[{"href":"https:\/\/acampa-vacances.com\/de\/wp-json\/wp\/v2\/media?parent=12832"}],"wp:term":[{"taxonomy":"hiver-automne","embeddable":true,"href":"https:\/\/acampa-vacances.com\/de\/wp-json\/wp\/v2\/hiver-automne?post=12832"}],"curies":[{"name":"wp","href":"https:\/\/api.w.org\/{rel}","templated":true}]}}

<nav class="fildariane"><a class="fildariane__item" href="https://acampa-vacances.com/de/">Acampa</a><span class="fc-icon"><svg xmlns="http://www.w3.org/2000/svg"  viewBox="0 0 320 512" width="16px" height="16px"><!--! Font Awesome Pro 6.4.2 by @fontawesome - https://fontawesome.com License - https://fontawesome.com/license (Commercial License) Copyright 2023 Fonticons, Inc.--><path d="M267.3 244.7c6.2 6.2 6.2 16.4 0 22.6l-160 160c-6.2 6.2-16.4 6.2-22.6 0s-6.2-16.4 0-22.6L233.4 256 84.7 107.3c-6.2-6.2-6.2-16.4 0-22.6s16.4-6.2 22.6 0l160 160z"/></svg></span><span class="fildariane__item">Verbringen Sie die Allerheiligenferien mit der Familie</span></nav><a class="fildariane__item retour" href="https://acampa-vacances.com/de/""><span class="fc-icon"><svg xmlns="http://www.w3.org/2000/svg"  viewBox="0 0 448 512" width="16px" height="16px"><!--! Font Awesome Pro 6.4.2 by @fontawesome - https://fontawesome.com License - https://fontawesome.com/license (Commercial License) Copyright 2023 Fonticons, Inc.--><path d="M7.4 273.4C2.7 268.8 0 262.6 0 256s2.7-12.8 7.4-17.4l176-168c9.6-9.2 24.8-8.8 33.9 .8s8.8 24.8-.8 33.9L83.9 232 424 232c13.3 0 24 10.7 24 24s-10.7 24-24 24L83.9 280 216.6 406.6c9.6 9.2 9.9 24.3 .8 33.9s-24.3 9.9-33.9 .8l-176-168z"/></svg></span>Zurück zur Startseite</a>
<h1>Verbringen Sie die Allerheiligenferien mit der Familie</h1><p>In zwei Wochen beginnen die <strong>Schulferien an Allerheiligen</strong>. Die Schüler können diese Ferien nutzen, um sich zu <strong>erholen</strong>, aber auch um <strong>Aktivitäten</strong> aller Art zu unternehmen. Nehmen auch Sie sich ein paar Tage Urlaub, um mit den Kindern zu genießen. Verbringen Sie ein paar Tage in Südfrankreich, um sich zu erholen.   </p><h2>Wandern</h2><p>Zeigen Sie ihnen die <strong>Halbinsel Giens</strong>, indem Sie auf dem <strong>Küstenpfad</strong> spazieren gehen. Die Natur ist hier sehr schön. Genießen Sie die milden Temperaturen der Saison, die Ihre Expedition angenehm machen. Entdecken Sie die <strong>kleinen versteckten Buchten</strong>, in denen Sie sich bei Bedarf erfrischen können und bewundern Sie die <strong>herrlichen Panoramen</strong>, die dieser Spaziergang zu bieten hat. Die Landschaft ist für Jung und Alt gleichermaßen attraktiv.    </p><h2>Besuchen Sie die umliegenden Dörfer</h2><p>Einige Dörfer in der Umgebung sind einen Besuch wert, damit Sie während Ihres Aufenthalts im Süden noch mehr vom Alltag abschalten können. Besuchen Sie das Dorf Le <strong>Lavandou</strong> oder <strong>Bormes-les-Mimosas</strong>, um einen Tapetenwechsel zu erleben. So kommen Sie auf andere Gedanken und entdecken das Var. Die Ruhe in dieser Jahreszeit macht diese Besuche umso angenehmer. Es gibt auch das Dorf La <strong>Londe-les-Maures</strong>, das einen Familienausflug wert ist.    </p><div class="columns"><div class="columns__item" style="align-self:center;"><h2>Wassersport</h2><p>Nutzen Sie die Nachsaison für Wassersportaktivitäten wie <strong>Tauchen</strong>, <strong>Windsurfen</strong>, <strong>Paddeln</strong> oder <strong>Kajakfahren</strong>.  </p><p>Ziehen Sie einen Neoprenanzug an, um nicht zu frieren, und die Sache ist erledigt. Unser Partner, die Segelschule <strong>Spinout</strong>, bietet Ihnen <strong>Windsurf-Einführungskurse</strong> und Fortgeschrittenenkurse für die erfahrensten unter Ihnen an.   </p><p>Unser zweiter Partner, die Tauchschule <strong>Divin&#8217;Giens</strong>, bietet <strong>Schnuppertauchgänge</strong> <strong>und Kurse für Fortgeschrittene</strong> an, bei denen Sie auch Ihre <strong>Tauchscheine</strong> machen können.</p></div><div class="columns__item"><figure style="position:relative;"><picture><source srcset="https://acampa-vacances.com/wp-content/uploads/2024/11/5-300x193-1.jpg.webp" media="(max-width: 210px)"><source srcset="https://acampa-vacances.com/wp-content/uploads/2024/11/5-300x193-1.jpg.webp" media="(max-width: 420px)"><source srcset="https://acampa-vacances.com/wp-content/uploads/2024/11/5-300x193-1.jpg.webp" media="(max-width: 850px)"><source srcset="https://acampa-vacances.com/wp-content/uploads/2024/11/5-300x193-1.jpg.webp" media="(max-width: 1024px)"><source srcset="https://acampa-vacances.com/wp-content/uploads/2024/11/5-300x193-1.jpg.webp" media="(min-width: 1025px)"><img decoding="async" src="https://acampa-vacances.com/wp-content/uploads/2024/11/5-300x193-1.jpg.webp" width="420" height="210" loading="lazy" alt="" title=""></picture><figcaption>Bildnachweis: Altair</figcaption></figure></div></div><p id="https://acampa-vacances.com/international/accueil/">Buchen Sie jetzt <strong>Ihren Aufenthalt</strong> für die Allerheiligenferien<a href="https://acampa-vacances.com/de/international/willkommen/" data-type="link" data-id="https://acampa-vacances.com/international/accueil/"> auf unserem Campingplatz</a> und genießen Sie alles, was das Var zu bieten hat.</p>

<p>Verbringen Sie die Allerheiligenferien mit der Familie In zwei Wochen beginnen die Schulferien an Allerheiligen. Die Schüler können diese Ferien nutzen, um sich zu erholen, aber auch um Aktivitäten aller Art zu unternehmen. Nehmen auch Sie sich ein paar Tage Urlaub, um mit den Kindern zu genießen. Verbringen Sie ein paar Tage in Südfrankreich, um [&hellip;]</p>
