{"id":12860,"date":"2024-11-27T15:00:50","date_gmt":"2024-11-27T14:00:50","guid":{"rendered":"https:\/\/acampa-vacances.com\/hiver-automne\/un-automne-sur-la-presquile-de-giens\/"},"modified":"2025-01-29T09:17:09","modified_gmt":"2025-01-29T08:17:09","slug":"ein-herbst-auf-dem-giens-presquile","status":"publish","type":"hiver-automne","link":"https:\/\/acampa-vacances.com\/de\/winter-herbst\/ein-herbst-auf-dem-giens-presquile\/","title":{"rendered":"Ein Herbst auf der Halbinsel Giens"},"content":{"rendered":"<nav class=\"fildariane\"><a class=\"fildariane__item\" href=\"https:\/\/acampa-vacances.com\/de\/\">Acampa<\/a><span class=\"fc-icon\"><svg xmlns=\"http:\/\/www.w3.org\/2000\/svg\"  viewBox=\"0 0 320 512\" width=\"16px\" height=\"16px\"><!--! Font Awesome Pro 6.4.2 by @fontawesome - https:\/\/fontawesome.com License - https:\/\/fontawesome.com\/license (Commercial License) Copyright 2023 Fonticons, Inc.--><path d=\"M267.3 244.7c6.2 6.2 6.2 16.4 0 22.6l-160 160c-6.2 6.2-16.4 6.2-22.6 0s-6.2-16.4 0-22.6L233.4 256 84.7 107.3c-6.2-6.2-6.2-16.4 0-22.6s16.4-6.2 22.6 0l160 160z\"\/><\/svg><\/span><span class=\"fildariane__item\">Ein Herbst auf der Halbinsel Giens<\/span><\/nav><a class=\"fildariane__item retour\" href=\"https:\/\/acampa-vacances.com\/de\/\"\"><span class=\"fc-icon\"><svg xmlns=\"http:\/\/www.w3.org\/2000\/svg\"  viewBox=\"0 0 448 512\" width=\"16px\" height=\"16px\"><!--! Font Awesome Pro 6.4.2 by @fontawesome - https:\/\/fontawesome.com License - https:\/\/fontawesome.com\/license (Commercial License) Copyright 2023 Fonticons, Inc.--><path d=\"M7.4 273.4C2.7 268.8 0 262.6 0 256s2.7-12.8 7.4-17.4l176-168c9.6-9.2 24.8-8.8 33.9 .8s8.8 24.8-.8 33.9L83.9 232 424 232c13.3 0 24 10.7 24 24s-10.7 24-24 24L83.9 280 216.6 406.6c9.6 9.2 9.9 24.3 .8 33.9s-24.3 9.9-33.9 .8l-176-168z\"\/><\/svg><\/span>Zur\u00fcck zur Startseite<\/a>\n<h1>Ein Herbst auf der Halbinsel Giens<\/h1><p>Der Herbst ist langsam aber sicher an der K\u00fcste angekommen. Die Tage werden vielleicht k\u00fcrzer, aber es ist immer noch relativ warm. <\/p><p>Die Saison erm\u00f6glicht es Ihnen, weiterhin viele Aktivit\u00e4ten zu unternehmen und die K\u00fcste von Hyeros auf andere Weise zu entdecken. F\u00fcr Gro\u00df und Klein, Aktive und Entspannungssuchende gibt es auf der <strong>Halbinsel<\/strong> viel zu tun und zu sehen. <\/p><div class=\"columns\"><div class=\"columns__item\" style=\"align-self:center;\"><h2>Eine Wanderung, bei der Sie die Aussicht genie\u00dfen k\u00f6nnen.<\/h2><p>In dieser Jahreszeit ist die<strong> Halbinsel<\/strong> leerer und es ist deutlich angenehmer, die Stadt zu besuchen. Der Wanderer in Ihnen wird den K\u00fcstenpfad zu sch\u00e4tzen wissen. Buchten und Str\u00e4nde so weit das Auge reicht, Inseln nicht weit von der K\u00fcste entfernt, schattige Pl\u00e4tze zum Ausruhen und Genie\u00dfen einer erholsamen Landschaft.    <\/p><p>Hier k\u00f6nnen Sie sich im milden Wetter des Hyerobeckens erholen. Dieser Rundweg, der einige Stunden dauert, wird Sie mit der Sch\u00f6nheit seiner reichen Natur beeindrucken. Der Weg beginnt in La Madrague und f\u00fchrt Sie entlang der K\u00fcste \u00fcber Pointe des Chevaliers, Pain de sucre und Port Niel.    <\/p><p>Entfliehen Sie dem L\u00e4rm der zwitschernden V\u00f6gel, dem Pl\u00e4tschern der Wellen und dem leichten Gef\u00fchl von W\u00e4rme auf Ihrer Haut. Der Herbst ist die perfekte Jahreszeit zum Wandern, eine komplexe Mischung aus mild, k\u00fchl und warm. <\/p><\/div><div class=\"columns__item\"><figure><picture><source srcset=\"https:\/\/acampa-vacances.com\/wp-content\/uploads\/2024\/11\/AdobeStock_242166938-420x420.jpeg.webp\" media=\"(max-width: 210px)\"><source srcset=\"https:\/\/acampa-vacances.com\/wp-content\/uploads\/2024\/11\/AdobeStock_242166938-850x567.jpeg.webp\" media=\"(max-width: 420px)\"><source srcset=\"https:\/\/acampa-vacances.com\/wp-content\/uploads\/2024\/11\/AdobeStock_242166938-768x512.jpeg.webp\" media=\"(max-width: 850px)\"><source srcset=\"https:\/\/acampa-vacances.com\/wp-content\/uploads\/2024\/11\/AdobeStock_242166938-1024x683.jpeg.webp\" media=\"(max-width: 1024px)\"><source srcset=\"https:\/\/acampa-vacances.com\/wp-content\/uploads\/2024\/11\/AdobeStock_242166938-scaled.jpeg.webp\" media=\"(min-width: 1025px)\"><img decoding=\"async\" src=\"https:\/\/acampa-vacances.com\/wp-content\/uploads\/2024\/11\/AdobeStock_242166938-420x420.jpeg.webp\" width=\"420\" height=\"210\" alt=\"Hiker woman with trekking sticks climbs steep on mountain trail, focus on boot\" loading=\"lazy\" title=\"\"><\/picture><\/figure><\/div><\/div><div class=\"columns\"><div class=\"columns__item\"><figure><picture><source srcset=\"https:\/\/acampa-vacances.com\/wp-content\/uploads\/2024\/11\/AdobeStock_901485752-420x420.jpeg.webp\" media=\"(max-width: 210px)\"><source srcset=\"https:\/\/acampa-vacances.com\/wp-content\/uploads\/2024\/11\/AdobeStock_901485752-850x476.jpeg.webp\" media=\"(max-width: 420px)\"><source srcset=\"https:\/\/acampa-vacances.com\/wp-content\/uploads\/2024\/11\/AdobeStock_901485752-768x430.jpeg.webp\" media=\"(max-width: 850px)\"><source srcset=\"https:\/\/acampa-vacances.com\/wp-content\/uploads\/2024\/11\/AdobeStock_901485752-1024x574.jpeg.webp\" media=\"(max-width: 1024px)\"><source srcset=\"https:\/\/acampa-vacances.com\/wp-content\/uploads\/2024\/11\/AdobeStock_901485752-scaled.jpeg.webp\" media=\"(min-width: 1025px)\"><img decoding=\"async\" src=\"https:\/\/acampa-vacances.com\/wp-content\/uploads\/2024\/11\/AdobeStock_901485752-420x420.jpeg.webp\" width=\"420\" height=\"210\" loading=\"lazy\" alt=\"\" title=\"\"><\/picture><\/figure><\/div><div class=\"columns__item\" style=\"align-self:center;\"><h2>Wasseraktivit\u00e4ten f\u00fcr jeden Geschmack.<\/h2><p>Das Meer bietet die M\u00f6glichkeit f\u00fcr viele verschiedene Aktivit\u00e4ten. Die K\u00fcste kann nicht nur vom Land aus besucht werden, sondern auch vom Wasser aus. Sie haben ein Paddle oder ein Kajak zur Verf\u00fcgung und k\u00f6nnen die K\u00fcste von der anderen Seite aus entdecken.    <\/p><p id=\"https:\/\/divingiens.fr\/\">Wenn Sie sich f\u00fcr einen Schnuppertauchgang bei <a href=\"https:\/\/divingiens.fr\/\" data-type=\"link\" data-id=\"https:\/\/divingiens.fr\/\" rel=\"noopener\">Divin&#8217;Giens<\/a> anmelden, k\u00f6nnen Sie die atemberaubende Meeresflora und -fauna entdecken. Das Becken von Hyeros ist sehr reich und seine Biodiversit\u00e4t fasziniert seit jeher. Wenn Sie eher sportlich sind, k\u00f6nnen Sie Kitesurfen oder Windsurfen mit der Segelschule <a href=\"https:\/\/spinout.fr\/\" data-type=\"link\" data-id=\"https:\/\/spinout.fr\/\" rel=\"noopener\">Spinout<\/a> ausprobieren.  <\/p><p>Am Spot von <strong>Almanarre<\/strong> ist es ein atemberaubendes Schauspiel! Wenn der Wind mitspielt, k\u00f6nnen Sie stundenlang ein Ballett von Segeln bewundern, das sich aneinanderreiht. Vergessen Sie nicht, Ihr Picknick mitzubringen, um dieses Erlebnis zu genie\u00dfen und Vitamin D zu tanken.  <\/p><\/div><\/div><div class=\"columns\"><div class=\"columns__item\" style=\"align-self:center;\"><h2>Der geschmolzene Turm \u00f6ffnet Ihnen die T\u00fcr zu den Goldenen Inseln.<\/h2><p>Haben Sie schon einmal die Insel <strong>Porquerolles<\/strong> besucht? Sie ist die bekannteste der \u00celes d&#8217;Or. Sie wurde dem <strong>Nationalpark Port-Cros<\/strong> angegliedert. Sie erreichen die Insel mit dem Boot von der Tour Fondue, auch bekannt als Batterie du Pradeau, die seit 1991 ebenfalls zum Nationalpark Port-Cros geh\u00f6rt.     <\/p><p>Die Insel steht unter Denkmalschutz und bietet eine Vielzahl von Aktivit\u00e4ten. Um die Insel auf eine andere Art und Weise zu entdecken, empfehlen wir Ihnen, ein Fahrrad zu mieten und die Wege zu nutzen, die Ihnen zur Verf\u00fcgung stehen. Sie werden viele kleine Buchten sehen, in denen Sie sich ausruhen, erfrischen und das Schauspiel bewundern k\u00f6nnen, von dem man nie genug bekommen kann. Trotz der Herbstsaison hat das Wasser nichts von seiner Pracht verloren und das t\u00fcrkisblaue Wasser ist immer noch ein Traum.   <\/p><p id=\"https:\/\/acampa-vacances.com\/international\/accueil\/\">W\u00e4hrend Ihres Aufenthalts auf der <strong>Halbinsel Giens<\/strong> werden Sie sich nicht langweilen. Auf <a href=\"https:\/\/acampa-vacances.com\/it\/international\/benvenuto\/\" data-type=\"link\" data-id=\"https:\/\/acampa-vacances.com\/international\/accueil\/\">Camping International<\/a> hei\u00dfen wir Sie den ganzen Herbst \u00fcber willkommen, damit Sie all diese Aktivit\u00e4ten in vollen Z\u00fcgen genie\u00dfen k\u00f6nnen. <\/p><\/div><div class=\"columns__item\" style=\"align-self:center;\"><figure><picture><source srcset=\"https:\/\/acampa-vacances.com\/wp-content\/uploads\/2024\/11\/AdobeStock_53155401-420x420.jpeg.webp\" media=\"(max-width: 210px)\"><source srcset=\"https:\/\/acampa-vacances.com\/wp-content\/uploads\/2024\/11\/AdobeStock_53155401-850x567.jpeg.webp\" media=\"(max-width: 420px)\"><source srcset=\"https:\/\/acampa-vacances.com\/wp-content\/uploads\/2024\/11\/AdobeStock_53155401-768x512.jpeg.webp\" media=\"(max-width: 850px)\"><source srcset=\"https:\/\/acampa-vacances.com\/wp-content\/uploads\/2024\/11\/AdobeStock_53155401-1024x683.jpeg.webp\" media=\"(max-width: 1024px)\"><source srcset=\"https:\/\/acampa-vacances.com\/wp-content\/uploads\/2024\/11\/AdobeStock_53155401-scaled.jpeg.webp\" media=\"(min-width: 1025px)\"><img decoding=\"async\" src=\"https:\/\/acampa-vacances.com\/wp-content\/uploads\/2024\/11\/AdobeStock_53155401-420x420.jpeg.webp\" width=\"420\" height=\"210\" alt=\"SONY DSC\" loading=\"lazy\" title=\"\"><\/picture><\/figure><\/div><\/div><h3>Weitere Artikel, die Sie lesen sollten, um Ihren Aufenthalt auf der Halbinsel Giens vorzubereiten<\/h3><ul><li><a href=\"https:\/\/acampa-vacances.com\/de\/winter-herbst\/das-presquile-von-giens-im-winter\/\" data-type=\"link\" data-id=\"https:\/\/acampa-vacances.com\/hiver-automne\/la-presquile-de-giens-en-hiver\/\">Die Halbinsel Giens im Winter<\/a>\n<\/li><li><a href=\"https:\/\/acampa-vacances.com\/de\/winter-herbst\/indian-lete-on-the-giens-presquile\/\" data-type=\"link\" data-id=\"https:\/\/acampa-vacances.com\/hiver-automne\/lete-indien-sur-la-presquile-de-giens\/\">Indian Summer auf der Halbinsel Giens<\/a>\n<\/li><\/ul>","protected":false},"excerpt":{"rendered":"<p>Ein Herbst auf der Halbinsel Giens Der Herbst ist langsam aber sicher an der K\u00fcste angekommen. Die Tage werden vielleicht k\u00fcrzer, aber es ist immer noch relativ warm. Die Saison erm\u00f6glicht es Ihnen, weiterhin viele Aktivit\u00e4ten zu unternehmen und die K\u00fcste von Hyeros auf andere Weise zu entdecken. F\u00fcr Gro\u00df und Klein, Aktive und Entspannungssuchende [&hellip;]<\/p>\n","protected":false},"featured_media":3425,"template":"","format":"standard","meta":{"_acf_changed":false,"footnotes":""},"hiver-automne":[140],"acf":[],"_links":{"self":[{"href":"https:\/\/acampa-vacances.com\/de\/wp-json\/wp\/v2\/hiver-automne\/12860"}],"collection":[{"href":"https:\/\/acampa-vacances.com\/de\/wp-json\/wp\/v2\/hiver-automne"}],"about":[{"href":"https:\/\/acampa-vacances.com\/de\/wp-json\/wp\/v2\/types\/hiver-automne"}],"version-history":[{"count":1,"href":"https:\/\/acampa-vacances.com\/de\/wp-json\/wp\/v2\/hiver-automne\/12860\/revisions"}],"predecessor-version":[{"id":12862,"href":"https:\/\/acampa-vacances.com\/de\/wp-json\/wp\/v2\/hiver-automne\/12860\/revisions\/12862"}],"wp:featuredmedia":[{"embeddable":true,"href":"https:\/\/acampa-vacances.com\/de\/wp-json\/wp\/v2\/media\/3425"}],"wp:attachment":[{"href":"https:\/\/acampa-vacances.com\/de\/wp-json\/wp\/v2\/media?parent=12860"}],"wp:term":[{"taxonomy":"hiver-automne","embeddable":true,"href":"https:\/\/acampa-vacances.com\/de\/wp-json\/wp\/v2\/hiver-automne?post=12860"}],"curies":[{"name":"wp","href":"https:\/\/api.w.org\/{rel}","templated":true}]}}

<nav class="fildariane"><a class="fildariane__item" href="https://acampa-vacances.com/de/">Acampa</a><span class="fc-icon"><svg xmlns="http://www.w3.org/2000/svg"  viewBox="0 0 320 512" width="16px" height="16px"><!--! Font Awesome Pro 6.4.2 by @fontawesome - https://fontawesome.com License - https://fontawesome.com/license (Commercial License) Copyright 2023 Fonticons, Inc.--><path d="M267.3 244.7c6.2 6.2 6.2 16.4 0 22.6l-160 160c-6.2 6.2-16.4 6.2-22.6 0s-6.2-16.4 0-22.6L233.4 256 84.7 107.3c-6.2-6.2-6.2-16.4 0-22.6s16.4-6.2 22.6 0l160 160z"/></svg></span><span class="fildariane__item">Ein Herbst auf der Halbinsel Giens</span></nav><a class="fildariane__item retour" href="https://acampa-vacances.com/de/""><span class="fc-icon"><svg xmlns="http://www.w3.org/2000/svg"  viewBox="0 0 448 512" width="16px" height="16px"><!--! Font Awesome Pro 6.4.2 by @fontawesome - https://fontawesome.com License - https://fontawesome.com/license (Commercial License) Copyright 2023 Fonticons, Inc.--><path d="M7.4 273.4C2.7 268.8 0 262.6 0 256s2.7-12.8 7.4-17.4l176-168c9.6-9.2 24.8-8.8 33.9 .8s8.8 24.8-.8 33.9L83.9 232 424 232c13.3 0 24 10.7 24 24s-10.7 24-24 24L83.9 280 216.6 406.6c9.6 9.2 9.9 24.3 .8 33.9s-24.3 9.9-33.9 .8l-176-168z"/></svg></span>Zurück zur Startseite</a>
<h1>Ein Herbst auf der Halbinsel Giens</h1><p>Der Herbst ist langsam aber sicher an der Küste angekommen. Die Tage werden vielleicht kürzer, aber es ist immer noch relativ warm. </p><p>Die Saison ermöglicht es Ihnen, weiterhin viele Aktivitäten zu unternehmen und die Küste von Hyeros auf andere Weise zu entdecken. Für Groß und Klein, Aktive und Entspannungssuchende gibt es auf der <strong>Halbinsel</strong> viel zu tun und zu sehen. </p><div class="columns"><div class="columns__item" style="align-self:center;"><h2>Eine Wanderung, bei der Sie die Aussicht genießen können.</h2><p>In dieser Jahreszeit ist die<strong> Halbinsel</strong> leerer und es ist deutlich angenehmer, die Stadt zu besuchen. Der Wanderer in Ihnen wird den Küstenpfad zu schätzen wissen. Buchten und Strände so weit das Auge reicht, Inseln nicht weit von der Küste entfernt, schattige Plätze zum Ausruhen und Genießen einer erholsamen Landschaft.    </p><p>Hier können Sie sich im milden Wetter des Hyerobeckens erholen. Dieser Rundweg, der einige Stunden dauert, wird Sie mit der Schönheit seiner reichen Natur beeindrucken. Der Weg beginnt in La Madrague und führt Sie entlang der Küste über Pointe des Chevaliers, Pain de sucre und Port Niel.    </p><p>Entfliehen Sie dem Lärm der zwitschernden Vögel, dem Plätschern der Wellen und dem leichten Gefühl von Wärme auf Ihrer Haut. Der Herbst ist die perfekte Jahreszeit zum Wandern, eine komplexe Mischung aus mild, kühl und warm. </p></div><div class="columns__item"><figure><picture><source srcset="https://acampa-vacances.com/wp-content/uploads/2024/11/AdobeStock_242166938-420x420.jpeg.webp" media="(max-width: 210px)"><source srcset="https://acampa-vacances.com/wp-content/uploads/2024/11/AdobeStock_242166938-850x567.jpeg.webp" media="(max-width: 420px)"><source srcset="https://acampa-vacances.com/wp-content/uploads/2024/11/AdobeStock_242166938-768x512.jpeg.webp" media="(max-width: 850px)"><source srcset="https://acampa-vacances.com/wp-content/uploads/2024/11/AdobeStock_242166938-1024x683.jpeg.webp" media="(max-width: 1024px)"><source srcset="https://acampa-vacances.com/wp-content/uploads/2024/11/AdobeStock_242166938-scaled.jpeg.webp" media="(min-width: 1025px)"><img decoding="async" src="https://acampa-vacances.com/wp-content/uploads/2024/11/AdobeStock_242166938-420x420.jpeg.webp" width="420" height="210" alt="Hiker woman with trekking sticks climbs steep on mountain trail, focus on boot" loading="lazy" title=""></picture></figure></div></div><div class="columns"><div class="columns__item"><figure><picture><source srcset="https://acampa-vacances.com/wp-content/uploads/2024/11/AdobeStock_901485752-420x420.jpeg.webp" media="(max-width: 210px)"><source srcset="https://acampa-vacances.com/wp-content/uploads/2024/11/AdobeStock_901485752-850x476.jpeg.webp" media="(max-width: 420px)"><source srcset="https://acampa-vacances.com/wp-content/uploads/2024/11/AdobeStock_901485752-768x430.jpeg.webp" media="(max-width: 850px)"><source srcset="https://acampa-vacances.com/wp-content/uploads/2024/11/AdobeStock_901485752-1024x574.jpeg.webp" media="(max-width: 1024px)"><source srcset="https://acampa-vacances.com/wp-content/uploads/2024/11/AdobeStock_901485752-scaled.jpeg.webp" media="(min-width: 1025px)"><img decoding="async" src="https://acampa-vacances.com/wp-content/uploads/2024/11/AdobeStock_901485752-420x420.jpeg.webp" width="420" height="210" loading="lazy" alt="" title=""></picture></figure></div><div class="columns__item" style="align-self:center;"><h2>Wasseraktivitäten für jeden Geschmack.</h2><p>Das Meer bietet die Möglichkeit für viele verschiedene Aktivitäten. Die Küste kann nicht nur vom Land aus besucht werden, sondern auch vom Wasser aus. Sie haben ein Paddle oder ein Kajak zur Verfügung und können die Küste von der anderen Seite aus entdecken.    </p><p id="https://divingiens.fr/">Wenn Sie sich für einen Schnuppertauchgang bei <a href="https://divingiens.fr/" data-type="link" data-id="https://divingiens.fr/" rel="noopener">Divin&#8217;Giens</a> anmelden, können Sie die atemberaubende Meeresflora und -fauna entdecken. Das Becken von Hyeros ist sehr reich und seine Biodiversität fasziniert seit jeher. Wenn Sie eher sportlich sind, können Sie Kitesurfen oder Windsurfen mit der Segelschule <a href="https://spinout.fr/" data-type="link" data-id="https://spinout.fr/" rel="noopener">Spinout</a> ausprobieren.  </p><p>Am Spot von <strong>Almanarre</strong> ist es ein atemberaubendes Schauspiel! Wenn der Wind mitspielt, können Sie stundenlang ein Ballett von Segeln bewundern, das sich aneinanderreiht. Vergessen Sie nicht, Ihr Picknick mitzubringen, um dieses Erlebnis zu genießen und Vitamin D zu tanken.  </p></div></div><div class="columns"><div class="columns__item" style="align-self:center;"><h2>Der geschmolzene Turm öffnet Ihnen die Tür zu den Goldenen Inseln.</h2><p>Haben Sie schon einmal die Insel <strong>Porquerolles</strong> besucht? Sie ist die bekannteste der Îles d&#8217;Or. Sie wurde dem <strong>Nationalpark Port-Cros</strong> angegliedert. Sie erreichen die Insel mit dem Boot von der Tour Fondue, auch bekannt als Batterie du Pradeau, die seit 1991 ebenfalls zum Nationalpark Port-Cros gehört.     </p><p>Die Insel steht unter Denkmalschutz und bietet eine Vielzahl von Aktivitäten. Um die Insel auf eine andere Art und Weise zu entdecken, empfehlen wir Ihnen, ein Fahrrad zu mieten und die Wege zu nutzen, die Ihnen zur Verfügung stehen. Sie werden viele kleine Buchten sehen, in denen Sie sich ausruhen, erfrischen und das Schauspiel bewundern können, von dem man nie genug bekommen kann. Trotz der Herbstsaison hat das Wasser nichts von seiner Pracht verloren und das türkisblaue Wasser ist immer noch ein Traum.   </p><p id="https://acampa-vacances.com/international/accueil/">Während Ihres Aufenthalts auf der <strong>Halbinsel Giens</strong> werden Sie sich nicht langweilen. Auf <a href="https://acampa-vacances.com/it/international/benvenuto/" data-type="link" data-id="https://acampa-vacances.com/international/accueil/">Camping International</a> heißen wir Sie den ganzen Herbst über willkommen, damit Sie all diese Aktivitäten in vollen Zügen genießen können. </p></div><div class="columns__item" style="align-self:center;"><figure><picture><source srcset="https://acampa-vacances.com/wp-content/uploads/2024/11/AdobeStock_53155401-420x420.jpeg.webp" media="(max-width: 210px)"><source srcset="https://acampa-vacances.com/wp-content/uploads/2024/11/AdobeStock_53155401-850x567.jpeg.webp" media="(max-width: 420px)"><source srcset="https://acampa-vacances.com/wp-content/uploads/2024/11/AdobeStock_53155401-768x512.jpeg.webp" media="(max-width: 850px)"><source srcset="https://acampa-vacances.com/wp-content/uploads/2024/11/AdobeStock_53155401-1024x683.jpeg.webp" media="(max-width: 1024px)"><source srcset="https://acampa-vacances.com/wp-content/uploads/2024/11/AdobeStock_53155401-scaled.jpeg.webp" media="(min-width: 1025px)"><img decoding="async" src="https://acampa-vacances.com/wp-content/uploads/2024/11/AdobeStock_53155401-420x420.jpeg.webp" width="420" height="210" alt="SONY DSC" loading="lazy" title=""></picture></figure></div></div><h3>Weitere Artikel, die Sie lesen sollten, um Ihren Aufenthalt auf der Halbinsel Giens vorzubereiten</h3><ul><li><a href="https://acampa-vacances.com/de/winter-herbst/das-presquile-von-giens-im-winter/" data-type="link" data-id="https://acampa-vacances.com/hiver-automne/la-presquile-de-giens-en-hiver/">Die Halbinsel Giens im Winter</a>
</li><li><a href="https://acampa-vacances.com/de/winter-herbst/indian-lete-on-the-giens-presquile/" data-type="link" data-id="https://acampa-vacances.com/hiver-automne/lete-indien-sur-la-presquile-de-giens/">Indian Summer auf der Halbinsel Giens</a>
</li></ul>

<p>Ein Herbst auf der Halbinsel Giens Der Herbst ist langsam aber sicher an der Küste angekommen. Die Tage werden vielleicht kürzer, aber es ist immer noch relativ warm. Die Saison ermöglicht es Ihnen, weiterhin viele Aktivitäten zu unternehmen und die Küste von Hyeros auf andere Weise zu entdecken. Für Groß und Klein, Aktive und Entspannungssuchende [&hellip;]</p>
