{"id":12464,"date":"2024-11-25T10:11:59","date_gmt":"2024-11-25T09:11:59","guid":{"rendered":"https:\/\/acampa-vacances.com\/tourisme\/la-plage-de-la-badine\/"},"modified":"2025-01-29T09:22:09","modified_gmt":"2025-01-29T08:22:09","slug":"der-strand-von-la-badine","status":"publish","type":"tourisme","link":"https:\/\/acampa-vacances.com\/de\/tourismus\/der-strand-von-la-badine\/","title":{"rendered":"Strand von La Badine"},"content":{"rendered":"<nav class=\"fildariane\"><a class=\"fildariane__item\" href=\"https:\/\/acampa-vacances.com\/de\/\">Acampa<\/a><span class=\"fc-icon\"><svg xmlns=\"http:\/\/www.w3.org\/2000\/svg\"  viewBox=\"0 0 320 512\" width=\"16px\" height=\"16px\"><!--! Font Awesome Pro 6.4.2 by @fontawesome - https:\/\/fontawesome.com License - https:\/\/fontawesome.com\/license (Commercial License) Copyright 2023 Fonticons, Inc.--><path d=\"M267.3 244.7c6.2 6.2 6.2 16.4 0 22.6l-160 160c-6.2 6.2-16.4 6.2-22.6 0s-6.2-16.4 0-22.6L233.4 256 84.7 107.3c-6.2-6.2-6.2-16.4 0-22.6s16.4-6.2 22.6 0l160 160z\"\/><\/svg><\/span><span class=\"fildariane__item\">Strand von La Badine<\/span><\/nav><a class=\"fildariane__item retour\" href=\"https:\/\/acampa-vacances.com\/de\/\"\"><span class=\"fc-icon\"><svg xmlns=\"http:\/\/www.w3.org\/2000\/svg\"  viewBox=\"0 0 448 512\" width=\"16px\" height=\"16px\"><!--! Font Awesome Pro 6.4.2 by @fontawesome - https:\/\/fontawesome.com License - https:\/\/fontawesome.com\/license (Commercial License) Copyright 2023 Fonticons, Inc.--><path d=\"M7.4 273.4C2.7 268.8 0 262.6 0 256s2.7-12.8 7.4-17.4l176-168c9.6-9.2 24.8-8.8 33.9 .8s8.8 24.8-.8 33.9L83.9 232 424 232c13.3 0 24 10.7 24 24s-10.7 24-24 24L83.9 280 216.6 406.6c9.6 9.2 9.9 24.3 .8 33.9s-24.3 9.9-33.9 .8l-176-168z\"\/><\/svg><\/span>Zur\u00fcck zur Startseite<\/a>\n<h1>Der Strand von La Badine<\/h1><div class=\"columns\"><div class=\"columns__item\"><h2>Der Strand von La Badine und die Campingpl\u00e4tze<\/h2><p>Der Strand Badine in Hy\u00e9res ist ein sch\u00f6ner, sanft abfallender Sandstrand, der an den Strand Bergerie angrenzt.<\/p><p>Die rechte Seite bleibt dank der Pinien einen Teil des Tages im Schatten.<\/p><p>Drei kleine Buchten erwarten Sie, wenn Sie den K\u00fcstenpfad nach rechts nehmen. Das Wasser ist herrlich und der niedrige Wasserstand erm\u00f6glicht es Ihnen, eine sehr lange Strecke im Meer zu laufen. <\/p><p id=\"https:\/\/acampa-vacances.com\/clairdelune\/accueil\/\">Der n\u00e4chstgelegene Campingplatz ist Camping de la bergerie Hy\u00e8res und <a href=\"https:\/\/acampa-vacances.com\/nl\/clairdelune\/welkom\/\" data-type=\"link\" data-id=\"https:\/\/acampa-vacances.com\/clairdelune\/accueil\/\">Camping Clair de Lune in Hy\u00e8res<\/a> ist 2 km entfernt.<\/p><\/div><div class=\"columns__item\"><figure><picture><source srcset=\"https:\/\/acampa-vacances.com\/wp-content\/uploads\/2024\/11\/brittany-4593960_1280-700x405-1-420x405.jpg.webp\" media=\"(max-width: 210px)\"><source srcset=\"https:\/\/acampa-vacances.com\/wp-content\/uploads\/2024\/11\/brittany-4593960_1280-700x405-1.jpg.webp\" media=\"(max-width: 420px)\"><source srcset=\"https:\/\/acampa-vacances.com\/wp-content\/uploads\/2024\/11\/brittany-4593960_1280-700x405-1.jpg.webp\" media=\"(max-width: 850px)\"><source srcset=\"https:\/\/acampa-vacances.com\/wp-content\/uploads\/2024\/11\/brittany-4593960_1280-700x405-1.jpg.webp\" media=\"(max-width: 1024px)\"><source srcset=\"https:\/\/acampa-vacances.com\/wp-content\/uploads\/2024\/11\/brittany-4593960_1280-700x405-1.jpg.webp\" media=\"(min-width: 1025px)\"><img decoding=\"async\" src=\"https:\/\/acampa-vacances.com\/wp-content\/uploads\/2024\/11\/brittany-4593960_1280-700x405-1-420x405.jpg.webp\" width=\"420\" height=\"210\" loading=\"lazy\" alt=\"\" title=\"\"><\/picture><\/figure><\/div><\/div><h2>Der Strand von La Bergerie und die Unterk\u00fcnfte<\/h2><p>In der N\u00e4he des Strandes von La Badine Giens finden Sie verschiedene Arten von Ferienh\u00e4usern, z.B. Ferienh\u00e4user in La Badine oder La Bergerie. Das Fremdenverkehrsamt von Hy\u00e8res listet in seinem Praktischen F\u00fchrer\/Unterk\u00fcnfte in Hyeres Ferienwohnungen und Ferienh\u00e4user am Strand La Bergerie und am Strand La Badine auf. <\/p><p id=\"https:\/\/acampa-vacances.com\/tourisme\/la-plage-de-lalmanarre\/\">Entdecken Sie auch den <a href=\"https:\/\/acampa-vacances.com\/de\/tourismus\/der-strand-von-lalmanarre\/\" data-type=\"link\" data-id=\"https:\/\/acampa-vacances.com\/tourisme\/la-plage-de-lalmanarre\/\">Strand von Almanarre<\/a>.<\/p>","protected":false},"excerpt":{"rendered":"<p>Der Strand von La Badine Der Strand von La Badine und die Campingpl\u00e4tze Der Strand Badine in Hy\u00e9res ist ein sch\u00f6ner, sanft abfallender Sandstrand, der an den Strand Bergerie angrenzt. Die rechte Seite bleibt dank der Pinien einen Teil des Tages im Schatten. Drei kleine Buchten erwarten Sie, wenn Sie den K\u00fcstenpfad nach rechts nehmen. [&hellip;]<\/p>\n","protected":false},"author":1,"featured_media":2626,"parent":0,"menu_order":0,"template":"","format":"standard","meta":{"_acf_changed":false,"footnotes":""},"tourisme":[77],"acf":[],"_links":{"self":[{"href":"https:\/\/acampa-vacances.com\/de\/wp-json\/wp\/v2\/tourisme\/12464"}],"collection":[{"href":"https:\/\/acampa-vacances.com\/de\/wp-json\/wp\/v2\/tourisme"}],"about":[{"href":"https:\/\/acampa-vacances.com\/de\/wp-json\/wp\/v2\/types\/tourisme"}],"author":[{"embeddable":true,"href":"https:\/\/acampa-vacances.com\/de\/wp-json\/wp\/v2\/users\/1"}],"version-history":[{"count":1,"href":"https:\/\/acampa-vacances.com\/de\/wp-json\/wp\/v2\/tourisme\/12464\/revisions"}],"predecessor-version":[{"id":12465,"href":"https:\/\/acampa-vacances.com\/de\/wp-json\/wp\/v2\/tourisme\/12464\/revisions\/12465"}],"wp:featuredmedia":[{"embeddable":true,"href":"https:\/\/acampa-vacances.com\/de\/wp-json\/wp\/v2\/media\/2626"}],"wp:attachment":[{"href":"https:\/\/acampa-vacances.com\/de\/wp-json\/wp\/v2\/media?parent=12464"}],"wp:term":[{"taxonomy":"tourisme","embeddable":true,"href":"https:\/\/acampa-vacances.com\/de\/wp-json\/wp\/v2\/tourisme?post=12464"}],"curies":[{"name":"wp","href":"https:\/\/api.w.org\/{rel}","templated":true}]}}

<nav class="fildariane"><a class="fildariane__item" href="https://acampa-vacances.com/de/">Acampa</a><span class="fc-icon"><svg xmlns="http://www.w3.org/2000/svg"  viewBox="0 0 320 512" width="16px" height="16px"><!--! Font Awesome Pro 6.4.2 by @fontawesome - https://fontawesome.com License - https://fontawesome.com/license (Commercial License) Copyright 2023 Fonticons, Inc.--><path d="M267.3 244.7c6.2 6.2 6.2 16.4 0 22.6l-160 160c-6.2 6.2-16.4 6.2-22.6 0s-6.2-16.4 0-22.6L233.4 256 84.7 107.3c-6.2-6.2-6.2-16.4 0-22.6s16.4-6.2 22.6 0l160 160z"/></svg></span><span class="fildariane__item">Strand von La Badine</span></nav><a class="fildariane__item retour" href="https://acampa-vacances.com/de/""><span class="fc-icon"><svg xmlns="http://www.w3.org/2000/svg"  viewBox="0 0 448 512" width="16px" height="16px"><!--! Font Awesome Pro 6.4.2 by @fontawesome - https://fontawesome.com License - https://fontawesome.com/license (Commercial License) Copyright 2023 Fonticons, Inc.--><path d="M7.4 273.4C2.7 268.8 0 262.6 0 256s2.7-12.8 7.4-17.4l176-168c9.6-9.2 24.8-8.8 33.9 .8s8.8 24.8-.8 33.9L83.9 232 424 232c13.3 0 24 10.7 24 24s-10.7 24-24 24L83.9 280 216.6 406.6c9.6 9.2 9.9 24.3 .8 33.9s-24.3 9.9-33.9 .8l-176-168z"/></svg></span>Zurück zur Startseite</a>
<h1>Der Strand von La Badine</h1><div class="columns"><div class="columns__item"><h2>Der Strand von La Badine und die Campingplätze</h2><p>Der Strand Badine in Hyéres ist ein schöner, sanft abfallender Sandstrand, der an den Strand Bergerie angrenzt.</p><p>Die rechte Seite bleibt dank der Pinien einen Teil des Tages im Schatten.</p><p>Drei kleine Buchten erwarten Sie, wenn Sie den Küstenpfad nach rechts nehmen. Das Wasser ist herrlich und der niedrige Wasserstand ermöglicht es Ihnen, eine sehr lange Strecke im Meer zu laufen. </p><p id="https://acampa-vacances.com/clairdelune/accueil/">Der nächstgelegene Campingplatz ist Camping de la bergerie Hyères und <a href="https://acampa-vacances.com/nl/clairdelune/welkom/" data-type="link" data-id="https://acampa-vacances.com/clairdelune/accueil/">Camping Clair de Lune in Hyères</a> ist 2 km entfernt.</p></div><div class="columns__item"><figure><picture><source srcset="https://acampa-vacances.com/wp-content/uploads/2024/11/brittany-4593960_1280-700x405-1-420x405.jpg.webp" media="(max-width: 210px)"><source srcset="https://acampa-vacances.com/wp-content/uploads/2024/11/brittany-4593960_1280-700x405-1.jpg.webp" media="(max-width: 420px)"><source srcset="https://acampa-vacances.com/wp-content/uploads/2024/11/brittany-4593960_1280-700x405-1.jpg.webp" media="(max-width: 850px)"><source srcset="https://acampa-vacances.com/wp-content/uploads/2024/11/brittany-4593960_1280-700x405-1.jpg.webp" media="(max-width: 1024px)"><source srcset="https://acampa-vacances.com/wp-content/uploads/2024/11/brittany-4593960_1280-700x405-1.jpg.webp" media="(min-width: 1025px)"><img decoding="async" src="https://acampa-vacances.com/wp-content/uploads/2024/11/brittany-4593960_1280-700x405-1-420x405.jpg.webp" width="420" height="210" loading="lazy" alt="" title=""></picture></figure></div></div><h2>Der Strand von La Bergerie und die Unterkünfte</h2><p>In der Nähe des Strandes von La Badine Giens finden Sie verschiedene Arten von Ferienhäusern, z.B. Ferienhäuser in La Badine oder La Bergerie. Das Fremdenverkehrsamt von Hyères listet in seinem Praktischen Führer/Unterkünfte in Hyeres Ferienwohnungen und Ferienhäuser am Strand La Bergerie und am Strand La Badine auf. </p><p id="https://acampa-vacances.com/tourisme/la-plage-de-lalmanarre/">Entdecken Sie auch den <a href="https://acampa-vacances.com/de/tourismus/der-strand-von-lalmanarre/" data-type="link" data-id="https://acampa-vacances.com/tourisme/la-plage-de-lalmanarre/">Strand von Almanarre</a>.</p>

<p>Der Strand von La Badine Der Strand von La Badine und die Campingplätze Der Strand Badine in Hyéres ist ein schöner, sanft abfallender Sandstrand, der an den Strand Bergerie angrenzt. Die rechte Seite bleibt dank der Pinien einen Teil des Tages im Schatten. Drei kleine Buchten erwarten Sie, wenn Sie den Küstenpfad nach rechts nehmen. [&hellip;]</p>
