{"id":12480,"date":"2024-11-25T10:11:59","date_gmt":"2024-11-25T09:11:59","guid":{"rendered":"https:\/\/acampa-vacances.com\/tourisme\/porquerolles-et-ses-plages-de-reve\/"},"modified":"2026-02-02T15:23:07","modified_gmt":"2026-02-02T14:23:07","slug":"porquerolles-und-seine-traumstrande","status":"publish","type":"tourisme","link":"https:\/\/acampa-vacances.com\/de\/tourismus\/porquerolles-und-seine-traumstrande\/","title":{"rendered":"Porquerolles und seine Str\u00e4nde"},"content":{"rendered":"<h1>Porquerolles und seine Traumstr\u00e4nde (Hy\u00e8res, Var 83)<\/h1>\n\n<p>Wissen Sie, wo sich die sch\u00f6nsten Str\u00e4nde Frankreichs befinden? Auf <strong>Porquerolles<\/strong>! Diese Insel liegt im Nationalpark Port-Cros und ist die gr\u00f6\u00dfte der drei goldenen Inseln in der Bucht von Hy\u00e8res. Alle unsere Tipps finden Sie in diesem Artikel!  <\/p>\n\n<h2>Der schwarze Strand von Langoustier auf Porquerolles<\/h2>\n\n<p>Dieser Strand befindet sich im S\u00fcdwesten der<strong> Insel Porquerolles<\/strong>. Vom Dorf aus ben\u00f6tigen Sie ca. 1,5 Stunden bis zu diesem Strand. Der Strand ist windgesch\u00fctzt und zeichnet sich durch seinen schwarzen Sand aus. Sie werden begeistert sein!   <\/p>\n\n<div class=\"columns\"><div class=\"columns__item\" style=\"align-self:center;\"><h2>Der Strand von Langoustier in Porquerolles<\/h2><p>Der Strand befindet sich in der N\u00e4he der Westspitze der Insel, 45 Minuten mit dem Fahrrad vom Dorfzentrum entfernt (ca. 5 km). Dieser sch\u00f6ne Strand ist vor Wellen und Wind gesch\u00fctzt. Das <strong>Fort du Langoustier<\/strong> befindet sich in der N\u00e4he des Strandes.  <\/p><\/div><div class=\"columns__item\"><figure style=\"position:relative;\"><picture><source srcset=\"https:\/\/acampa-vacances.com\/wp-content\/uploads\/2024\/11\/international-porquerolles-4-420x420.jpg\" media=\"(max-width: 210px)\"><source srcset=\"https:\/\/acampa-vacances.com\/wp-content\/uploads\/2024\/11\/international-porquerolles-4.jpg\" media=\"(max-width: 420px)\"><source srcset=\"https:\/\/acampa-vacances.com\/wp-content\/uploads\/2024\/11\/international-porquerolles-4.jpg\" media=\"(max-width: 850px)\"><source srcset=\"https:\/\/acampa-vacances.com\/wp-content\/uploads\/2024\/11\/international-porquerolles-4.jpg\" media=\"(max-width: 1024px)\"><source srcset=\"https:\/\/acampa-vacances.com\/wp-content\/uploads\/2024\/11\/international-porquerolles-4.jpg\" media=\"(min-width: 1025px)\"><img decoding=\"async\" src=\"https:\/\/acampa-vacances.com\/wp-content\/uploads\/2024\/11\/international-porquerolles-4-420x420.jpg\" width=\"420\" height=\"210\" loading=\"lazy\" alt=\"\" title=\"\"><\/picture><figcaption>Bildnachweis: hyeres-tourisme.com<\/figcaption><\/figure><\/div><\/div>\n\n<div class=\"columns\"><div class=\"columns__item\"><figure style=\"position:relative;\"><picture><source srcset=\"https:\/\/acampa-vacances.com\/wp-content\/uploads\/2024\/11\/international-porquerolles-3-420x420.jpg.webp\" media=\"(max-width: 210px)\"><source srcset=\"https:\/\/acampa-vacances.com\/wp-content\/uploads\/2024\/11\/international-porquerolles-3.jpg.webp\" media=\"(max-width: 420px)\"><source srcset=\"https:\/\/acampa-vacances.com\/wp-content\/uploads\/2024\/11\/international-porquerolles-3.jpg.webp\" media=\"(max-width: 850px)\"><source srcset=\"https:\/\/acampa-vacances.com\/wp-content\/uploads\/2024\/11\/international-porquerolles-3.jpg.webp\" media=\"(max-width: 1024px)\"><source srcset=\"https:\/\/acampa-vacances.com\/wp-content\/uploads\/2024\/11\/international-porquerolles-3.jpg.webp\" media=\"(min-width: 1025px)\"><img decoding=\"async\" src=\"https:\/\/acampa-vacances.com\/wp-content\/uploads\/2024\/11\/international-porquerolles-3-420x420.jpg.webp\" width=\"420\" height=\"210\" loading=\"lazy\" alt=\"\" title=\"\"><\/picture><figcaption>Bildnachweis: hyeres-tourisme.com<\/figcaption><\/figure><\/div><div class=\"columns__item\" style=\"align-self:center;\"><h2>Der Strand von La Courtade in Porquerolles<\/h2><p>Riechen Sie den unglaublichen Duft von Eukalyptus und Kiefern! Dieser gr\u00f6\u00dfte Strand der Insel ist von majest\u00e4tischen B\u00e4umen umgeben, die einen bet\u00f6renden Duft verstr\u00f6men. Er liegt etwa 15 Minuten zu Fu\u00df vom Dorf entfernt und ist einer der beliebtesten Str\u00e4nde der Insel f\u00fcr Familien. Das Wasser ist flach, was ideal f\u00fcr Kinder ist.   <\/p><\/div><\/div>\n\n<div class=\"columns\"><div class=\"columns__item\" style=\"align-self:center;\"><h2>Der Strand Notre Dame in Porquerolles<\/h2><p><strong>Der Strand Notre Dame<\/strong> ist unser Favorit. Er wurde 2015 zum sch\u00f6nsten Strand Europas gew\u00e4hlt. Er liegt direkt am Meer und ist der ideale Strand, um sich zu entspannen und die Sonne und das Meer zu genie\u00dfen, da er nicht \u00fcberlaufen ist!  <\/p><\/div><div class=\"columns__item\"><figure style=\"position:relative;\"><picture><source srcset=\"https:\/\/acampa-vacances.com\/wp-content\/uploads\/2024\/11\/international-porquerolles-2-420x420.jpg.webp\" media=\"(max-width: 210px)\"><source srcset=\"https:\/\/acampa-vacances.com\/wp-content\/uploads\/2024\/11\/international-porquerolles-2.jpg.webp\" media=\"(max-width: 420px)\"><source srcset=\"https:\/\/acampa-vacances.com\/wp-content\/uploads\/2024\/11\/international-porquerolles-2.jpg.webp\" media=\"(max-width: 850px)\"><source srcset=\"https:\/\/acampa-vacances.com\/wp-content\/uploads\/2024\/11\/international-porquerolles-2.jpg.webp\" media=\"(max-width: 1024px)\"><source srcset=\"https:\/\/acampa-vacances.com\/wp-content\/uploads\/2024\/11\/international-porquerolles-2.jpg.webp\" media=\"(min-width: 1025px)\"><img decoding=\"async\" src=\"https:\/\/acampa-vacances.com\/wp-content\/uploads\/2024\/11\/international-porquerolles-2-420x420.jpg.webp\" width=\"420\" height=\"210\" loading=\"lazy\" alt=\"\" title=\"\"><\/picture><figcaption>Bildnachweis: hyeres-tourisme.com<\/figcaption><\/figure><\/div><\/div>\n\n<div class=\"columns\"><div class=\"columns__item\"><figure style=\"position:relative;\"><picture><source srcset=\"https:\/\/acampa-vacances.com\/wp-content\/uploads\/2024\/11\/international-porquerolles-5-420x420.jpg.webp\" media=\"(max-width: 210px)\"><source srcset=\"https:\/\/acampa-vacances.com\/wp-content\/uploads\/2024\/11\/international-porquerolles-5.jpg.webp\" media=\"(max-width: 420px)\"><source srcset=\"https:\/\/acampa-vacances.com\/wp-content\/uploads\/2024\/11\/international-porquerolles-5.jpg.webp\" media=\"(max-width: 850px)\"><source srcset=\"https:\/\/acampa-vacances.com\/wp-content\/uploads\/2024\/11\/international-porquerolles-5.jpg.webp\" media=\"(max-width: 1024px)\"><source srcset=\"https:\/\/acampa-vacances.com\/wp-content\/uploads\/2024\/11\/international-porquerolles-5.jpg.webp\" media=\"(min-width: 1025px)\"><img decoding=\"async\" src=\"https:\/\/acampa-vacances.com\/wp-content\/uploads\/2024\/11\/international-porquerolles-5-420x420.jpg.webp\" width=\"420\" height=\"210\" loading=\"lazy\" alt=\"\" title=\"\"><\/picture><figcaption>Bildnachweis: hyeres-tourisme.com<\/figcaption><\/figure><\/div><div class=\"columns__item\" style=\"align-self:center;\"><h2>Der ber\u00fchmte Silberstrand in Porquerolles<\/h2><p>Mit seinem t\u00fcrkisfarbenen Wasser und dem feinen wei\u00dfen Sand ist dies ein sehr beliebter und gut besuchter Strand. Da er flach ist, ist er ideal f\u00fcr alle! 25 Minuten zu Fu\u00df vom Dorf entfernt, 10 Minuten mit dem Fahrrad.  <\/p><\/div><\/div>\n\n<h2>Die Calanque du Br\u00e9gan\u00e7onnet in Porquerolles<\/h2>\n\n<p>Am Rande eines wundersch\u00f6nen Pinienwaldes gelegen, bietet diese Bucht eine nat\u00fcrliche und beruhigende Umgebung, ideal um Ruhe und Entspannung zu finden. Wenn Sie gerne tauchen, ist dieser Ort ein guter Tauchplatz. <\/p>\n\n<p>Um diese sch\u00f6nen Calanques zu erreichen, nehmen Sie vom Hafen von Porquerolles aus den Chemin du Langoustier (Richtung Plage d&#8217;Argent), nach etwas mehr als einem Kilometer m\u00fcssen Sie links abbiegen.<\/p>\n\n<h2>Calanque de l&#8217;Oustaou-de-Diou in Porquerolles<\/h2>\n\n<p>Die Calanques de l&#8217;Oustaou-de-Diou befinden sich auf der anderen Seite des Hafens, zwischen zwei Klippen. Diese sehr enge Calanque bietet eine sch\u00f6ne Aussicht. Kommen Sie fr\u00fchzeitig, um sich einen Platz im Sommer zu sichern!  <\/p>\n\n<p>Wenn Sie jetzt Lust bekommen haben, im sch\u00f6nen t\u00fcrkisfarbenen Wasser der Insel Porquerolles zu baden, empfehlen wir Ihnen einen Urlaub hier auf der Halbinsel Giens.<\/p>\n\n<h2>Besuchen Sie Porquerolles und buchen Sie Ihren Aufenthalt auf einem unserer Campingpl\u00e4tze in Giens.<\/h2>\n\n<p>Die Halbinsel Giens ist perfekt f\u00fcr einen herrlichen Urlaub, bei dem Sie sicher sein k\u00f6nnen, dass die Sonne scheint und die Temperaturen sehr angenehm sind.<\/p>\n\n<p>Giens liegt in der N\u00e4he der Ile de Port-Cros, der Ile de Porquerolles und der Ile du Levant und ist einer der beliebtesten Urlaubsorte im Sommer! Hier finden Sie viele Aktivit\u00e4ten, die Sie mit Ihrer Familie oder mit Freunden unternehmen k\u00f6nnen. <\/p>\n\n<p>Hier finden Sie unsere drei Partner-Campingpl\u00e4tze und ihre komfortablen Unterk\u00fcnfte auf der Halbinsel Giens.<\/p>\n\n<p id=\"192\">F\u00fcr einen Fun- und Sporturlaub buchen Sie auf <a href=\"https:\/\/acampa-vacances.com\/de\/international\/willkommen\/\" data-type=\"international\" data-id=\"192\">Camping International<\/a> ein Mobilheim, ein typisch provenzalisches Appartement oder einen Stellplatz.<\/p>\n\n<p id=\"1491\">F\u00fcr einen ruhigen und friedlichen Aufenthalt steht Ihnen der <a href=\"https:\/\/acampa-vacances.com\/de\/clairdelune\/willkommen\/\" data-type=\"clairdelune\" data-id=\"1491\">Campingplatz Clair de Lune<\/a> zur Verf\u00fcgung. Hier k\u00f6nnen Sie ein Appartement (mit oder ohne Spa), ein Mobilheim oder eine ungew\u00f6hnliche Unterkunft mieten.<\/p>\n\n<p id=\"1448\">Sind Sie ein Fan von Natur und Authentizit\u00e4t? Dann ist der <a href=\"https:\/\/acampa-vacances.com\/de\/iledor\/willkommen\/\" data-type=\"iledor\" data-id=\"1448\">Campingplatz \u00cele d&#8217;Or<\/a> genau das Richtige f\u00fcr Sie! Mieten Sie ein Mobilheim oder einen Stellplatz.  <\/p>\n\n<h3>Weitere Artikel, die Sie lesen sollten, um Ihren Aufenthalt in der N\u00e4he von Porquerolles vorzubereiten<\/h3>\n\n<ul><li><a href=\"https:\/\/acampa-vacances.com\/de\/tourismus\/entdecken-sie-die-aktivitaten-in-porquerolles\/\" data-type=\"tourisme\" data-id=\"961\">Entdecken Sie die Aktivit\u00e4ten in Porquerolles<\/a>\n<\/li><li><a href=\"https:\/\/acampa-vacances.com\/de\/blog\/die-5-schonsten-strande-von-hyeres\/\" data-type=\"blog\" data-id=\"1082\">Die 5 sch\u00f6nsten Str\u00e4nde in Hy\u00e8res<\/a>\n<\/li><\/ul>","protected":false},"excerpt":{"rendered":"<p>Porquerolles und seine Traumstr\u00e4nde (Hy\u00e8res, Var 83) Wissen Sie, wo sich die sch\u00f6nsten Str\u00e4nde Frankreichs befinden? Auf Porquerolles! Diese Insel liegt im Nationalpark Port-Cros und ist die gr\u00f6\u00dfte der drei goldenen Inseln in der Bucht von Hy\u00e8res. Alle unsere Tipps finden Sie in diesem Artikel! Der schwarze Strand von Langoustier auf Porquerolles Dieser Strand befindet [&hellip;]<\/p>\n","protected":false},"author":1,"featured_media":10501,"parent":0,"menu_order":0,"template":"","format":"standard","meta":{"_acf_changed":false,"footnotes":""},"tourisme":[77],"acf":[],"_links":{"self":[{"href":"https:\/\/acampa-vacances.com\/de\/wp-json\/wp\/v2\/tourisme\/12480"}],"collection":[{"href":"https:\/\/acampa-vacances.com\/de\/wp-json\/wp\/v2\/tourisme"}],"about":[{"href":"https:\/\/acampa-vacances.com\/de\/wp-json\/wp\/v2\/types\/tourisme"}],"author":[{"embeddable":true,"href":"https:\/\/acampa-vacances.com\/de\/wp-json\/wp\/v2\/users\/1"}],"version-history":[{"count":2,"href":"https:\/\/acampa-vacances.com\/de\/wp-json\/wp\/v2\/tourisme\/12480\/revisions"}],"predecessor-version":[{"id":16847,"href":"https:\/\/acampa-vacances.com\/de\/wp-json\/wp\/v2\/tourisme\/12480\/revisions\/16847"}],"wp:featuredmedia":[{"embeddable":true,"href":"https:\/\/acampa-vacances.com\/de\/wp-json\/wp\/v2\/media\/10501"}],"wp:attachment":[{"href":"https:\/\/acampa-vacances.com\/de\/wp-json\/wp\/v2\/media?parent=12480"}],"wp:term":[{"taxonomy":"tourisme","embeddable":true,"href":"https:\/\/acampa-vacances.com\/de\/wp-json\/wp\/v2\/tourisme?post=12480"}],"curies":[{"name":"wp","href":"https:\/\/api.w.org\/{rel}","templated":true}]}}

Porquerolles und seine Strände

<h1>Porquerolles und seine Traumstrände (Hyères, Var 83)</h1>

<p>Wissen Sie, wo sich die schönsten Strände Frankreichs befinden? Auf <strong>Porquerolles</strong>! Diese Insel liegt im Nationalpark Port-Cros und ist die größte der drei goldenen Inseln in der Bucht von Hyères. Alle unsere Tipps finden Sie in diesem Artikel!  </p>

<h2>Der schwarze Strand von Langoustier auf Porquerolles</h2>

<p>Dieser Strand befindet sich im Südwesten der<strong> Insel Porquerolles</strong>. Vom Dorf aus benötigen Sie ca. 1,5 Stunden bis zu diesem Strand. Der Strand ist windgeschützt und zeichnet sich durch seinen schwarzen Sand aus. Sie werden begeistert sein!   </p>

<div class="columns"><div class="columns__item" style="align-self:center;"><h2>Der Strand von Langoustier in Porquerolles</h2><p>Der Strand befindet sich in der Nähe der Westspitze der Insel, 45 Minuten mit dem Fahrrad vom Dorfzentrum entfernt (ca. 5 km). Dieser schöne Strand ist vor Wellen und Wind geschützt. Das <strong>Fort du Langoustier</strong> befindet sich in der Nähe des Strandes.  </p></div><div class="columns__item"><figure style="position:relative;"><picture><source srcset="https://acampa-vacances.com/wp-content/uploads/2024/11/international-porquerolles-4-420x420.jpg" media="(max-width: 210px)"><source srcset="https://acampa-vacances.com/wp-content/uploads/2024/11/international-porquerolles-4.jpg" media="(max-width: 420px)"><source srcset="https://acampa-vacances.com/wp-content/uploads/2024/11/international-porquerolles-4.jpg" media="(max-width: 850px)"><source srcset="https://acampa-vacances.com/wp-content/uploads/2024/11/international-porquerolles-4.jpg" media="(max-width: 1024px)"><source srcset="https://acampa-vacances.com/wp-content/uploads/2024/11/international-porquerolles-4.jpg" media="(min-width: 1025px)"><img decoding="async" src="https://acampa-vacances.com/wp-content/uploads/2024/11/international-porquerolles-4-420x420.jpg" width="420" height="210" loading="lazy" alt="" title=""></picture><figcaption>Bildnachweis: hyeres-tourisme.com</figcaption></figure></div></div>

<div class="columns"><div class="columns__item"><figure style="position:relative;"><picture><source srcset="https://acampa-vacances.com/wp-content/uploads/2024/11/international-porquerolles-3-420x420.jpg.webp" media="(max-width: 210px)"><source srcset="https://acampa-vacances.com/wp-content/uploads/2024/11/international-porquerolles-3.jpg.webp" media="(max-width: 420px)"><source srcset="https://acampa-vacances.com/wp-content/uploads/2024/11/international-porquerolles-3.jpg.webp" media="(max-width: 850px)"><source srcset="https://acampa-vacances.com/wp-content/uploads/2024/11/international-porquerolles-3.jpg.webp" media="(max-width: 1024px)"><source srcset="https://acampa-vacances.com/wp-content/uploads/2024/11/international-porquerolles-3.jpg.webp" media="(min-width: 1025px)"><img decoding="async" src="https://acampa-vacances.com/wp-content/uploads/2024/11/international-porquerolles-3-420x420.jpg.webp" width="420" height="210" loading="lazy" alt="" title=""></picture><figcaption>Bildnachweis: hyeres-tourisme.com</figcaption></figure></div><div class="columns__item" style="align-self:center;"><h2>Der Strand von La Courtade in Porquerolles</h2><p>Riechen Sie den unglaublichen Duft von Eukalyptus und Kiefern! Dieser größte Strand der Insel ist von majestätischen Bäumen umgeben, die einen betörenden Duft verströmen. Er liegt etwa 15 Minuten zu Fuß vom Dorf entfernt und ist einer der beliebtesten Strände der Insel für Familien. Das Wasser ist flach, was ideal für Kinder ist.   </p></div></div>

<div class="columns"><div class="columns__item" style="align-self:center;"><h2>Der Strand Notre Dame in Porquerolles</h2><p><strong>Der Strand Notre Dame</strong> ist unser Favorit. Er wurde 2015 zum schönsten Strand Europas gewählt. Er liegt direkt am Meer und ist der ideale Strand, um sich zu entspannen und die Sonne und das Meer zu genießen, da er nicht überlaufen ist!  </p></div><div class="columns__item"><figure style="position:relative;"><picture><source srcset="https://acampa-vacances.com/wp-content/uploads/2024/11/international-porquerolles-2-420x420.jpg.webp" media="(max-width: 210px)"><source srcset="https://acampa-vacances.com/wp-content/uploads/2024/11/international-porquerolles-2.jpg.webp" media="(max-width: 420px)"><source srcset="https://acampa-vacances.com/wp-content/uploads/2024/11/international-porquerolles-2.jpg.webp" media="(max-width: 850px)"><source srcset="https://acampa-vacances.com/wp-content/uploads/2024/11/international-porquerolles-2.jpg.webp" media="(max-width: 1024px)"><source srcset="https://acampa-vacances.com/wp-content/uploads/2024/11/international-porquerolles-2.jpg.webp" media="(min-width: 1025px)"><img decoding="async" src="https://acampa-vacances.com/wp-content/uploads/2024/11/international-porquerolles-2-420x420.jpg.webp" width="420" height="210" loading="lazy" alt="" title=""></picture><figcaption>Bildnachweis: hyeres-tourisme.com</figcaption></figure></div></div>

<div class="columns"><div class="columns__item"><figure style="position:relative;"><picture><source srcset="https://acampa-vacances.com/wp-content/uploads/2024/11/international-porquerolles-5-420x420.jpg.webp" media="(max-width: 210px)"><source srcset="https://acampa-vacances.com/wp-content/uploads/2024/11/international-porquerolles-5.jpg.webp" media="(max-width: 420px)"><source srcset="https://acampa-vacances.com/wp-content/uploads/2024/11/international-porquerolles-5.jpg.webp" media="(max-width: 850px)"><source srcset="https://acampa-vacances.com/wp-content/uploads/2024/11/international-porquerolles-5.jpg.webp" media="(max-width: 1024px)"><source srcset="https://acampa-vacances.com/wp-content/uploads/2024/11/international-porquerolles-5.jpg.webp" media="(min-width: 1025px)"><img decoding="async" src="https://acampa-vacances.com/wp-content/uploads/2024/11/international-porquerolles-5-420x420.jpg.webp" width="420" height="210" loading="lazy" alt="" title=""></picture><figcaption>Bildnachweis: hyeres-tourisme.com</figcaption></figure></div><div class="columns__item" style="align-self:center;"><h2>Der berühmte Silberstrand in Porquerolles</h2><p>Mit seinem türkisfarbenen Wasser und dem feinen weißen Sand ist dies ein sehr beliebter und gut besuchter Strand. Da er flach ist, ist er ideal für alle! 25 Minuten zu Fuß vom Dorf entfernt, 10 Minuten mit dem Fahrrad.  </p></div></div>

<h2>Die Calanque du Brégançonnet in Porquerolles</h2>

<p>Am Rande eines wunderschönen Pinienwaldes gelegen, bietet diese Bucht eine natürliche und beruhigende Umgebung, ideal um Ruhe und Entspannung zu finden. Wenn Sie gerne tauchen, ist dieser Ort ein guter Tauchplatz. </p>

<p>Um diese schönen Calanques zu erreichen, nehmen Sie vom Hafen von Porquerolles aus den Chemin du Langoustier (Richtung Plage d&#8217;Argent), nach etwas mehr als einem Kilometer müssen Sie links abbiegen.</p>

<h2>Calanque de l&#8217;Oustaou-de-Diou in Porquerolles</h2>

<p>Die Calanques de l&#8217;Oustaou-de-Diou befinden sich auf der anderen Seite des Hafens, zwischen zwei Klippen. Diese sehr enge Calanque bietet eine schöne Aussicht. Kommen Sie frühzeitig, um sich einen Platz im Sommer zu sichern!  </p>

<p>Wenn Sie jetzt Lust bekommen haben, im schönen türkisfarbenen Wasser der Insel Porquerolles zu baden, empfehlen wir Ihnen einen Urlaub hier auf der Halbinsel Giens.</p>

<h2>Besuchen Sie Porquerolles und buchen Sie Ihren Aufenthalt auf einem unserer Campingplätze in Giens.</h2>

<p>Die Halbinsel Giens ist perfekt für einen herrlichen Urlaub, bei dem Sie sicher sein können, dass die Sonne scheint und die Temperaturen sehr angenehm sind.</p>

<p>Giens liegt in der Nähe der Ile de Port-Cros, der Ile de Porquerolles und der Ile du Levant und ist einer der beliebtesten Urlaubsorte im Sommer! Hier finden Sie viele Aktivitäten, die Sie mit Ihrer Familie oder mit Freunden unternehmen können. </p>

<p>Hier finden Sie unsere drei Partner-Campingplätze und ihre komfortablen Unterkünfte auf der Halbinsel Giens.</p>

<p id="192">Für einen Fun- und Sporturlaub buchen Sie auf <a href="https://acampa-vacances.com/de/international/willkommen/" data-type="international" data-id="192">Camping International</a> ein Mobilheim, ein typisch provenzalisches Appartement oder einen Stellplatz.</p>

<p id="1491">Für einen ruhigen und friedlichen Aufenthalt steht Ihnen der <a href="https://acampa-vacances.com/de/clairdelune/willkommen/" data-type="clairdelune" data-id="1491">Campingplatz Clair de Lune</a> zur Verfügung. Hier können Sie ein Appartement (mit oder ohne Spa), ein Mobilheim oder eine ungewöhnliche Unterkunft mieten.</p>

<p id="1448">Sind Sie ein Fan von Natur und Authentizität? Dann ist der <a href="https://acampa-vacances.com/de/iledor/willkommen/" data-type="iledor" data-id="1448">Campingplatz Île d&#8217;Or</a> genau das Richtige für Sie! Mieten Sie ein Mobilheim oder einen Stellplatz.  </p>

<h3>Weitere Artikel, die Sie lesen sollten, um Ihren Aufenthalt in der Nähe von Porquerolles vorzubereiten</h3>

<ul><li><a href="https://acampa-vacances.com/de/tourismus/entdecken-sie-die-aktivitaten-in-porquerolles/" data-type="tourisme" data-id="961">Entdecken Sie die Aktivitäten in Porquerolles</a>
</li><li><a href="https://acampa-vacances.com/de/blog/die-5-schonsten-strande-von-hyeres/" data-type="blog" data-id="1082">Die 5 schönsten Strände in Hyères</a>
</li></ul>

<p>Porquerolles und seine Traumstrände (Hyères, Var 83) Wissen Sie, wo sich die schönsten Strände Frankreichs befinden? Auf Porquerolles! Diese Insel liegt im Nationalpark Port-Cros und ist die größte der drei goldenen Inseln in der Bucht von Hyères. Alle unsere Tipps finden Sie in diesem Artikel! Der schwarze Strand von Langoustier auf Porquerolles Dieser Strand befindet [&hellip;]</p>
