{"id":12482,"date":"2024-11-25T10:11:59","date_gmt":"2024-11-25T09:11:59","guid":{"rendered":"https:\/\/acampa-vacances.com\/tourisme\/carqueiranne-une-charmante-petite-station-balneaire\/"},"modified":"2025-01-29T09:22:10","modified_gmt":"2025-01-29T08:22:10","slug":"carqueiranne-ein-charmanter-kleiner-badeort","status":"publish","type":"tourisme","link":"https:\/\/acampa-vacances.com\/de\/tourismus\/carqueiranne-ein-charmanter-kleiner-badeort\/","title":{"rendered":"Carqueiranne, Badeort"},"content":{"rendered":"<nav class=\"fildariane\"><a class=\"fildariane__item\" href=\"https:\/\/acampa-vacances.com\/de\/\">Acampa<\/a><span class=\"fc-icon\"><svg xmlns=\"http:\/\/www.w3.org\/2000\/svg\"  viewBox=\"0 0 320 512\" width=\"16px\" height=\"16px\"><!--! Font Awesome Pro 6.4.2 by @fontawesome - https:\/\/fontawesome.com License - https:\/\/fontawesome.com\/license (Commercial License) Copyright 2023 Fonticons, Inc.--><path d=\"M267.3 244.7c6.2 6.2 6.2 16.4 0 22.6l-160 160c-6.2 6.2-16.4 6.2-22.6 0s-6.2-16.4 0-22.6L233.4 256 84.7 107.3c-6.2-6.2-6.2-16.4 0-22.6s16.4-6.2 22.6 0l160 160z\"\/><\/svg><\/span><span class=\"fildariane__item\">Carqueiranne, Badeort<\/span><\/nav><a class=\"fildariane__item retour\" href=\"https:\/\/acampa-vacances.com\/de\/\"\"><span class=\"fc-icon\"><svg xmlns=\"http:\/\/www.w3.org\/2000\/svg\"  viewBox=\"0 0 448 512\" width=\"16px\" height=\"16px\"><!--! Font Awesome Pro 6.4.2 by @fontawesome - https:\/\/fontawesome.com License - https:\/\/fontawesome.com\/license (Commercial License) Copyright 2023 Fonticons, Inc.--><path d=\"M7.4 273.4C2.7 268.8 0 262.6 0 256s2.7-12.8 7.4-17.4l176-168c9.6-9.2 24.8-8.8 33.9 .8s8.8 24.8-.8 33.9L83.9 232 424 232c13.3 0 24 10.7 24 24s-10.7 24-24 24L83.9 280 216.6 406.6c9.6 9.2 9.9 24.3 .8 33.9s-24.3 9.9-33.9 .8l-176-168z\"\/><\/svg><\/span>Zur\u00fcck zur Startseite<\/a>\n<h1>Carqueiranne: ein charmanter kleiner Badeort<\/h1><div class=\"columns\"><div class=\"columns__item\" style=\"align-self:center;\"><p id=\"https:\/\/acampa-vacances.com\/clairdelune\/accueil\/\">Carqueiranne ist ein kleiner provenzalischer Hafen an der K\u00fcste des Var. Er liegt 15 km von Toulon, 10 km vom <a href=\"https:\/\/acampa-vacances.com\/it\/clairdelune\/benvenuto\/\" data-type=\"link\" data-id=\"https:\/\/acampa-vacances.com\/clairdelune\/accueil\/\">Campingplatz Clair de Lune<\/a> und 6 km von Hy\u00e8res entfernt.<\/p><p>Das Zentrum des Dorfes ist wirklich ruhig und angenehm, der Hafen und die Ufer bieten sch\u00f6ne Spazierg\u00e4nge und gute kleine Restaurants, wo Sie die lokale K\u00fcche mit Fisch und Schalentieren genie\u00dfen k\u00f6nnen. Im Sommer gibt es viele Veranstaltungen. <\/p><\/div><div class=\"columns__item\"><figure style=\"position:relative;\"><picture><source srcset=\"https:\/\/acampa-vacances.com\/wp-content\/uploads\/2024\/11\/carqueiranne_s.jpg.webp\" media=\"(max-width: 210px)\"><source srcset=\"https:\/\/acampa-vacances.com\/wp-content\/uploads\/2024\/11\/carqueiranne_s.jpg.webp\" media=\"(max-width: 420px)\"><source srcset=\"https:\/\/acampa-vacances.com\/wp-content\/uploads\/2024\/11\/carqueiranne_s.jpg.webp\" media=\"(max-width: 850px)\"><source srcset=\"https:\/\/acampa-vacances.com\/wp-content\/uploads\/2024\/11\/carqueiranne_s.jpg.webp\" media=\"(max-width: 1024px)\"><source srcset=\"https:\/\/acampa-vacances.com\/wp-content\/uploads\/2024\/11\/carqueiranne_s.jpg.webp\" media=\"(min-width: 1025px)\"><img decoding=\"async\" src=\"https:\/\/acampa-vacances.com\/wp-content\/uploads\/2024\/11\/carqueiranne_s.jpg.webp\" width=\"420\" height=\"210\" style=\"width:45rem;\" loading=\"lazy\" alt=\"\" title=\"\"><\/picture><figcaption>Bildnachweis: Altair-Communication<\/figcaption><\/figure><\/div><\/div><div class=\"columns\"><div class=\"columns__item\"><figure style=\"position:relative;\"><picture><source srcset=\"https:\/\/acampa-vacances.com\/wp-content\/uploads\/2024\/11\/carqueiranne-port.jpg.webp\" media=\"(max-width: 210px)\"><source srcset=\"https:\/\/acampa-vacances.com\/wp-content\/uploads\/2024\/11\/carqueiranne-port.jpg.webp\" media=\"(max-width: 420px)\"><source srcset=\"https:\/\/acampa-vacances.com\/wp-content\/uploads\/2024\/11\/carqueiranne-port.jpg.webp\" media=\"(max-width: 850px)\"><source srcset=\"https:\/\/acampa-vacances.com\/wp-content\/uploads\/2024\/11\/carqueiranne-port.jpg.webp\" media=\"(max-width: 1024px)\"><source srcset=\"https:\/\/acampa-vacances.com\/wp-content\/uploads\/2024\/11\/carqueiranne-port.jpg.webp\" media=\"(min-width: 1025px)\"><img decoding=\"async\" src=\"https:\/\/acampa-vacances.com\/wp-content\/uploads\/2024\/11\/carqueiranne-port.jpg.webp\" width=\"420\" height=\"210\" loading=\"lazy\" alt=\"\" title=\"\"><\/picture><figcaption>Bildnachweis: Altair-Communication<\/figcaption><\/figure><\/div><div class=\"columns__item\" style=\"align-self:center;\"><h2>Das Ufer und der Hafen von Carqueiranne<\/h2><p>Carqueiranne liegt im Zentrum der K\u00fcste des Var und am Fu\u00dfe von H\u00fcgeln mit gr\u00fcnen Pinienw\u00e4ldern und ist ein h\u00fcbscher kleiner provenzalischer Hafen. Seine feinen Sandstr\u00e4nde und zahlreichen Buchten fallen in das t\u00fcrkisblaue Wasser vor den ber\u00fchmten Iles d&#8217;Or. Es ist ein kleines provenzalisches Dorf mit viel Charme.  <\/p><p>An der fast 10 km langen K\u00fcstenlinie entwickeln sich abwechslungsreiche Landschaften. Feinsand- oder Kieselstr\u00e4nde, steile Klippen und Felsen mit ungew\u00f6hnlichen Formen wechseln sich ab, vor dem Hintergrund sch\u00f6ner Villen aus dem 19. Jahrhundert. Die unter Denkmalschutz stehenden Orte &#8222;Beau Rivage&#8220; und &#8222;Pins Pench\u00e9s&#8220; (schiefe Kiefern) bieten dem Spazierg\u00e4nger einen Blick auf die seltsamen B\u00e4ume, die sich \u00fcber das Wasser neigen und verdrehen.  <\/p><\/div><\/div><div class=\"columns\"><div class=\"columns__item\"><h2>Die Str\u00e4nde und das Meer<\/h2><p>Die <a href=\"https:\/\/www.carqueiranne.fr\/se-divertir\/cote-mer\/plages-303.html\" rel=\"noopener\">Str\u00e4nde von Carqueiranne<\/a> sind nicht sehr zahlreich, aber sehr sch\u00f6n, und es gibt viele kleine, ruhigere Buchten.  <\/p><p>Hier k\u00f6nnen Sie segeln, Boot fahren und vor allem tauchen. Im k\u00fcstennahen Meeresgrund k\u00f6nnen Sie Kraken, Seeigel, Seesterne und farbenpr\u00e4chtige Fische entdecken. <\/p><\/div><div class=\"columns__item\"><h2>Das Zentrum und der Markt<\/h2><p>Der Hafen von Carqueiranne ist sehr charakteristisch, aber auch das Zentrum des Dorfes ist sehr angenehm. Die Avenue Jean Jaur\u00e8s, die Hauptstra\u00dfe, und der Place de la R\u00e9publique sind schattig und belebt.   <\/p><p>Im Zentrum findet jeden Donnerstag ein sch\u00f6ner Markt statt.<\/p><\/div><\/div><div class=\"columns\"><div class=\"columns__item\"><h2>Sommerveranstaltungen<\/h2><p>In den ersten zwei Augustwochen findet das Festival Th\u00e9\u00e2tre In Situ im Fort de la Bayarde statt.  <\/p><p>Jeden Mittwoch im Sommer findet im Auditorium des Parc Saint-Vincent eine farbenfrohe Show statt, die mit den ber\u00fchmten Moments de Clair Val verbunden ist.<\/p><\/div><div class=\"columns__item\"><h2>Hauptstadt der langstieligen Tulpe<\/h2><p>Das s\u00fcdliche Mikroklima hat vor Jahrzehnten die Entwicklung des Gartenbaus und des Gem\u00fcseanbaus erm\u00f6glicht.<\/p><p>Gew\u00e4chsh\u00e4user und Blumenkulturen sind in der Gemeinde allgegenw\u00e4rtig, aber die bekannteste und begehrteste ist die Tulpe. Das 10.000 Einwohner z\u00e4hlende &#8222;Dorf&#8220; ist heute die Welthauptstadt der langstieligen Tulpen. <\/p><p id=\"https:\/\/www.carqueiranne.fr\/\"><a href=\"https:\/\/www.carqueiranne.fr\/\" target=\"_blank\" data-type=\"link\" data-id=\"https:\/\/www.carqueiranne.fr\/\" rel=\"noreferrer noopener\">Offizielle Webseite von Carqueiranne<\/a><\/p><\/div><\/div>","protected":false},"excerpt":{"rendered":"<p>Carqueiranne: ein charmanter kleiner Badeort Carqueiranne ist ein kleiner provenzalischer Hafen an der K\u00fcste des Var. Er liegt 15 km von Toulon, 10 km vom Campingplatz Clair de Lune und 6 km von Hy\u00e8res entfernt. Das Zentrum des Dorfes ist wirklich ruhig und angenehm, der Hafen und die Ufer bieten sch\u00f6ne Spazierg\u00e4nge und gute kleine [&hellip;]<\/p>\n","protected":false},"author":1,"featured_media":2660,"parent":0,"menu_order":0,"template":"","format":"standard","meta":{"_acf_changed":false,"footnotes":""},"tourisme":[62],"acf":[],"_links":{"self":[{"href":"https:\/\/acampa-vacances.com\/de\/wp-json\/wp\/v2\/tourisme\/12482"}],"collection":[{"href":"https:\/\/acampa-vacances.com\/de\/wp-json\/wp\/v2\/tourisme"}],"about":[{"href":"https:\/\/acampa-vacances.com\/de\/wp-json\/wp\/v2\/types\/tourisme"}],"author":[{"embeddable":true,"href":"https:\/\/acampa-vacances.com\/de\/wp-json\/wp\/v2\/users\/1"}],"version-history":[{"count":1,"href":"https:\/\/acampa-vacances.com\/de\/wp-json\/wp\/v2\/tourisme\/12482\/revisions"}],"predecessor-version":[{"id":12484,"href":"https:\/\/acampa-vacances.com\/de\/wp-json\/wp\/v2\/tourisme\/12482\/revisions\/12484"}],"wp:featuredmedia":[{"embeddable":true,"href":"https:\/\/acampa-vacances.com\/de\/wp-json\/wp\/v2\/media\/2660"}],"wp:attachment":[{"href":"https:\/\/acampa-vacances.com\/de\/wp-json\/wp\/v2\/media?parent=12482"}],"wp:term":[{"taxonomy":"tourisme","embeddable":true,"href":"https:\/\/acampa-vacances.com\/de\/wp-json\/wp\/v2\/tourisme?post=12482"}],"curies":[{"name":"wp","href":"https:\/\/api.w.org\/{rel}","templated":true}]}}

<nav class="fildariane"><a class="fildariane__item" href="https://acampa-vacances.com/de/">Acampa</a><span class="fc-icon"><svg xmlns="http://www.w3.org/2000/svg"  viewBox="0 0 320 512" width="16px" height="16px"><!--! Font Awesome Pro 6.4.2 by @fontawesome - https://fontawesome.com License - https://fontawesome.com/license (Commercial License) Copyright 2023 Fonticons, Inc.--><path d="M267.3 244.7c6.2 6.2 6.2 16.4 0 22.6l-160 160c-6.2 6.2-16.4 6.2-22.6 0s-6.2-16.4 0-22.6L233.4 256 84.7 107.3c-6.2-6.2-6.2-16.4 0-22.6s16.4-6.2 22.6 0l160 160z"/></svg></span><span class="fildariane__item">Carqueiranne, Badeort</span></nav><a class="fildariane__item retour" href="https://acampa-vacances.com/de/""><span class="fc-icon"><svg xmlns="http://www.w3.org/2000/svg"  viewBox="0 0 448 512" width="16px" height="16px"><!--! Font Awesome Pro 6.4.2 by @fontawesome - https://fontawesome.com License - https://fontawesome.com/license (Commercial License) Copyright 2023 Fonticons, Inc.--><path d="M7.4 273.4C2.7 268.8 0 262.6 0 256s2.7-12.8 7.4-17.4l176-168c9.6-9.2 24.8-8.8 33.9 .8s8.8 24.8-.8 33.9L83.9 232 424 232c13.3 0 24 10.7 24 24s-10.7 24-24 24L83.9 280 216.6 406.6c9.6 9.2 9.9 24.3 .8 33.9s-24.3 9.9-33.9 .8l-176-168z"/></svg></span>Zurück zur Startseite</a>
<h1>Carqueiranne: ein charmanter kleiner Badeort</h1><div class="columns"><div class="columns__item" style="align-self:center;"><p id="https://acampa-vacances.com/clairdelune/accueil/">Carqueiranne ist ein kleiner provenzalischer Hafen an der Küste des Var. Er liegt 15 km von Toulon, 10 km vom <a href="https://acampa-vacances.com/it/clairdelune/benvenuto/" data-type="link" data-id="https://acampa-vacances.com/clairdelune/accueil/">Campingplatz Clair de Lune</a> und 6 km von Hyères entfernt.</p><p>Das Zentrum des Dorfes ist wirklich ruhig und angenehm, der Hafen und die Ufer bieten schöne Spaziergänge und gute kleine Restaurants, wo Sie die lokale Küche mit Fisch und Schalentieren genießen können. Im Sommer gibt es viele Veranstaltungen. </p></div><div class="columns__item"><figure style="position:relative;"><picture><source srcset="https://acampa-vacances.com/wp-content/uploads/2024/11/carqueiranne_s.jpg.webp" media="(max-width: 210px)"><source srcset="https://acampa-vacances.com/wp-content/uploads/2024/11/carqueiranne_s.jpg.webp" media="(max-width: 420px)"><source srcset="https://acampa-vacances.com/wp-content/uploads/2024/11/carqueiranne_s.jpg.webp" media="(max-width: 850px)"><source srcset="https://acampa-vacances.com/wp-content/uploads/2024/11/carqueiranne_s.jpg.webp" media="(max-width: 1024px)"><source srcset="https://acampa-vacances.com/wp-content/uploads/2024/11/carqueiranne_s.jpg.webp" media="(min-width: 1025px)"><img decoding="async" src="https://acampa-vacances.com/wp-content/uploads/2024/11/carqueiranne_s.jpg.webp" width="420" height="210" style="width:45rem;" loading="lazy" alt="" title=""></picture><figcaption>Bildnachweis: Altair-Communication</figcaption></figure></div></div><div class="columns"><div class="columns__item"><figure style="position:relative;"><picture><source srcset="https://acampa-vacances.com/wp-content/uploads/2024/11/carqueiranne-port.jpg.webp" media="(max-width: 210px)"><source srcset="https://acampa-vacances.com/wp-content/uploads/2024/11/carqueiranne-port.jpg.webp" media="(max-width: 420px)"><source srcset="https://acampa-vacances.com/wp-content/uploads/2024/11/carqueiranne-port.jpg.webp" media="(max-width: 850px)"><source srcset="https://acampa-vacances.com/wp-content/uploads/2024/11/carqueiranne-port.jpg.webp" media="(max-width: 1024px)"><source srcset="https://acampa-vacances.com/wp-content/uploads/2024/11/carqueiranne-port.jpg.webp" media="(min-width: 1025px)"><img decoding="async" src="https://acampa-vacances.com/wp-content/uploads/2024/11/carqueiranne-port.jpg.webp" width="420" height="210" loading="lazy" alt="" title=""></picture><figcaption>Bildnachweis: Altair-Communication</figcaption></figure></div><div class="columns__item" style="align-self:center;"><h2>Das Ufer und der Hafen von Carqueiranne</h2><p>Carqueiranne liegt im Zentrum der Küste des Var und am Fuße von Hügeln mit grünen Pinienwäldern und ist ein hübscher kleiner provenzalischer Hafen. Seine feinen Sandstrände und zahlreichen Buchten fallen in das türkisblaue Wasser vor den berühmten Iles d&#8217;Or. Es ist ein kleines provenzalisches Dorf mit viel Charme.  </p><p>An der fast 10 km langen Küstenlinie entwickeln sich abwechslungsreiche Landschaften. Feinsand- oder Kieselstrände, steile Klippen und Felsen mit ungewöhnlichen Formen wechseln sich ab, vor dem Hintergrund schöner Villen aus dem 19. Jahrhundert. Die unter Denkmalschutz stehenden Orte &#8222;Beau Rivage&#8220; und &#8222;Pins Penchés&#8220; (schiefe Kiefern) bieten dem Spaziergänger einen Blick auf die seltsamen Bäume, die sich über das Wasser neigen und verdrehen.  </p></div></div><div class="columns"><div class="columns__item"><h2>Die Strände und das Meer</h2><p>Die <a href="https://www.carqueiranne.fr/se-divertir/cote-mer/plages-303.html" rel="noopener">Strände von Carqueiranne</a> sind nicht sehr zahlreich, aber sehr schön, und es gibt viele kleine, ruhigere Buchten.  </p><p>Hier können Sie segeln, Boot fahren und vor allem tauchen. Im küstennahen Meeresgrund können Sie Kraken, Seeigel, Seesterne und farbenprächtige Fische entdecken. </p></div><div class="columns__item"><h2>Das Zentrum und der Markt</h2><p>Der Hafen von Carqueiranne ist sehr charakteristisch, aber auch das Zentrum des Dorfes ist sehr angenehm. Die Avenue Jean Jaurès, die Hauptstraße, und der Place de la République sind schattig und belebt.   </p><p>Im Zentrum findet jeden Donnerstag ein schöner Markt statt.</p></div></div><div class="columns"><div class="columns__item"><h2>Sommerveranstaltungen</h2><p>In den ersten zwei Augustwochen findet das Festival Théâtre In Situ im Fort de la Bayarde statt.  </p><p>Jeden Mittwoch im Sommer findet im Auditorium des Parc Saint-Vincent eine farbenfrohe Show statt, die mit den berühmten Moments de Clair Val verbunden ist.</p></div><div class="columns__item"><h2>Hauptstadt der langstieligen Tulpe</h2><p>Das südliche Mikroklima hat vor Jahrzehnten die Entwicklung des Gartenbaus und des Gemüseanbaus ermöglicht.</p><p>Gewächshäuser und Blumenkulturen sind in der Gemeinde allgegenwärtig, aber die bekannteste und begehrteste ist die Tulpe. Das 10.000 Einwohner zählende &#8222;Dorf&#8220; ist heute die Welthauptstadt der langstieligen Tulpen. </p><p id="https://www.carqueiranne.fr/"><a href="https://www.carqueiranne.fr/" target="_blank" data-type="link" data-id="https://www.carqueiranne.fr/" rel="noreferrer noopener">Offizielle Webseite von Carqueiranne</a></p></div></div>

<p>Carqueiranne: ein charmanter kleiner Badeort Carqueiranne ist ein kleiner provenzalischer Hafen an der Küste des Var. Er liegt 15 km von Toulon, 10 km vom Campingplatz Clair de Lune und 6 km von Hyères entfernt. Das Zentrum des Dorfes ist wirklich ruhig und angenehm, der Hafen und die Ufer bieten schöne Spaziergänge und gute kleine [&hellip;]</p>
