{"id":12660,"date":"2024-11-25T10:11:55","date_gmt":"2024-11-25T09:11:55","guid":{"rendered":"https:\/\/acampa-vacances.com\/tourisme\/la-rade-de-toulon-camping-international-giens-hyeres-var-83\/"},"modified":"2026-02-02T15:06:24","modified_gmt":"2026-02-02T14:06:24","slug":"la-rade-de-toulon-camping-international-giens-hyeres-var-83","status":"publish","type":"tourisme","link":"https:\/\/acampa-vacances.com\/de\/tourismus\/la-rade-de-toulon-camping-international-giens-hyeres-var-83\/","title":{"rendered":"Die Reede von Toulon"},"content":{"rendered":"<nav class=\"fildariane\"><a class=\"fildariane__item\" href=\"https:\/\/acampa-vacances.com\/de\/\">Acampa<\/a><span class=\"fc-icon\"><svg xmlns=\"http:\/\/www.w3.org\/2000\/svg\"  viewBox=\"0 0 320 512\" width=\"16px\" height=\"16px\"><!--! Font Awesome Pro 6.4.2 by @fontawesome - https:\/\/fontawesome.com License - https:\/\/fontawesome.com\/license (Commercial License) Copyright 2023 Fonticons, Inc.--><path d=\"M267.3 244.7c6.2 6.2 6.2 16.4 0 22.6l-160 160c-6.2 6.2-16.4 6.2-22.6 0s-6.2-16.4 0-22.6L233.4 256 84.7 107.3c-6.2-6.2-6.2-16.4 0-22.6s16.4-6.2 22.6 0l160 160z\"\/><\/svg><\/span><span class=\"fildariane__item\">Die Reede von Toulon<\/span><\/nav><a class=\"fildariane__item retour\" href=\"https:\/\/acampa-vacances.com\/de\/\"\"><span class=\"fc-icon\"><svg xmlns=\"http:\/\/www.w3.org\/2000\/svg\"  viewBox=\"0 0 448 512\" width=\"16px\" height=\"16px\"><!--! Font Awesome Pro 6.4.2 by @fontawesome - https:\/\/fontawesome.com License - https:\/\/fontawesome.com\/license (Commercial License) Copyright 2023 Fonticons, Inc.--><path d=\"M7.4 273.4C2.7 268.8 0 262.6 0 256s2.7-12.8 7.4-17.4l176-168c9.6-9.2 24.8-8.8 33.9 .8s8.8 24.8-.8 33.9L83.9 232 424 232c13.3 0 24 10.7 24 24s-10.7 24-24 24L83.9 280 216.6 406.6c9.6 9.2 9.9 24.3 .8 33.9s-24.3 9.9-33.9 .8l-176-168z\"\/><\/svg><\/span>Zur\u00fcck zur Startseite<\/a>\n\n\n<h1><strong>Entdecken Sie die Reede von Toulon und ihre Umgebung &#8211; Camping International Hy\u00e8res (83)<\/strong><\/h1>\n\n<p>Heute freuen wir uns, Ihnen die sch\u00f6nste Reede Europas nach Vauban (wieder) vorzustellen: die <strong>Reede von Toulon<\/strong>. Ein wundersch\u00f6ner Ort, den Sie mit Ihrer Familie etwa 20 km vom Campingplatz entfernt besuchen k\u00f6nnen. Zu Fu\u00df, mit dem <a href=\"https:\/\/www.bateliersdelacotedazur.com\/rade-toulon.php\" target=\"_blank\" rel=\"noreferrer noopener\">Boot<\/a> oder dem <a href=\"https:\/\/petit-train-toulon.fr\/\" target=\"_blank\" rel=\"noreferrer noopener\">kleinen Zug<\/a>, Sie haben die Wahl! \ud83d\udcf8  <\/p>\n\n<div class=\"columns\"><div class=\"columns__item\" style=\"align-self:center;\"><h2><strong>Ein kurzer \u00dcberblick<\/strong><\/h2><p>Wenn Sie das Gl\u00fcck hatten, auf dem <a href=\"https:\/\/toulon.fr\/laissez-seduire\/article\/mont-faron-0\" target=\"_blank\" rel=\"noreferrer noopener\">Mont Faron<\/a> spazieren zu gehen (siehe unseren Artikel vom letzten Monat), hatten Sie das Vergn\u00fcgen, von dort oben die sch\u00f6ne Reede von Toulon zu bewundern. Die Einwohner von Toulon sind sehr stolz darauf. Sie k\u00f6nnten Ihnen die Stadt mit geschlossenen Augen zeigen.    <\/p><p>Die <strong>Petite Rade<\/strong> beherbergt den Tour Royale und seinen Landschaftspark, die Corniche von Tamaris oder die Bucht von Lazaret mit ihren Pfahlbauten und Muschelparks.  <\/p><p>Wenn Sie die Str\u00e4nde von Mourillon oder die Anse M\u00e9jean kennen, dann kennen Sie auch die <strong>Grande Rade<\/strong>.<\/p><p>Die Rade de Toulon beherbergt auch den unglaublichen Milit\u00e4rhafen und das Arsenal. Hier befinden sich etwa 30 Schiffe der Force d&#8217;Action Navale, darunter der Flugzeugtr\u00e4ger Charles-de-Gaulle. <\/p><\/div><div class=\"columns__item\"><figure style=\"position:relative;\"><picture><source srcset=\"https:\/\/acampa-vacances.com\/wp-content\/uploads\/2024\/11\/campingshyeres-la-rade-de-toulon-camping-international-giens-hyeres-var-83-1.jpg.webp\" media=\"(max-width: 210px)\"><source srcset=\"https:\/\/acampa-vacances.com\/wp-content\/uploads\/2024\/11\/campingshyeres-la-rade-de-toulon-camping-international-giens-hyeres-var-83-1.jpg.webp\" media=\"(max-width: 420px)\"><source srcset=\"https:\/\/acampa-vacances.com\/wp-content\/uploads\/2024\/11\/campingshyeres-la-rade-de-toulon-camping-international-giens-hyeres-var-83-1.jpg.webp\" media=\"(max-width: 850px)\"><source srcset=\"https:\/\/acampa-vacances.com\/wp-content\/uploads\/2024\/11\/campingshyeres-la-rade-de-toulon-camping-international-giens-hyeres-var-83-1.jpg.webp\" media=\"(max-width: 1024px)\"><source srcset=\"https:\/\/acampa-vacances.com\/wp-content\/uploads\/2024\/11\/campingshyeres-la-rade-de-toulon-camping-international-giens-hyeres-var-83-1.jpg.webp\" media=\"(min-width: 1025px)\"><img decoding=\"async\" src=\"https:\/\/acampa-vacances.com\/wp-content\/uploads\/2024\/11\/campingshyeres-la-rade-de-toulon-camping-international-giens-hyeres-var-83-1.jpg.webp\" width=\"420\" height=\"210\" loading=\"lazy\" alt=\"\" title=\"\"><\/picture><figcaption>Elena Popova<\/figcaption><\/figure><\/div><\/div>\n\n<div class=\"columns\"><div class=\"columns__item\"><figure style=\"position:relative;\"><picture><source srcset=\"https:\/\/acampa-vacances.com\/wp-content\/uploads\/2024\/12\/campingshyeres-la-rade-de-toulon-camping-international-giens-hyeres-var-83-2-420x285.jpg.webp\" media=\"(max-width: 210px)\"><source srcset=\"https:\/\/acampa-vacances.com\/wp-content\/uploads\/2024\/12\/campingshyeres-la-rade-de-toulon-camping-international-giens-hyeres-var-83-2.jpg.webp\" media=\"(max-width: 420px)\"><source srcset=\"https:\/\/acampa-vacances.com\/wp-content\/uploads\/2024\/12\/campingshyeres-la-rade-de-toulon-camping-international-giens-hyeres-var-83-2.jpg.webp\" media=\"(max-width: 850px)\"><source srcset=\"https:\/\/acampa-vacances.com\/wp-content\/uploads\/2024\/12\/campingshyeres-la-rade-de-toulon-camping-international-giens-hyeres-var-83-2.jpg.webp\" media=\"(max-width: 1024px)\"><source srcset=\"https:\/\/acampa-vacances.com\/wp-content\/uploads\/2024\/12\/campingshyeres-la-rade-de-toulon-camping-international-giens-hyeres-var-83-2.jpg.webp\" media=\"(min-width: 1025px)\"><img decoding=\"async\" src=\"https:\/\/acampa-vacances.com\/wp-content\/uploads\/2024\/12\/campingshyeres-la-rade-de-toulon-camping-international-giens-hyeres-var-83-2-420x285.jpg.webp\" width=\"420\" height=\"210\" loading=\"lazy\" alt=\"\" title=\"\"><\/picture><figcaption>Fotos: provencemediterranea<\/figcaption><\/figure><\/div><div class=\"columns__item\" style=\"align-self:center;\"><h2><strong>Bemerkenswerte Orte rund um die Reede<\/strong><\/h2><p>Rund um die Reede erwarten Sie au\u00dfergew\u00f6hnliche Orte.  <\/p><p>Nat\u00fcrlich das sanierte Stadtzentrum von Toulon, der Place de l&#8217;\u00c9querre und die ber\u00fchmte Rue des Arts, die Restaurants und der Markt auf dem Cours Lafayette, das Nationale Marinemuseum, das Mayol-Stadion (weil Toulon, rot und schwarz), der Place Raimu und die Skulptur &#8222;<em>la partie de cartes<\/em>&#8222;&#8230;<\/p><p>Aber auch Tamaris und seine Corniche, der Strand von Sablettes, die Halbinsel von Saint-Mandrier. Und nicht zu vergessen <a href=\"https:\/\/www.provencemed.com\/vivre-la-provence\/paysages-d-exception\/monts-toulonnais\/\" target=\"_blank\" rel=\"noreferrer noopener\">die Berge von Toulon <\/a>: der Mont Faron, der Baou, der Coudon, das Gros Cerveau&#8230; <\/p><\/div><\/div>\n\n<p>Es gibt so viele sch\u00f6ne Dinge zu sehen&#8230; Und um nichts zu verpassen&#8230;<\/p>\n\n<p>Buchen Sie auf einem unserer Partner-Campingpl\u00e4tze.<\/p>\n\n<p id=\"1491\">Le <a href=\"https:\/\/acampa-vacances.com\/de\/clairdelune\/willkommen\/\" data-type=\"clairdelune\" data-id=\"1491\"><strong>Campingplatz Clair de Lune<\/strong><\/a> f\u00fcr einen ruhigen Urlaub! Buchen Sie eine der <a href=\"https:\/\/acampa-vacances.com\/de\/ferienunterkunft-suedfrankreich\/\">Ferienunterk\u00fcnfte in S\u00fcdfrankreich<\/a> mit Spa oder ein Mobilheim. Besuchen Sie unsere <a href=\"https:\/\/www.instagram.com\/camping.clair.de.lune\/\" target=\"_blank\" rel=\"noreferrer noopener\">Instagram-Seite<\/a>!<\/p>\n\n<p id=\"192\">Buchen Sie auf dem <a href=\"https:\/\/acampa-vacances.com\/de\/international\/willkommen\/\" data-type=\"international\" data-id=\"192\"><strong>Internationaler Campingplatz<\/strong><\/a> f\u00fcr einen Spa\u00df- und Sporturlaub! Mieten Sie ein provenzalisches Appartement, ein Mobilheim oder einen Stellplatz. Schauen Sie sich gleich <a href=\"https:\/\/www.instagram.com\/campinginternationalgiens\/\" target=\"_blank\" rel=\"noreferrer noopener\">hier<\/a> unsere sch\u00f6nen Fotos an.<\/p>\n\n<p id=\"1448\">Le <a href=\"https:\/\/acampa-vacances.com\/de\/iledor\/willkommen\/\" data-type=\"iledor\" data-id=\"1448\"><strong>Campingplatz Ile d&#8217;Or<\/strong><\/a> f\u00fcr einen authentischen Aufenthalt in der Natur bietet Ihnen seine Mobilheime und seine ger\u00e4umigen Stellpl\u00e4tze. Abonnieren Sie unsere <a href=\"https:\/\/www.instagram.com\/campingiledor_giens\/\" target=\"_blank\" rel=\"noreferrer noopener\">Instagram-Seite<\/a>.<\/p>\n\n<p>Wir freuen uns darauf, Sie zu sehen!<\/p>\n\n<p>Abonnieren Sie unsere <a href=\"https:\/\/www.facebook.com\/camping.international.de.giens\/\" target=\"_blank\" rel=\"noreferrer noopener\">Facebook-Seite<\/a>!<\/p>","protected":false},"excerpt":{"rendered":"<p>Entdecken Sie die Reede von Toulon und ihre Umgebung &#8211; Camping International Hy\u00e8res (83) Heute freuen wir uns, Ihnen die sch\u00f6nste Reede Europas nach Vauban (wieder) vorzustellen: die Reede von Toulon. Ein wundersch\u00f6ner Ort, den Sie mit Ihrer Familie etwa 20 km vom Campingplatz entfernt besuchen k\u00f6nnen. Zu Fu\u00df, mit dem Boot oder dem kleinen [&hellip;]<\/p>\n","protected":false},"author":1,"featured_media":9558,"parent":0,"menu_order":0,"template":"","format":"standard","meta":{"_acf_changed":false,"footnotes":""},"tourisme":[73],"acf":[],"_links":{"self":[{"href":"https:\/\/acampa-vacances.com\/de\/wp-json\/wp\/v2\/tourisme\/12660"}],"collection":[{"href":"https:\/\/acampa-vacances.com\/de\/wp-json\/wp\/v2\/tourisme"}],"about":[{"href":"https:\/\/acampa-vacances.com\/de\/wp-json\/wp\/v2\/types\/tourisme"}],"author":[{"embeddable":true,"href":"https:\/\/acampa-vacances.com\/de\/wp-json\/wp\/v2\/users\/1"}],"version-history":[{"count":2,"href":"https:\/\/acampa-vacances.com\/de\/wp-json\/wp\/v2\/tourisme\/12660\/revisions"}],"predecessor-version":[{"id":16842,"href":"https:\/\/acampa-vacances.com\/de\/wp-json\/wp\/v2\/tourisme\/12660\/revisions\/16842"}],"wp:featuredmedia":[{"embeddable":true,"href":"https:\/\/acampa-vacances.com\/de\/wp-json\/wp\/v2\/media\/9558"}],"wp:attachment":[{"href":"https:\/\/acampa-vacances.com\/de\/wp-json\/wp\/v2\/media?parent=12660"}],"wp:term":[{"taxonomy":"tourisme","embeddable":true,"href":"https:\/\/acampa-vacances.com\/de\/wp-json\/wp\/v2\/tourisme?post=12660"}],"curies":[{"name":"wp","href":"https:\/\/api.w.org\/{rel}","templated":true}]}}

<nav class="fildariane"><a class="fildariane__item" href="https://acampa-vacances.com/de/">Acampa</a><span class="fc-icon"><svg xmlns="http://www.w3.org/2000/svg"  viewBox="0 0 320 512" width="16px" height="16px"><!--! Font Awesome Pro 6.4.2 by @fontawesome - https://fontawesome.com License - https://fontawesome.com/license (Commercial License) Copyright 2023 Fonticons, Inc.--><path d="M267.3 244.7c6.2 6.2 6.2 16.4 0 22.6l-160 160c-6.2 6.2-16.4 6.2-22.6 0s-6.2-16.4 0-22.6L233.4 256 84.7 107.3c-6.2-6.2-6.2-16.4 0-22.6s16.4-6.2 22.6 0l160 160z"/></svg></span><span class="fildariane__item">Die Reede von Toulon</span></nav><a class="fildariane__item retour" href="https://acampa-vacances.com/de/""><span class="fc-icon"><svg xmlns="http://www.w3.org/2000/svg"  viewBox="0 0 448 512" width="16px" height="16px"><!--! Font Awesome Pro 6.4.2 by @fontawesome - https://fontawesome.com License - https://fontawesome.com/license (Commercial License) Copyright 2023 Fonticons, Inc.--><path d="M7.4 273.4C2.7 268.8 0 262.6 0 256s2.7-12.8 7.4-17.4l176-168c9.6-9.2 24.8-8.8 33.9 .8s8.8 24.8-.8 33.9L83.9 232 424 232c13.3 0 24 10.7 24 24s-10.7 24-24 24L83.9 280 216.6 406.6c9.6 9.2 9.9 24.3 .8 33.9s-24.3 9.9-33.9 .8l-176-168z"/></svg></span>Zurück zur Startseite</a>


<h1><strong>Entdecken Sie die Reede von Toulon und ihre Umgebung &#8211; Camping International Hyères (83)</strong></h1>

<p>Heute freuen wir uns, Ihnen die schönste Reede Europas nach Vauban (wieder) vorzustellen: die <strong>Reede von Toulon</strong>. Ein wunderschöner Ort, den Sie mit Ihrer Familie etwa 20 km vom Campingplatz entfernt besuchen können. Zu Fuß, mit dem <a href="https://www.bateliersdelacotedazur.com/rade-toulon.php" target="_blank" rel="noreferrer noopener">Boot</a> oder dem <a href="https://petit-train-toulon.fr/" target="_blank" rel="noreferrer noopener">kleinen Zug</a>, Sie haben die Wahl! 📸  </p>

<div class="columns"><div class="columns__item" style="align-self:center;"><h2><strong>Ein kurzer Überblick</strong></h2><p>Wenn Sie das Glück hatten, auf dem <a href="https://toulon.fr/laissez-seduire/article/mont-faron-0" target="_blank" rel="noreferrer noopener">Mont Faron</a> spazieren zu gehen (siehe unseren Artikel vom letzten Monat), hatten Sie das Vergnügen, von dort oben die schöne Reede von Toulon zu bewundern. Die Einwohner von Toulon sind sehr stolz darauf. Sie könnten Ihnen die Stadt mit geschlossenen Augen zeigen.    </p><p>Die <strong>Petite Rade</strong> beherbergt den Tour Royale und seinen Landschaftspark, die Corniche von Tamaris oder die Bucht von Lazaret mit ihren Pfahlbauten und Muschelparks.  </p><p>Wenn Sie die Strände von Mourillon oder die Anse Méjean kennen, dann kennen Sie auch die <strong>Grande Rade</strong>.</p><p>Die Rade de Toulon beherbergt auch den unglaublichen Militärhafen und das Arsenal. Hier befinden sich etwa 30 Schiffe der Force d&#8217;Action Navale, darunter der Flugzeugträger Charles-de-Gaulle. </p></div><div class="columns__item"><figure style="position:relative;"><picture><source srcset="https://acampa-vacances.com/wp-content/uploads/2024/11/campingshyeres-la-rade-de-toulon-camping-international-giens-hyeres-var-83-1.jpg.webp" media="(max-width: 210px)"><source srcset="https://acampa-vacances.com/wp-content/uploads/2024/11/campingshyeres-la-rade-de-toulon-camping-international-giens-hyeres-var-83-1.jpg.webp" media="(max-width: 420px)"><source srcset="https://acampa-vacances.com/wp-content/uploads/2024/11/campingshyeres-la-rade-de-toulon-camping-international-giens-hyeres-var-83-1.jpg.webp" media="(max-width: 850px)"><source srcset="https://acampa-vacances.com/wp-content/uploads/2024/11/campingshyeres-la-rade-de-toulon-camping-international-giens-hyeres-var-83-1.jpg.webp" media="(max-width: 1024px)"><source srcset="https://acampa-vacances.com/wp-content/uploads/2024/11/campingshyeres-la-rade-de-toulon-camping-international-giens-hyeres-var-83-1.jpg.webp" media="(min-width: 1025px)"><img decoding="async" src="https://acampa-vacances.com/wp-content/uploads/2024/11/campingshyeres-la-rade-de-toulon-camping-international-giens-hyeres-var-83-1.jpg.webp" width="420" height="210" loading="lazy" alt="" title=""></picture><figcaption>Elena Popova</figcaption></figure></div></div>

<div class="columns"><div class="columns__item"><figure style="position:relative;"><picture><source srcset="https://acampa-vacances.com/wp-content/uploads/2024/12/campingshyeres-la-rade-de-toulon-camping-international-giens-hyeres-var-83-2-420x285.jpg.webp" media="(max-width: 210px)"><source srcset="https://acampa-vacances.com/wp-content/uploads/2024/12/campingshyeres-la-rade-de-toulon-camping-international-giens-hyeres-var-83-2.jpg.webp" media="(max-width: 420px)"><source srcset="https://acampa-vacances.com/wp-content/uploads/2024/12/campingshyeres-la-rade-de-toulon-camping-international-giens-hyeres-var-83-2.jpg.webp" media="(max-width: 850px)"><source srcset="https://acampa-vacances.com/wp-content/uploads/2024/12/campingshyeres-la-rade-de-toulon-camping-international-giens-hyeres-var-83-2.jpg.webp" media="(max-width: 1024px)"><source srcset="https://acampa-vacances.com/wp-content/uploads/2024/12/campingshyeres-la-rade-de-toulon-camping-international-giens-hyeres-var-83-2.jpg.webp" media="(min-width: 1025px)"><img decoding="async" src="https://acampa-vacances.com/wp-content/uploads/2024/12/campingshyeres-la-rade-de-toulon-camping-international-giens-hyeres-var-83-2-420x285.jpg.webp" width="420" height="210" loading="lazy" alt="" title=""></picture><figcaption>Fotos: provencemediterranea</figcaption></figure></div><div class="columns__item" style="align-self:center;"><h2><strong>Bemerkenswerte Orte rund um die Reede</strong></h2><p>Rund um die Reede erwarten Sie außergewöhnliche Orte.  </p><p>Natürlich das sanierte Stadtzentrum von Toulon, der Place de l&#8217;Équerre und die berühmte Rue des Arts, die Restaurants und der Markt auf dem Cours Lafayette, das Nationale Marinemuseum, das Mayol-Stadion (weil Toulon, rot und schwarz), der Place Raimu und die Skulptur &#8222;<em>la partie de cartes</em>&#8222;&#8230;</p><p>Aber auch Tamaris und seine Corniche, der Strand von Sablettes, die Halbinsel von Saint-Mandrier. Und nicht zu vergessen <a href="https://www.provencemed.com/vivre-la-provence/paysages-d-exception/monts-toulonnais/" target="_blank" rel="noreferrer noopener">die Berge von Toulon </a>: der Mont Faron, der Baou, der Coudon, das Gros Cerveau&#8230; </p></div></div>

<p>Es gibt so viele schöne Dinge zu sehen&#8230; Und um nichts zu verpassen&#8230;</p>

<p>Buchen Sie auf einem unserer Partner-Campingplätze.</p>

<p id="1491">Le <a href="https://acampa-vacances.com/de/clairdelune/willkommen/" data-type="clairdelune" data-id="1491"><strong>Campingplatz Clair de Lune</strong></a> für einen ruhigen Urlaub! Buchen Sie eine der <a href="https://acampa-vacances.com/de/ferienunterkunft-suedfrankreich/">Ferienunterkünfte in Südfrankreich</a> mit Spa oder ein Mobilheim. Besuchen Sie unsere <a href="https://www.instagram.com/camping.clair.de.lune/" target="_blank" rel="noreferrer noopener">Instagram-Seite</a>!</p>

<p id="192">Buchen Sie auf dem <a href="https://acampa-vacances.com/de/international/willkommen/" data-type="international" data-id="192"><strong>Internationaler Campingplatz</strong></a> für einen Spaß- und Sporturlaub! Mieten Sie ein provenzalisches Appartement, ein Mobilheim oder einen Stellplatz. Schauen Sie sich gleich <a href="https://www.instagram.com/campinginternationalgiens/" target="_blank" rel="noreferrer noopener">hier</a> unsere schönen Fotos an.</p>

<p id="1448">Le <a href="https://acampa-vacances.com/de/iledor/willkommen/" data-type="iledor" data-id="1448"><strong>Campingplatz Ile d&#8217;Or</strong></a> für einen authentischen Aufenthalt in der Natur bietet Ihnen seine Mobilheime und seine geräumigen Stellplätze. Abonnieren Sie unsere <a href="https://www.instagram.com/campingiledor_giens/" target="_blank" rel="noreferrer noopener">Instagram-Seite</a>.</p>

<p>Wir freuen uns darauf, Sie zu sehen!</p>

<p>Abonnieren Sie unsere <a href="https://www.facebook.com/camping.international.de.giens/" target="_blank" rel="noreferrer noopener">Facebook-Seite</a>!</p>

<p>Entdecken Sie die Reede von Toulon und ihre Umgebung &#8211; Camping International Hyères (83) Heute freuen wir uns, Ihnen die schönste Reede Europas nach Vauban (wieder) vorzustellen: die Reede von Toulon. Ein wunderschöner Ort, den Sie mit Ihrer Familie etwa 20 km vom Campingplatz entfernt besuchen können. Zu Fuß, mit dem Boot oder dem kleinen [&hellip;]</p>
