{"id":12698,"date":"2024-11-25T10:11:55","date_gmt":"2024-11-25T09:11:55","guid":{"rendered":"https:\/\/acampa-vacances.com\/tourisme\/hyeres-et-ses-activites-var-83-presquile-de-giens\/"},"modified":"2026-02-02T15:28:44","modified_gmt":"2026-02-02T14:28:44","slug":"hyeres-und-seine-aktivitaten-var-83-presquile-de-giens","status":"publish","type":"tourisme","link":"https:\/\/acampa-vacances.com\/de\/tourismus\/hyeres-und-seine-aktivitaten-var-83-presquile-de-giens\/","title":{"rendered":"Hy\u00e8res und seine Aktivit\u00e4ten"},"content":{"rendered":"<nav class=\"fildariane\"><a class=\"fildariane__item\" href=\"https:\/\/acampa-vacances.com\/de\/\">Acampa<\/a><span class=\"fc-icon\"><svg xmlns=\"http:\/\/www.w3.org\/2000\/svg\"  viewBox=\"0 0 320 512\" width=\"16px\" height=\"16px\"><!--! Font Awesome Pro 6.4.2 by @fontawesome - https:\/\/fontawesome.com License - https:\/\/fontawesome.com\/license (Commercial License) Copyright 2023 Fonticons, Inc.--><path d=\"M267.3 244.7c6.2 6.2 6.2 16.4 0 22.6l-160 160c-6.2 6.2-16.4 6.2-22.6 0s-6.2-16.4 0-22.6L233.4 256 84.7 107.3c-6.2-6.2-6.2-16.4 0-22.6s16.4-6.2 22.6 0l160 160z\"\/><\/svg><\/span><span class=\"fildariane__item\">Hy\u00e8res und seine Aktivit\u00e4ten<\/span><\/nav><a class=\"fildariane__item retour\" href=\"https:\/\/acampa-vacances.com\/de\/\"\"><span class=\"fc-icon\"><svg xmlns=\"http:\/\/www.w3.org\/2000\/svg\"  viewBox=\"0 0 448 512\" width=\"16px\" height=\"16px\"><!--! Font Awesome Pro 6.4.2 by @fontawesome - https:\/\/fontawesome.com License - https:\/\/fontawesome.com\/license (Commercial License) Copyright 2023 Fonticons, Inc.--><path d=\"M7.4 273.4C2.7 268.8 0 262.6 0 256s2.7-12.8 7.4-17.4l176-168c9.6-9.2 24.8-8.8 33.9 .8s8.8 24.8-.8 33.9L83.9 232 424 232c13.3 0 24 10.7 24 24s-10.7 24-24 24L83.9 280 216.6 406.6c9.6 9.2 9.9 24.3 .8 33.9s-24.3 9.9-33.9 .8l-176-168z\"\/><\/svg><\/span>Zur\u00fcck zur Startseite<\/a>\n\n\n<h1>Hy\u00e8res und seine Aktivit\u00e4ten, Var 83 Presqu&#8217;\u00eele de Giens<\/h1>\n\n<p>Besuchen Sie uns in diesem Sommer? Wir bieten Ihnen einen kleinen \u00dcberblick \u00fcber das, was Sie in Hy\u00e8res w\u00e4hrend der Sommermonate unternehmen k\u00f6nnen. Es gibt verschiedene M\u00f6glichkeiten, die Stadt zu besuchen, folgen Sie dem F\u00fchrer!  <\/p>\n\n<div class=\"columns\"><div class=\"columns__item\" style=\"align-self:center;\"><h2>Besichtigung der Stadt Hy\u00e8res<\/h2><p>Hy\u00e8res ist die erste Gemeinde im Var unter den &#8220; <a href=\"https:\/\/hyeres.fr\/\" target=\"_blank\" rel=\"noreferrer noopener\">St\u00e4dten und D\u00f6rfern an der K\u00fcste, in denen es sich gut leben l\u00e4sst<\/a>&#8222;. Sie werden nicht mehr abreisen wollen!<\/p><p>W\u00e4hrend Ihres Aufenthalts sollten Sie auf jeden Fall einen Besuch in :<\/p><ul><li>Jahrhundert und die Stadtmauern f\u00fcr die Aussicht auf die Bucht von Hy\u00e8res und das Hinterland, sowie die Villa Noailles, die dieses Jahr ihr 100-j\u00e4hriges Bestehen feiert.\n<\/li><li>Son <a href=\"https:\/\/acampa-vacances.com\/it\/blog\/alla-scoperta-del-parcours-des-arts-di-hyeres\/\" data-type=\"blog\" data-id=\"1109\">Parcours des Arts<\/a> f\u00fcr das <a href=\"https:\/\/acampa-vacances.com\/it\/blog\/alla-scoperta-del-parcours-des-arts-di-hyeres\/\" data-type=\"blog\" data-id=\"1109\">Kunsthandwerk<\/a> und das Kulturerbe im Stadtzentrum\n<\/li><li>La <a href=\"https:\/\/acampa-vacances.com\/it\/blog\/la-via-del-sale-una-strada-mitica\/\" data-type=\"blog\" data-id=\"1103\">Route du Sel<\/a> in L&#8217;Almanarre, ganz in der N\u00e4he der Halbinsel Giens\n<\/li><li>La Tour Fondue, in der N\u00e4he Ihres Campingplatzes, Ausgangspunkt f\u00fcr Porquerolles\n<\/li><li>Der Bauernmarkt im Stadtzentrum f\u00fcr das Beste aus Hyeros Land\n<\/li><li>Der Olbius-Riquier-Park, der ein Nebengeb\u00e4ude des Jardin d&#8217;Acclimatation in Paris war.\n<\/li><\/ul><\/div><div class=\"columns__item\"><figure style=\"position:relative;\"><picture><source srcset=\"https:\/\/acampa-vacances.com\/wp-content\/uploads\/2024\/11\/international-hyeres-et-ses-activites-var-83-presquile-de-giens-1-420x289.jpg.webp\" media=\"(max-width: 210px)\"><source srcset=\"https:\/\/acampa-vacances.com\/wp-content\/uploads\/2024\/11\/international-hyeres-et-ses-activites-var-83-presquile-de-giens-1.jpg.webp\" media=\"(max-width: 420px)\"><source srcset=\"https:\/\/acampa-vacances.com\/wp-content\/uploads\/2024\/11\/international-hyeres-et-ses-activites-var-83-presquile-de-giens-1.jpg.webp\" media=\"(max-width: 850px)\"><source srcset=\"https:\/\/acampa-vacances.com\/wp-content\/uploads\/2024\/11\/international-hyeres-et-ses-activites-var-83-presquile-de-giens-1.jpg.webp\" media=\"(max-width: 1024px)\"><source srcset=\"https:\/\/acampa-vacances.com\/wp-content\/uploads\/2024\/11\/international-hyeres-et-ses-activites-var-83-presquile-de-giens-1.jpg.webp\" media=\"(min-width: 1025px)\"><img decoding=\"async\" src=\"https:\/\/acampa-vacances.com\/wp-content\/uploads\/2024\/11\/international-hyeres-et-ses-activites-var-83-presquile-de-giens-1-420x289.jpg.webp\" width=\"420\" height=\"210\" loading=\"lazy\" alt=\"\" title=\"\"><\/picture><figcaption>@Julien Veyssage \/ Tourismus Provence M\u00e9diterran\u00e9e<\/figcaption><\/figure><\/div><\/div>\n\n<div class=\"columns\"><div class=\"columns__item\"><figure style=\"position:relative;\"><picture><source srcset=\"https:\/\/acampa-vacances.com\/wp-content\/uploads\/2024\/12\/international-hyeres-et-ses-activites-var-83-presquile-de-giens-2-347x420.jpg.webp\" media=\"(max-width: 210px)\"><source srcset=\"https:\/\/acampa-vacances.com\/wp-content\/uploads\/2024\/12\/international-hyeres-et-ses-activites-var-83-presquile-de-giens-2.jpg.webp\" media=\"(max-width: 420px)\"><source srcset=\"https:\/\/acampa-vacances.com\/wp-content\/uploads\/2024\/12\/international-hyeres-et-ses-activites-var-83-presquile-de-giens-2.jpg.webp\" media=\"(max-width: 850px)\"><source srcset=\"https:\/\/acampa-vacances.com\/wp-content\/uploads\/2024\/12\/international-hyeres-et-ses-activites-var-83-presquile-de-giens-2.jpg.webp\" media=\"(max-width: 1024px)\"><source srcset=\"https:\/\/acampa-vacances.com\/wp-content\/uploads\/2024\/12\/international-hyeres-et-ses-activites-var-83-presquile-de-giens-2.jpg.webp\" media=\"(min-width: 1025px)\"><img decoding=\"async\" src=\"https:\/\/acampa-vacances.com\/wp-content\/uploads\/2024\/12\/international-hyeres-et-ses-activites-var-83-presquile-de-giens-2-347x420.jpg.webp\" width=\"420\" height=\"210\" loading=\"lazy\" alt=\"\" title=\"\"><\/picture><figcaption>Hy\u00e8res Tourismus<\/figcaption><\/figure><\/div><div class=\"columns__item\" style=\"align-self:center;\"><h2>Am Wasser entlang \u3030\ufe0f<\/h2><p>Wir empfehlen Ihnen dieses ganz besondere Programm: Schwimmen, Sonnenbaden und Sandburgen bauen&#8230; K\u00f6nnen Sie sich das vorstellen? \u26f1\ufe0f\ud83d\udc63 <\/p><p>Aber verpassen Sie nicht :<\/p><ul><li><a href=\"https:\/\/www.provencemed.com\/hyeres-porquerolles\/\" target=\"_blank\" rel=\"noreferrer noopener\">Die Goldenen Inseln<\/a>: Porquerolles, Port-Cros und Le Levant f\u00fcr ihre weiten Str\u00e4nde und das klare Wasser.\n<\/li><li>Les Salins d&#8217;Hy\u00e8res zur Beobachtung von Seev\u00f6geln und zur Erkundung der Fauna und Flora.\n<\/li><li>Tauchpl\u00e4tze wie das Meeresreservat von Porquerolles oder Wracks, kontaktieren Sie bitte unseren Partner<a href=\"https:\/\/divingiens.fr\/\" target=\"_blank\" rel=\"noreferrer noopener\"> Divin&#8217;Giens<\/a>, Tauchbasis auf der Halbinsel Giens.\n<\/li><li>Kitesurf- und Paddle-Zonen mit unserem Partner <a href=\"https:\/\/spinout.fr\/\" target=\"_blank\" rel=\"noreferrer noopener\">SpinOut<\/a>, einer Segelschule in der Bucht von Almanarre.\n<\/li><\/ul><\/div><\/div>\n\n<h2>Eine wohlverdiente Ruhepause<\/h2>\n\n<p>Wir k\u00f6nnen Ihnen nicht genug empfehlen, die Zeit zu genie\u00dfen, weg vom B\u00fcro, weg vom Stress. Wie w\u00e4re es mit einem guten, hausgemachten Essen mit lokalen Produkten in einem <a href=\"https:\/\/www.facebook.com\/lesolariumgiens\/\" target=\"_blank\" rel=\"noreferrer noopener\">Restaurant mit Meerblick<\/a> in einer entspannten Atmosph\u00e4re? Anschlie\u00dfend ein Bummel \u00fcber den Nachtmarkt am Hafen von Hy\u00e8res? Die Stadt und Ihr Campingplatz bieten ebenfalls Aktivit\u00e4ten an, fragen Sie nach dem Programm.   <\/p>\n\n<p>Gl\u00fcck in wenigen Worten :<\/p>\n\n<p><strong>Hafen<\/strong>des Friedens<\/p>\n\n<p><strong>Juhu<\/strong>, Urlaub!<\/p>\n\n<p><strong>Sommer<\/strong><\/p>\n\n<p><strong>Ruhezeit<\/strong><\/p>\n\n<p><strong>Sonneneinstrahlung<\/strong><\/p>\n\n<p><strong>S\u00fcd<\/strong><\/p>\n\n<p><strong>Buchen Sie auf einem unserer Partner-Campingpl\u00e4tze, um nichts zu verpassen!<\/strong><\/p>\n\n<p id=\"1491\">Auf dem <a href=\"https:\/\/acampa-vacances.com\/de\/clairdelune\/willkommen\/\" data-type=\"clairdelune\" data-id=\"1491\">Campingplatz Clair de Lune<\/a> f\u00fcr einen ruhigen Urlaub! Buchen Sie Ihr <a href=\"https:\/\/acampa-vacances.com\/de\/clairdelune\/unterkunft\/\" data-type=\"clairdelune\" data-id=\"4032\">Zelt<\/a> f\u00fcr 2 Personen. Besuchen Sie unsere <a href=\"https:\/\/www.instagram.com\/camping.clair.de.lune\/\" target=\"_blank\" rel=\"noreferrer noopener\">Instagram-Seite<\/a>!<\/p>\n\n<p id=\"192\">Auf dem <a href=\"https:\/\/acampa-vacances.com\/de\/international\/willkommen\/\" data-type=\"international\" data-id=\"192\">Internationalen Campingplatz<\/a> f\u00fcr einen Urlaub voller Spa\u00df und Sport! Buchen Sie Ihren Stellplatz oder mieten Sie ein <a href=\"https:\/\/acampa-vacances.com\/de\/international\/unterkunft\/\" data-type=\"international\" data-id=\"3895\">klimatisiertes Mobilheim Bora Bora<\/a>. Schauen Sie sich gleich <a href=\"https:\/\/www.instagram.com\/campinginternationalgiens\/\" target=\"_blank\" rel=\"noreferrer noopener\">hier<\/a> unsere sch\u00f6nen Fotos an.<\/p>\n\n<p id=\"1448\">Auf dem <a href=\"https:\/\/acampa-vacances.com\/de\/iledor\/willkommen\/\" data-type=\"iledor\" data-id=\"1448\">Campingplatz Ile d&#8217;Or<\/a> k\u00f6nnen Sie einen Urlaub in der Natur verbringen. Mieten Sie ein klimatisiertes Mobilheim wie das 32 m2 gro\u00dfe <a href=\"https:\/\/acampa-vacances.com\/de\/iledor\/unterkunft\/\" data-type=\"iledor\" data-id=\"3965\">Loggia<\/a>. Abonnieren Sie unsere <a href=\"https:\/\/www.instagram.com\/campingiledor_giens\/\" target=\"_blank\" rel=\"noreferrer noopener\">Instagram-Seite<\/a>.<\/p>\n\n<p>Wir freuen uns auf Ihren Besuch!<\/p>\n\n<p>Abonnieren Sie unsere <a href=\"https:\/\/www.facebook.com\/camping.international.de.giens\/\" target=\"_blank\" rel=\"noreferrer noopener\">Facebook-Seite<\/a>!<\/p>","protected":false},"excerpt":{"rendered":"<p>Hy\u00e8res und seine Aktivit\u00e4ten, Var 83 Presqu&#8217;\u00eele de Giens Besuchen Sie uns in diesem Sommer? Wir bieten Ihnen einen kleinen \u00dcberblick \u00fcber das, was Sie in Hy\u00e8res w\u00e4hrend der Sommermonate unternehmen k\u00f6nnen. Es gibt verschiedene M\u00f6glichkeiten, die Stadt zu besuchen, folgen Sie dem F\u00fchrer! Besichtigung der Stadt Hy\u00e8res Hy\u00e8res ist die erste Gemeinde im Var [&hellip;]<\/p>\n","protected":false},"author":1,"featured_media":9103,"parent":0,"menu_order":0,"template":"","format":"standard","meta":{"_acf_changed":false,"footnotes":""},"tourisme":[73],"acf":[],"_links":{"self":[{"href":"https:\/\/acampa-vacances.com\/de\/wp-json\/wp\/v2\/tourisme\/12698"}],"collection":[{"href":"https:\/\/acampa-vacances.com\/de\/wp-json\/wp\/v2\/tourisme"}],"about":[{"href":"https:\/\/acampa-vacances.com\/de\/wp-json\/wp\/v2\/types\/tourisme"}],"author":[{"embeddable":true,"href":"https:\/\/acampa-vacances.com\/de\/wp-json\/wp\/v2\/users\/1"}],"version-history":[{"count":2,"href":"https:\/\/acampa-vacances.com\/de\/wp-json\/wp\/v2\/tourisme\/12698\/revisions"}],"predecessor-version":[{"id":16848,"href":"https:\/\/acampa-vacances.com\/de\/wp-json\/wp\/v2\/tourisme\/12698\/revisions\/16848"}],"wp:featuredmedia":[{"embeddable":true,"href":"https:\/\/acampa-vacances.com\/de\/wp-json\/wp\/v2\/media\/9103"}],"wp:attachment":[{"href":"https:\/\/acampa-vacances.com\/de\/wp-json\/wp\/v2\/media?parent=12698"}],"wp:term":[{"taxonomy":"tourisme","embeddable":true,"href":"https:\/\/acampa-vacances.com\/de\/wp-json\/wp\/v2\/tourisme?post=12698"}],"curies":[{"name":"wp","href":"https:\/\/api.w.org\/{rel}","templated":true}]}}

Hyères und seine Aktivitäten

<nav class="fildariane"><a class="fildariane__item" href="https://acampa-vacances.com/de/">Acampa</a><span class="fc-icon"><svg xmlns="http://www.w3.org/2000/svg"  viewBox="0 0 320 512" width="16px" height="16px"><!--! Font Awesome Pro 6.4.2 by @fontawesome - https://fontawesome.com License - https://fontawesome.com/license (Commercial License) Copyright 2023 Fonticons, Inc.--><path d="M267.3 244.7c6.2 6.2 6.2 16.4 0 22.6l-160 160c-6.2 6.2-16.4 6.2-22.6 0s-6.2-16.4 0-22.6L233.4 256 84.7 107.3c-6.2-6.2-6.2-16.4 0-22.6s16.4-6.2 22.6 0l160 160z"/></svg></span><span class="fildariane__item">Hyères und seine Aktivitäten</span></nav><a class="fildariane__item retour" href="https://acampa-vacances.com/de/""><span class="fc-icon"><svg xmlns="http://www.w3.org/2000/svg"  viewBox="0 0 448 512" width="16px" height="16px"><!--! Font Awesome Pro 6.4.2 by @fontawesome - https://fontawesome.com License - https://fontawesome.com/license (Commercial License) Copyright 2023 Fonticons, Inc.--><path d="M7.4 273.4C2.7 268.8 0 262.6 0 256s2.7-12.8 7.4-17.4l176-168c9.6-9.2 24.8-8.8 33.9 .8s8.8 24.8-.8 33.9L83.9 232 424 232c13.3 0 24 10.7 24 24s-10.7 24-24 24L83.9 280 216.6 406.6c9.6 9.2 9.9 24.3 .8 33.9s-24.3 9.9-33.9 .8l-176-168z"/></svg></span>Zurück zur Startseite</a>


<h1>Hyères und seine Aktivitäten, Var 83 Presqu&#8217;île de Giens</h1>

<p>Besuchen Sie uns in diesem Sommer? Wir bieten Ihnen einen kleinen Überblick über das, was Sie in Hyères während der Sommermonate unternehmen können. Es gibt verschiedene Möglichkeiten, die Stadt zu besuchen, folgen Sie dem Führer!  </p>

<div class="columns"><div class="columns__item" style="align-self:center;"><h2>Besichtigung der Stadt Hyères</h2><p>Hyères ist die erste Gemeinde im Var unter den &#8220; <a href="https://hyeres.fr/" target="_blank" rel="noreferrer noopener">Städten und Dörfern an der Küste, in denen es sich gut leben lässt</a>&#8222;. Sie werden nicht mehr abreisen wollen!</p><p>Während Ihres Aufenthalts sollten Sie auf jeden Fall einen Besuch in :</p><ul><li>Jahrhundert und die Stadtmauern für die Aussicht auf die Bucht von Hyères und das Hinterland, sowie die Villa Noailles, die dieses Jahr ihr 100-jähriges Bestehen feiert.
</li><li>Son <a href="https://acampa-vacances.com/it/blog/alla-scoperta-del-parcours-des-arts-di-hyeres/" data-type="blog" data-id="1109">Parcours des Arts</a> für das <a href="https://acampa-vacances.com/it/blog/alla-scoperta-del-parcours-des-arts-di-hyeres/" data-type="blog" data-id="1109">Kunsthandwerk</a> und das Kulturerbe im Stadtzentrum
</li><li>La <a href="https://acampa-vacances.com/it/blog/la-via-del-sale-una-strada-mitica/" data-type="blog" data-id="1103">Route du Sel</a> in L&#8217;Almanarre, ganz in der Nähe der Halbinsel Giens
</li><li>La Tour Fondue, in der Nähe Ihres Campingplatzes, Ausgangspunkt für Porquerolles
</li><li>Der Bauernmarkt im Stadtzentrum für das Beste aus Hyeros Land
</li><li>Der Olbius-Riquier-Park, der ein Nebengebäude des Jardin d&#8217;Acclimatation in Paris war.
</li></ul></div><div class="columns__item"><figure style="position:relative;"><picture><source srcset="https://acampa-vacances.com/wp-content/uploads/2024/11/international-hyeres-et-ses-activites-var-83-presquile-de-giens-1-420x289.jpg.webp" media="(max-width: 210px)"><source srcset="https://acampa-vacances.com/wp-content/uploads/2024/11/international-hyeres-et-ses-activites-var-83-presquile-de-giens-1.jpg.webp" media="(max-width: 420px)"><source srcset="https://acampa-vacances.com/wp-content/uploads/2024/11/international-hyeres-et-ses-activites-var-83-presquile-de-giens-1.jpg.webp" media="(max-width: 850px)"><source srcset="https://acampa-vacances.com/wp-content/uploads/2024/11/international-hyeres-et-ses-activites-var-83-presquile-de-giens-1.jpg.webp" media="(max-width: 1024px)"><source srcset="https://acampa-vacances.com/wp-content/uploads/2024/11/international-hyeres-et-ses-activites-var-83-presquile-de-giens-1.jpg.webp" media="(min-width: 1025px)"><img decoding="async" src="https://acampa-vacances.com/wp-content/uploads/2024/11/international-hyeres-et-ses-activites-var-83-presquile-de-giens-1-420x289.jpg.webp" width="420" height="210" loading="lazy" alt="" title=""></picture><figcaption>@Julien Veyssage / Tourismus Provence Méditerranée</figcaption></figure></div></div>

<div class="columns"><div class="columns__item"><figure style="position:relative;"><picture><source srcset="https://acampa-vacances.com/wp-content/uploads/2024/12/international-hyeres-et-ses-activites-var-83-presquile-de-giens-2-347x420.jpg.webp" media="(max-width: 210px)"><source srcset="https://acampa-vacances.com/wp-content/uploads/2024/12/international-hyeres-et-ses-activites-var-83-presquile-de-giens-2.jpg.webp" media="(max-width: 420px)"><source srcset="https://acampa-vacances.com/wp-content/uploads/2024/12/international-hyeres-et-ses-activites-var-83-presquile-de-giens-2.jpg.webp" media="(max-width: 850px)"><source srcset="https://acampa-vacances.com/wp-content/uploads/2024/12/international-hyeres-et-ses-activites-var-83-presquile-de-giens-2.jpg.webp" media="(max-width: 1024px)"><source srcset="https://acampa-vacances.com/wp-content/uploads/2024/12/international-hyeres-et-ses-activites-var-83-presquile-de-giens-2.jpg.webp" media="(min-width: 1025px)"><img decoding="async" src="https://acampa-vacances.com/wp-content/uploads/2024/12/international-hyeres-et-ses-activites-var-83-presquile-de-giens-2-347x420.jpg.webp" width="420" height="210" loading="lazy" alt="" title=""></picture><figcaption>Hyères Tourismus</figcaption></figure></div><div class="columns__item" style="align-self:center;"><h2>Am Wasser entlang 〰️</h2><p>Wir empfehlen Ihnen dieses ganz besondere Programm: Schwimmen, Sonnenbaden und Sandburgen bauen&#8230; Können Sie sich das vorstellen? ⛱️👣 </p><p>Aber verpassen Sie nicht :</p><ul><li><a href="https://www.provencemed.com/hyeres-porquerolles/" target="_blank" rel="noreferrer noopener">Die Goldenen Inseln</a>: Porquerolles, Port-Cros und Le Levant für ihre weiten Strände und das klare Wasser.
</li><li>Les Salins d&#8217;Hyères zur Beobachtung von Seevögeln und zur Erkundung der Fauna und Flora.
</li><li>Tauchplätze wie das Meeresreservat von Porquerolles oder Wracks, kontaktieren Sie bitte unseren Partner<a href="https://divingiens.fr/" target="_blank" rel="noreferrer noopener"> Divin&#8217;Giens</a>, Tauchbasis auf der Halbinsel Giens.
</li><li>Kitesurf- und Paddle-Zonen mit unserem Partner <a href="https://spinout.fr/" target="_blank" rel="noreferrer noopener">SpinOut</a>, einer Segelschule in der Bucht von Almanarre.
</li></ul></div></div>

<h2>Eine wohlverdiente Ruhepause</h2>

<p>Wir können Ihnen nicht genug empfehlen, die Zeit zu genießen, weg vom Büro, weg vom Stress. Wie wäre es mit einem guten, hausgemachten Essen mit lokalen Produkten in einem <a href="https://www.facebook.com/lesolariumgiens/" target="_blank" rel="noreferrer noopener">Restaurant mit Meerblick</a> in einer entspannten Atmosphäre? Anschließend ein Bummel über den Nachtmarkt am Hafen von Hyères? Die Stadt und Ihr Campingplatz bieten ebenfalls Aktivitäten an, fragen Sie nach dem Programm.   </p>

<p>Glück in wenigen Worten :</p>

<p><strong>Hafen</strong>des Friedens</p>

<p><strong>Juhu</strong>, Urlaub!</p>

<p><strong>Sommer</strong></p>

<p><strong>Ruhezeit</strong></p>

<p><strong>Sonneneinstrahlung</strong></p>

<p><strong>Süd</strong></p>

<p><strong>Buchen Sie auf einem unserer Partner-Campingplätze, um nichts zu verpassen!</strong></p>

<p id="1491">Auf dem <a href="https://acampa-vacances.com/de/clairdelune/willkommen/" data-type="clairdelune" data-id="1491">Campingplatz Clair de Lune</a> für einen ruhigen Urlaub! Buchen Sie Ihr <a href="https://acampa-vacances.com/de/clairdelune/unterkunft/" data-type="clairdelune" data-id="4032">Zelt</a> für 2 Personen. Besuchen Sie unsere <a href="https://www.instagram.com/camping.clair.de.lune/" target="_blank" rel="noreferrer noopener">Instagram-Seite</a>!</p>

<p id="192">Auf dem <a href="https://acampa-vacances.com/de/international/willkommen/" data-type="international" data-id="192">Internationalen Campingplatz</a> für einen Urlaub voller Spaß und Sport! Buchen Sie Ihren Stellplatz oder mieten Sie ein <a href="https://acampa-vacances.com/de/international/unterkunft/" data-type="international" data-id="3895">klimatisiertes Mobilheim Bora Bora</a>. Schauen Sie sich gleich <a href="https://www.instagram.com/campinginternationalgiens/" target="_blank" rel="noreferrer noopener">hier</a> unsere schönen Fotos an.</p>

<p id="1448">Auf dem <a href="https://acampa-vacances.com/de/iledor/willkommen/" data-type="iledor" data-id="1448">Campingplatz Ile d&#8217;Or</a> können Sie einen Urlaub in der Natur verbringen. Mieten Sie ein klimatisiertes Mobilheim wie das 32 m2 große <a href="https://acampa-vacances.com/de/iledor/unterkunft/" data-type="iledor" data-id="3965">Loggia</a>. Abonnieren Sie unsere <a href="https://www.instagram.com/campingiledor_giens/" target="_blank" rel="noreferrer noopener">Instagram-Seite</a>.</p>

<p>Wir freuen uns auf Ihren Besuch!</p>

<p>Abonnieren Sie unsere <a href="https://www.facebook.com/camping.international.de.giens/" target="_blank" rel="noreferrer noopener">Facebook-Seite</a>!</p>

<p>Hyères und seine Aktivitäten, Var 83 Presqu&#8217;île de Giens Besuchen Sie uns in diesem Sommer? Wir bieten Ihnen einen kleinen Überblick über das, was Sie in Hyères während der Sommermonate unternehmen können. Es gibt verschiedene Möglichkeiten, die Stadt zu besuchen, folgen Sie dem Führer! Besichtigung der Stadt Hyères Hyères ist die erste Gemeinde im Var [&hellip;]</p>
