{"id":12790,"date":"2024-11-25T10:11:55","date_gmt":"2024-11-25T09:11:55","guid":{"rendered":"https:\/\/acampa-vacances.com\/tourisme\/le-mas-du-port-auguier\/"},"modified":"2025-01-29T11:27:25","modified_gmt":"2025-01-29T10:27:25","slug":"le-mas-du-port-auguier","status":"publish","type":"tourisme","link":"https:\/\/acampa-vacances.com\/de\/tourismus\/le-mas-du-port-auguier\/","title":{"rendered":"Mas du Port Auguier"},"content":{"rendered":"<nav class=\"fildariane\"><a class=\"fildariane__item\" href=\"https:\/\/acampa-vacances.com\/de\/\">Acampa<\/a><span class=\"fc-icon\"><svg xmlns=\"http:\/\/www.w3.org\/2000\/svg\"  viewBox=\"0 0 320 512\" width=\"16px\" height=\"16px\"><!--! Font Awesome Pro 6.4.2 by @fontawesome - https:\/\/fontawesome.com License - https:\/\/fontawesome.com\/license (Commercial License) Copyright 2023 Fonticons, Inc.--><path d=\"M267.3 244.7c6.2 6.2 6.2 16.4 0 22.6l-160 160c-6.2 6.2-16.4 6.2-22.6 0s-6.2-16.4 0-22.6L233.4 256 84.7 107.3c-6.2-6.2-6.2-16.4 0-22.6s16.4-6.2 22.6 0l160 160z\"\/><\/svg><\/span><span class=\"fildariane__item\">Mas du Port Auguier<\/span><\/nav><a class=\"fildariane__item retour\" href=\"https:\/\/acampa-vacances.com\/de\/\"\"><span class=\"fc-icon\"><svg xmlns=\"http:\/\/www.w3.org\/2000\/svg\"  viewBox=\"0 0 448 512\" width=\"16px\" height=\"16px\"><!--! Font Awesome Pro 6.4.2 by @fontawesome - https:\/\/fontawesome.com License - https:\/\/fontawesome.com\/license (Commercial License) Copyright 2023 Fonticons, Inc.--><path d=\"M7.4 273.4C2.7 268.8 0 262.6 0 256s2.7-12.8 7.4-17.4l176-168c9.6-9.2 24.8-8.8 33.9 .8s8.8 24.8-.8 33.9L83.9 232 424 232c13.3 0 24 10.7 24 24s-10.7 24-24 24L83.9 280 216.6 406.6c9.6 9.2 9.9 24.3 .8 33.9s-24.3 9.9-33.9 .8l-176-168z\"\/><\/svg><\/span>Zur\u00fcck zur Startseite<\/a>\n\n\n<h1>Le Mas du Port Auguier<\/h1>\n\n<div class=\"columns\"><div class=\"columns__item\"><figure style=\"position:relative;\"><picture><source srcset=\"https:\/\/acampa-vacances.com\/wp-content\/uploads\/2024\/12\/international-mas-du-port-auguier_m-420x338.jpg\" media=\"(max-width: 210px)\"><source srcset=\"https:\/\/acampa-vacances.com\/wp-content\/uploads\/2024\/12\/international-mas-du-port-auguier_m.jpg\" media=\"(max-width: 420px)\"><source srcset=\"https:\/\/acampa-vacances.com\/wp-content\/uploads\/2024\/12\/international-mas-du-port-auguier_m.jpg\" media=\"(max-width: 850px)\"><source srcset=\"https:\/\/acampa-vacances.com\/wp-content\/uploads\/2024\/12\/international-mas-du-port-auguier_m.jpg\" media=\"(max-width: 1024px)\"><source srcset=\"https:\/\/acampa-vacances.com\/wp-content\/uploads\/2024\/12\/international-mas-du-port-auguier_m.jpg\" media=\"(min-width: 1025px)\"><img decoding=\"async\" src=\"https:\/\/acampa-vacances.com\/wp-content\/uploads\/2024\/12\/international-mas-du-port-auguier_m-420x338.jpg\" width=\"420\" height=\"210\" loading=\"lazy\" alt=\"\" title=\"\"><\/picture><figcaption>Bildnachweis: Hy\u00e8res tourisme<\/figcaption><\/figure><\/div><div class=\"columns__item\" style=\"align-self:center;\"><p id=\"https:\/\/acampa-vacances.com\/blog\/promenades-sur-la-presquile-de-giens-var\/\">Auf der <a href=\"https:\/\/acampa-vacances.com\/de\/blog\/spaziert-auf-der-presquile-von-giens-var\/\" data-type=\"link\" data-id=\"https:\/\/acampa-vacances.com\/blog\/promenades-sur-la-presquile-de-giens-var\/\">Halbinsel Giens<\/a> liegt das Anwesen auf einem duftenden und bl\u00fchenden H\u00fcgel, der nach S\u00fcden ausgerichtet ist.<\/p><p>Das Weingut liegt oberhalb von Port Auguier, direkt gegen\u00fcber den kleinen Inseln Ribaud und Ribaudin.<\/p><p id=\"1491\">Hier, in der Sonne der Provence, baut die Familie Gautier seit Generationen mit Liebe und Beharrlichkeit die Reben nach alter Tradition von Hand an, nur wenige Schritte vom <a href=\"https:\/\/acampa-vacances.com\/de\/clairdelune\/willkommen\/\" data-type=\"clairdelune\" data-id=\"1491\">Campingplatz auf der Halbinsel Giens<\/a> entfernt. Wir laden unsere Kunden jeden Montagabend zur Weinprobe in das <a href=\"https:\/\/acampa-vacances.com\/de\/clairdelune\/dienstleistungen\/\" data-type=\"clairdelune\" data-id=\"12913\">kleine Restaurant des Clair de Lune<\/a> ein.<\/p><\/div><\/div>\n\n<h2>Wei\u00df<\/h2>\n\n<p>Er wird aus den Rebsorten &#8222;Rolle&#8220; und &#8222;Clairette&#8220; hergestellt und hat eine goldene Farbe und echte aromatische Qualit\u00e4ten, die die ganze Feinheit und Fruchtigkeit des Bouquets hervorheben. Dieser Wei\u00dfwein, der durch die <a href=\"https:\/\/dico-du-vin.com\/maceration-pelliculaire-vinification\/\" target=\"_blank\" rel=\"noreferrer noopener\">Mazeration<\/a> auf der Haut (einige Stunden mit der Haut und kalt) gewonnen wird, ist ein idealer Begleiter f\u00fcr Muscheln, Fisch und Vorspeisen, kann aber auch als Aperitif serviert werden. Er sollte nicht eiskalt serviert werden (zwischen 10 und 12\u00b0), um die F\u00fclle seines Aromas zu entfalten.  <\/p>\n\n<h2>Der Ros\u00e9<\/h2>\n\n<p>Dieser Wein wird aus den Rebsorten &#8222;Cinsaut&#8220; und &#8222;Grenache&#8220; gewonnen, zu denen sich &#8222;Syrah&#8220; gesellt. Er wird aus dem Saft der nicht gepressten Trauben gewonnen und hat eine kurze Maischeg\u00e4rung. Er passt zu einfachen Mahlzeiten, Rohkost, Wurstwaren, wei\u00dfem Fleisch und vor allem zu Schalentieren und Fisch, wie die ber\u00fchmte provenzalische Bouillabaisse. Er wird nicht eisgek\u00fchlt getrunken (zwischen 10\u00b0 und 12\u00b0), seine Farbe ist vornehm, er ist elegant, fruchtig und aromatisch. Er hat die F\u00e4higkeit, den Geschmack der Speisen, die er begleitet, zu bereichern, indem er eine fr\u00f6hliche und entspannende Note verleiht, die auch seinen Charme ausmacht.   <\/p>\n\n<h2>Der Rote<\/h2>\n\n<p>Aus den besten Rebsorten der Appellation C\u00f4tes de Provence &#8222;Grenache, Syrah, Cinsaut, Mourv\u00e8dre&#8220; ergibt die traditionelle Weinbereitung einen eleganten Wein mit einer dunkelroten Farbe und Aromen von roten Fr\u00fcchten.<\/p>\n\n<p>Dieser Wein sollte leicht chambriert bei einer Temperatur von ca. 17\u00b0 C serviert werden. Er kann jung getrunken werden, vertr\u00e4gt aber auch eine Reifung von einigen Jahren. Er passt hervorragend zu rotem Fleisch, gegrillt oder in Sauce, Wild und Gefl\u00fcgel sowie zu fermentiertem K\u00e4se.  <\/p>","protected":false},"excerpt":{"rendered":"<p>Le Mas du Port Auguier Auf der Halbinsel Giens liegt das Anwesen auf einem duftenden und bl\u00fchenden H\u00fcgel, der nach S\u00fcden ausgerichtet ist. Das Weingut liegt oberhalb von Port Auguier, direkt gegen\u00fcber den kleinen Inseln Ribaud und Ribaudin. Hier, in der Sonne der Provence, baut die Familie Gautier seit Generationen mit Liebe und Beharrlichkeit die [&hellip;]<\/p>\n","protected":false},"author":1,"featured_media":10054,"parent":0,"menu_order":0,"template":"","format":"standard","meta":{"_acf_changed":false,"footnotes":""},"tourisme":[73],"acf":[],"_links":{"self":[{"href":"https:\/\/acampa-vacances.com\/de\/wp-json\/wp\/v2\/tourisme\/12790"}],"collection":[{"href":"https:\/\/acampa-vacances.com\/de\/wp-json\/wp\/v2\/tourisme"}],"about":[{"href":"https:\/\/acampa-vacances.com\/de\/wp-json\/wp\/v2\/types\/tourisme"}],"author":[{"embeddable":true,"href":"https:\/\/acampa-vacances.com\/de\/wp-json\/wp\/v2\/users\/1"}],"version-history":[{"count":2,"href":"https:\/\/acampa-vacances.com\/de\/wp-json\/wp\/v2\/tourisme\/12790\/revisions"}],"predecessor-version":[{"id":13829,"href":"https:\/\/acampa-vacances.com\/de\/wp-json\/wp\/v2\/tourisme\/12790\/revisions\/13829"}],"wp:featuredmedia":[{"embeddable":true,"href":"https:\/\/acampa-vacances.com\/de\/wp-json\/wp\/v2\/media\/10054"}],"wp:attachment":[{"href":"https:\/\/acampa-vacances.com\/de\/wp-json\/wp\/v2\/media?parent=12790"}],"wp:term":[{"taxonomy":"tourisme","embeddable":true,"href":"https:\/\/acampa-vacances.com\/de\/wp-json\/wp\/v2\/tourisme?post=12790"}],"curies":[{"name":"wp","href":"https:\/\/api.w.org\/{rel}","templated":true}]}}

<nav class="fildariane"><a class="fildariane__item" href="https://acampa-vacances.com/de/">Acampa</a><span class="fc-icon"><svg xmlns="http://www.w3.org/2000/svg"  viewBox="0 0 320 512" width="16px" height="16px"><!--! Font Awesome Pro 6.4.2 by @fontawesome - https://fontawesome.com License - https://fontawesome.com/license (Commercial License) Copyright 2023 Fonticons, Inc.--><path d="M267.3 244.7c6.2 6.2 6.2 16.4 0 22.6l-160 160c-6.2 6.2-16.4 6.2-22.6 0s-6.2-16.4 0-22.6L233.4 256 84.7 107.3c-6.2-6.2-6.2-16.4 0-22.6s16.4-6.2 22.6 0l160 160z"/></svg></span><span class="fildariane__item">Mas du Port Auguier</span></nav><a class="fildariane__item retour" href="https://acampa-vacances.com/de/""><span class="fc-icon"><svg xmlns="http://www.w3.org/2000/svg"  viewBox="0 0 448 512" width="16px" height="16px"><!--! Font Awesome Pro 6.4.2 by @fontawesome - https://fontawesome.com License - https://fontawesome.com/license (Commercial License) Copyright 2023 Fonticons, Inc.--><path d="M7.4 273.4C2.7 268.8 0 262.6 0 256s2.7-12.8 7.4-17.4l176-168c9.6-9.2 24.8-8.8 33.9 .8s8.8 24.8-.8 33.9L83.9 232 424 232c13.3 0 24 10.7 24 24s-10.7 24-24 24L83.9 280 216.6 406.6c9.6 9.2 9.9 24.3 .8 33.9s-24.3 9.9-33.9 .8l-176-168z"/></svg></span>Zurück zur Startseite</a>


<h1>Le Mas du Port Auguier</h1>

<div class="columns"><div class="columns__item"><figure style="position:relative;"><picture><source srcset="https://acampa-vacances.com/wp-content/uploads/2024/12/international-mas-du-port-auguier_m-420x338.jpg" media="(max-width: 210px)"><source srcset="https://acampa-vacances.com/wp-content/uploads/2024/12/international-mas-du-port-auguier_m.jpg" media="(max-width: 420px)"><source srcset="https://acampa-vacances.com/wp-content/uploads/2024/12/international-mas-du-port-auguier_m.jpg" media="(max-width: 850px)"><source srcset="https://acampa-vacances.com/wp-content/uploads/2024/12/international-mas-du-port-auguier_m.jpg" media="(max-width: 1024px)"><source srcset="https://acampa-vacances.com/wp-content/uploads/2024/12/international-mas-du-port-auguier_m.jpg" media="(min-width: 1025px)"><img decoding="async" src="https://acampa-vacances.com/wp-content/uploads/2024/12/international-mas-du-port-auguier_m-420x338.jpg" width="420" height="210" loading="lazy" alt="" title=""></picture><figcaption>Bildnachweis: Hyères tourisme</figcaption></figure></div><div class="columns__item" style="align-self:center;"><p id="https://acampa-vacances.com/blog/promenades-sur-la-presquile-de-giens-var/">Auf der <a href="https://acampa-vacances.com/de/blog/spaziert-auf-der-presquile-von-giens-var/" data-type="link" data-id="https://acampa-vacances.com/blog/promenades-sur-la-presquile-de-giens-var/">Halbinsel Giens</a> liegt das Anwesen auf einem duftenden und blühenden Hügel, der nach Süden ausgerichtet ist.</p><p>Das Weingut liegt oberhalb von Port Auguier, direkt gegenüber den kleinen Inseln Ribaud und Ribaudin.</p><p id="1491">Hier, in der Sonne der Provence, baut die Familie Gautier seit Generationen mit Liebe und Beharrlichkeit die Reben nach alter Tradition von Hand an, nur wenige Schritte vom <a href="https://acampa-vacances.com/de/clairdelune/willkommen/" data-type="clairdelune" data-id="1491">Campingplatz auf der Halbinsel Giens</a> entfernt. Wir laden unsere Kunden jeden Montagabend zur Weinprobe in das <a href="https://acampa-vacances.com/de/clairdelune/dienstleistungen/" data-type="clairdelune" data-id="12913">kleine Restaurant des Clair de Lune</a> ein.</p></div></div>

<h2>Weiß</h2>

<p>Er wird aus den Rebsorten &#8222;Rolle&#8220; und &#8222;Clairette&#8220; hergestellt und hat eine goldene Farbe und echte aromatische Qualitäten, die die ganze Feinheit und Fruchtigkeit des Bouquets hervorheben. Dieser Weißwein, der durch die <a href="https://dico-du-vin.com/maceration-pelliculaire-vinification/" target="_blank" rel="noreferrer noopener">Mazeration</a> auf der Haut (einige Stunden mit der Haut und kalt) gewonnen wird, ist ein idealer Begleiter für Muscheln, Fisch und Vorspeisen, kann aber auch als Aperitif serviert werden. Er sollte nicht eiskalt serviert werden (zwischen 10 und 12°), um die Fülle seines Aromas zu entfalten.  </p>

<h2>Der Rosé</h2>

<p>Dieser Wein wird aus den Rebsorten &#8222;Cinsaut&#8220; und &#8222;Grenache&#8220; gewonnen, zu denen sich &#8222;Syrah&#8220; gesellt. Er wird aus dem Saft der nicht gepressten Trauben gewonnen und hat eine kurze Maischegärung. Er passt zu einfachen Mahlzeiten, Rohkost, Wurstwaren, weißem Fleisch und vor allem zu Schalentieren und Fisch, wie die berühmte provenzalische Bouillabaisse. Er wird nicht eisgekühlt getrunken (zwischen 10° und 12°), seine Farbe ist vornehm, er ist elegant, fruchtig und aromatisch. Er hat die Fähigkeit, den Geschmack der Speisen, die er begleitet, zu bereichern, indem er eine fröhliche und entspannende Note verleiht, die auch seinen Charme ausmacht.   </p>

<h2>Der Rote</h2>

<p>Aus den besten Rebsorten der Appellation Côtes de Provence &#8222;Grenache, Syrah, Cinsaut, Mourvèdre&#8220; ergibt die traditionelle Weinbereitung einen eleganten Wein mit einer dunkelroten Farbe und Aromen von roten Früchten.</p>

<p>Dieser Wein sollte leicht chambriert bei einer Temperatur von ca. 17° C serviert werden. Er kann jung getrunken werden, verträgt aber auch eine Reifung von einigen Jahren. Er passt hervorragend zu rotem Fleisch, gegrillt oder in Sauce, Wild und Geflügel sowie zu fermentiertem Käse.  </p>

<p>Le Mas du Port Auguier Auf der Halbinsel Giens liegt das Anwesen auf einem duftenden und blühenden Hügel, der nach Süden ausgerichtet ist. Das Weingut liegt oberhalb von Port Auguier, direkt gegenüber den kleinen Inseln Ribaud und Ribaudin. Hier, in der Sonne der Provence, baut die Familie Gautier seit Generationen mit Liebe und Beharrlichkeit die [&hellip;]</p>
