{"id":12356,"date":"2024-11-25T10:11:59","date_gmt":"2024-11-25T09:11:59","guid":{"rendered":"https:\/\/acampa-vacances.com\/tourisme\/un-tour-dans-les-villages-du-haut-var-aups-barjols\/"},"modified":"2025-01-29T09:21:58","modified_gmt":"2025-01-29T08:21:58","slug":"a-tour-in-the-villages-of-haut-var-aups-barjols","status":"publish","type":"tourisme","link":"https:\/\/acampa-vacances.com\/en\/tourism\/a-tour-in-the-villages-of-haut-var-aups-barjols\/","title":{"rendered":"Aups &amp; Barjols"},"content":{"rendered":"<nav class=\"fildariane\"><a class=\"fildariane__item\" href=\"https:\/\/acampa-vacances.com\/en\/\">Acampa<\/a><span class=\"fc-icon\"><svg xmlns=\"http:\/\/www.w3.org\/2000\/svg\"  viewBox=\"0 0 320 512\" width=\"16px\" height=\"16px\"><!--! Font Awesome Pro 6.4.2 by @fontawesome - https:\/\/fontawesome.com License - https:\/\/fontawesome.com\/license (Commercial License) Copyright 2023 Fonticons, Inc.--><path d=\"M267.3 244.7c6.2 6.2 6.2 16.4 0 22.6l-160 160c-6.2 6.2-16.4 6.2-22.6 0s-6.2-16.4 0-22.6L233.4 256 84.7 107.3c-6.2-6.2-6.2-16.4 0-22.6s16.4-6.2 22.6 0l160 160z\"\/><\/svg><\/span><span class=\"fildariane__item\">Aups &amp; Barjols<\/span><\/nav><a class=\"fildariane__item retour\" href=\"https:\/\/acampa-vacances.com\/en\/\"\"><span class=\"fc-icon\"><svg xmlns=\"http:\/\/www.w3.org\/2000\/svg\"  viewBox=\"0 0 448 512\" width=\"16px\" height=\"16px\"><!--! Font Awesome Pro 6.4.2 by @fontawesome - https:\/\/fontawesome.com License - https:\/\/fontawesome.com\/license (Commercial License) Copyright 2023 Fonticons, Inc.--><path d=\"M7.4 273.4C2.7 268.8 0 262.6 0 256s2.7-12.8 7.4-17.4l176-168c9.6-9.2 24.8-8.8 33.9 .8s8.8 24.8-.8 33.9L83.9 232 424 232c13.3 0 24 10.7 24 24s-10.7 24-24 24L83.9 280 216.6 406.6c9.6 9.2 9.9 24.3 .8 33.9s-24.3 9.9-33.9 .8l-176-168z\"\/><\/svg><\/span>Back to home page<\/a>\n<h1>A tour of the villages of the Haut Var: Aups &amp; Barjols<\/h1><p id=\"https:\/\/acampa-vacances.com\/blog\/les-plus-5-beaux-villages-de-provence\/\">Why not take a trip to <a href=\"https:\/\/acampa-vacances.com\/nl\/blog\/de-5-mooiste-dorpen-van-de-provence\/\" data-type=\"link\" data-id=\"https:\/\/acampa-vacances.com\/blog\/les-plus-5-beaux-villages-de-provence\/\">the Haut Var<\/a> for a change from the Hyeres coastline? In this article, we&#8217;ll introduce you to two villages that are well worth a visit: Aups and Barjols!  <\/p><div class=\"columns\"><div class=\"columns__item\"><h2>The village of Aups<\/h2><p>This <strong>village in Haute Provence<\/strong> is the capital of <strong>black truffles<\/strong>. It&#8217;s also <strong>not far from Lac de Sainte-Croix<\/strong> and the <strong>Gorges du Verdon<\/strong>. <\/p><p>Its <strong>architecture<\/strong> is <strong>steeped in<\/strong> <strong>history<\/strong> and its <strong>terroir<\/strong> abounds with <strong>authentic<\/strong> <strong>products<\/strong>: saffron, honey, virgin olive oil, goat&#8217;s cheese, wine and much more!<\/p><p>Aups has <strong>been a fairground since the Middle Ages<\/strong>. So you can enjoy <strong>two unusual markets<\/strong>: on <strong>Wednesday<\/strong> and <strong>Saturday mornings<\/strong>. The <strong>truffle market<\/strong> opened in <strong>early December and will run until the end of March<\/strong>! It&#8217;s the <strong>biggest market in the Var<\/strong>.  <\/p><p>This <strong>village of character<\/strong> offers unparalleled architecture. Its <strong>historic monuments<\/strong> will delight lovers of medieval history, starting with the Fabrique de l&#8217;Abb\u00e9 Jean, followed by the Ch\u00e2teau de Taurenne, the Tour de l&#8217;Horloge, the sundial and the Coll\u00e9giale Saint Pancrace. <\/p><\/div><div class=\"columns__item\" style=\"align-self:center;\"><figure style=\"position:relative;\"><picture><source srcset=\"https:\/\/acampa-vacances.com\/wp-content\/uploads\/2024\/11\/aups-4-300x183-1.png.webp\" media=\"(max-width: 210px)\"><source srcset=\"https:\/\/acampa-vacances.com\/wp-content\/uploads\/2024\/11\/aups-4-300x183-1.png.webp\" media=\"(max-width: 420px)\"><source srcset=\"https:\/\/acampa-vacances.com\/wp-content\/uploads\/2024\/11\/aups-4-300x183-1.png.webp\" media=\"(max-width: 850px)\"><source srcset=\"https:\/\/acampa-vacances.com\/wp-content\/uploads\/2024\/11\/aups-4-300x183-1.png.webp\" media=\"(max-width: 1024px)\"><source srcset=\"https:\/\/acampa-vacances.com\/wp-content\/uploads\/2024\/11\/aups-4-300x183-1.png.webp\" media=\"(min-width: 1025px)\"><img decoding=\"async\" src=\"https:\/\/acampa-vacances.com\/wp-content\/uploads\/2024\/11\/aups-4-300x183-1.png.webp\" width=\"420\" height=\"210\" loading=\"lazy\" alt=\"\" title=\"\"><\/picture><figcaption>photo credit: provenceweb.fr\/<\/figcaption><\/figure><\/div><\/div><div class=\"columns\"><div class=\"columns__item\" style=\"align-self:center;\"><figure style=\"position:relative;\"><picture><source srcset=\"https:\/\/acampa-vacances.com\/wp-content\/uploads\/2024\/11\/48315-300x159-1.jpg.webp\" media=\"(max-width: 210px)\"><source srcset=\"https:\/\/acampa-vacances.com\/wp-content\/uploads\/2024\/11\/48315-300x159-1.jpg.webp\" media=\"(max-width: 420px)\"><source srcset=\"https:\/\/acampa-vacances.com\/wp-content\/uploads\/2024\/11\/48315-300x159-1.jpg.webp\" media=\"(max-width: 850px)\"><source srcset=\"https:\/\/acampa-vacances.com\/wp-content\/uploads\/2024\/11\/48315-300x159-1.jpg.webp\" media=\"(max-width: 1024px)\"><source srcset=\"https:\/\/acampa-vacances.com\/wp-content\/uploads\/2024\/11\/48315-300x159-1.jpg.webp\" media=\"(min-width: 1025px)\"><img decoding=\"async\" src=\"https:\/\/acampa-vacances.com\/wp-content\/uploads\/2024\/11\/48315-300x159-1.jpg.webp\" width=\"420\" height=\"210\" loading=\"lazy\" alt=\"\" title=\"\"><\/picture><figcaption>photo credit: frequence-sud.fr<\/figcaption><\/figure><\/div><div class=\"columns__item\" style=\"align-self:center;\"><h2>The village of Barjols<\/h2><p>The <strong>famous Vallon des Carmes<\/strong> is located in this <strong>Provence Verte village<\/strong>. This <strong>natural site<\/strong> is <strong>accessible from the top of the village<\/strong>. You can&#8217;t help but marvel at the spectacle: <strong>a succession of waterfalls, fords and cascades<\/strong> of all kinds!  <\/p><p>Next, <strong>visit the tanneries<\/strong> that have been in the village since the 1950s. <strong>Restored by the town<\/strong>, they are gradually being <strong>rehabilitated<\/strong>. Finally, visit the <strong>11th-century<\/strong> <strong>Collegiate Church<\/strong>, a <strong>listed monument<\/strong>. <\/p><p>Visit the <strong>village of Barjols<\/strong> and you&#8217;ll discover a <strong>rich<\/strong> <strong>religious history<\/strong>. It&#8217;s here that <strong>Saint Marcel<\/strong>&#8216;s Day is celebrated <strong>, on the Sunday closest to January 17<\/strong>. It&#8217;s a feast eagerly awaited by all!  <\/p><\/div><\/div><div class=\"columns\"><div class=\"columns__item\" style=\"align-self:center;\"><p>Discover these two charming Provence villages by booking your stay at our campsite.<\/p><p id=\"https:\/\/acampa-vacances.com\/international\/accueil\/\">To conclude, we&#8217;ve indicated the distance and travel time for each village. So, from <strong><a href=\"https:\/\/acampa-vacances.com\/nl\/international\/welkom\/\" data-type=\"link\" data-id=\"https:\/\/acampa-vacances.com\/international\/accueil\/\">Camping International****<\/a><\/strong>, it takes <strong>1h30<\/strong> to get to Aups and <strong>1h20<\/strong> to get to Barjols. All in all, a day of discovery in the <strong>Haut Var<\/strong> to make the most of your vacation!  <\/p><\/div><div class=\"columns__item\" style=\"align-self:center;\"><figure style=\"position:relative;\"><picture><source srcset=\"https:\/\/acampa-vacances.com\/wp-content\/uploads\/2024\/11\/barjols-3-300x182-1.png.webp\" media=\"(max-width: 210px)\"><source srcset=\"https:\/\/acampa-vacances.com\/wp-content\/uploads\/2024\/11\/barjols-3-300x182-1.png.webp\" media=\"(max-width: 420px)\"><source srcset=\"https:\/\/acampa-vacances.com\/wp-content\/uploads\/2024\/11\/barjols-3-300x182-1.png.webp\" media=\"(max-width: 850px)\"><source srcset=\"https:\/\/acampa-vacances.com\/wp-content\/uploads\/2024\/11\/barjols-3-300x182-1.png.webp\" media=\"(max-width: 1024px)\"><source srcset=\"https:\/\/acampa-vacances.com\/wp-content\/uploads\/2024\/11\/barjols-3-300x182-1.png.webp\" media=\"(min-width: 1025px)\"><img decoding=\"async\" src=\"https:\/\/acampa-vacances.com\/wp-content\/uploads\/2024\/11\/barjols-3-300x182-1.png.webp\" width=\"420\" height=\"210\" style=\"object-fit:cover;\" loading=\"lazy\" alt=\"\" title=\"\"><\/picture><figcaption>photo credit: photos-provence.fr<\/figcaption><\/figure><\/div><\/div><h3>Other articles to discover Provence<\/h3><ul><li><a href=\"https:\/\/acampa-vacances.com\/it\/blog\/correns-et-le-vallon-sourn\/\" data-type=\"link\" data-id=\"https:\/\/acampa-vacances.com\/blog\/correns-et-le-vallon-sourn\/\">Correns: a forgotten village in the Var<\/a>\n<\/li><li><a href=\"https:\/\/acampa-vacances.com\/nl\/blog\/de-5-mooiste-dorpen-van-de-provence\/\" data-type=\"link\" data-id=\"https:\/\/acampa-vacances.com\/blog\/les-plus-5-beaux-villages-de-provence\/\">The 5 most beautiful villages in Provence<\/a>\n<\/li><li><a href=\"https:\/\/acampa-vacances.com\/nl\/blog\/de-ongebruikelijke-dorpen-van-var-gingen-om-ze-te-ontdekken\/\" data-type=\"link\" data-id=\"https:\/\/acampa-vacances.com\/blog\/les-villages-insolites-du-var-partez-a-leur-decouverte\/\">Unusual villages in the Var<\/a>\n<\/li><li><a href=\"https:\/\/acampa-vacances.com\/en\/tourism\/village-du-castellet\/\" data-type=\"link\" data-id=\"https:\/\/acampa-vacances.com\/tourisme\/village-du-castellet\/\">Castellet village<\/a>\n<\/li><\/ul>","protected":false},"excerpt":{"rendered":"<p>A tour of the villages of the Haut Var: Aups &amp; Barjols Why not take a trip to the Haut Var for a change from the Hyeres coastline? In this article, we&#8217;ll introduce you to two villages that are well worth a visit: Aups and Barjols! The village of Aups This village in Haute Provence [&hellip;]<\/p>\n","protected":false},"author":1,"featured_media":2641,"parent":0,"menu_order":0,"template":"","format":"standard","meta":{"_acf_changed":false,"footnotes":""},"tourisme":[64],"acf":[],"_links":{"self":[{"href":"https:\/\/acampa-vacances.com\/en\/wp-json\/wp\/v2\/tourisme\/12356"}],"collection":[{"href":"https:\/\/acampa-vacances.com\/en\/wp-json\/wp\/v2\/tourisme"}],"about":[{"href":"https:\/\/acampa-vacances.com\/en\/wp-json\/wp\/v2\/types\/tourisme"}],"author":[{"embeddable":true,"href":"https:\/\/acampa-vacances.com\/en\/wp-json\/wp\/v2\/users\/1"}],"version-history":[{"count":1,"href":"https:\/\/acampa-vacances.com\/en\/wp-json\/wp\/v2\/tourisme\/12356\/revisions"}],"predecessor-version":[{"id":12358,"href":"https:\/\/acampa-vacances.com\/en\/wp-json\/wp\/v2\/tourisme\/12356\/revisions\/12358"}],"wp:featuredmedia":[{"embeddable":true,"href":"https:\/\/acampa-vacances.com\/en\/wp-json\/wp\/v2\/media\/2641"}],"wp:attachment":[{"href":"https:\/\/acampa-vacances.com\/en\/wp-json\/wp\/v2\/media?parent=12356"}],"wp:term":[{"taxonomy":"tourisme","embeddable":true,"href":"https:\/\/acampa-vacances.com\/en\/wp-json\/wp\/v2\/tourisme?post=12356"}],"curies":[{"name":"wp","href":"https:\/\/api.w.org\/{rel}","templated":true}]}}

<nav class="fildariane"><a class="fildariane__item" href="https://acampa-vacances.com/en/">Acampa</a><span class="fc-icon"><svg xmlns="http://www.w3.org/2000/svg"  viewBox="0 0 320 512" width="16px" height="16px"><!--! Font Awesome Pro 6.4.2 by @fontawesome - https://fontawesome.com License - https://fontawesome.com/license (Commercial License) Copyright 2023 Fonticons, Inc.--><path d="M267.3 244.7c6.2 6.2 6.2 16.4 0 22.6l-160 160c-6.2 6.2-16.4 6.2-22.6 0s-6.2-16.4 0-22.6L233.4 256 84.7 107.3c-6.2-6.2-6.2-16.4 0-22.6s16.4-6.2 22.6 0l160 160z"/></svg></span><span class="fildariane__item">Aups &amp; Barjols</span></nav><a class="fildariane__item retour" href="https://acampa-vacances.com/en/""><span class="fc-icon"><svg xmlns="http://www.w3.org/2000/svg"  viewBox="0 0 448 512" width="16px" height="16px"><!--! Font Awesome Pro 6.4.2 by @fontawesome - https://fontawesome.com License - https://fontawesome.com/license (Commercial License) Copyright 2023 Fonticons, Inc.--><path d="M7.4 273.4C2.7 268.8 0 262.6 0 256s2.7-12.8 7.4-17.4l176-168c9.6-9.2 24.8-8.8 33.9 .8s8.8 24.8-.8 33.9L83.9 232 424 232c13.3 0 24 10.7 24 24s-10.7 24-24 24L83.9 280 216.6 406.6c9.6 9.2 9.9 24.3 .8 33.9s-24.3 9.9-33.9 .8l-176-168z"/></svg></span>Back to home page</a>
<h1>A tour of the villages of the Haut Var: Aups &amp; Barjols</h1><p id="https://acampa-vacances.com/blog/les-plus-5-beaux-villages-de-provence/">Why not take a trip to <a href="https://acampa-vacances.com/nl/blog/de-5-mooiste-dorpen-van-de-provence/" data-type="link" data-id="https://acampa-vacances.com/blog/les-plus-5-beaux-villages-de-provence/">the Haut Var</a> for a change from the Hyeres coastline? In this article, we&#8217;ll introduce you to two villages that are well worth a visit: Aups and Barjols!  </p><div class="columns"><div class="columns__item"><h2>The village of Aups</h2><p>This <strong>village in Haute Provence</strong> is the capital of <strong>black truffles</strong>. It&#8217;s also <strong>not far from Lac de Sainte-Croix</strong> and the <strong>Gorges du Verdon</strong>. </p><p>Its <strong>architecture</strong> is <strong>steeped in</strong> <strong>history</strong> and its <strong>terroir</strong> abounds with <strong>authentic</strong> <strong>products</strong>: saffron, honey, virgin olive oil, goat&#8217;s cheese, wine and much more!</p><p>Aups has <strong>been a fairground since the Middle Ages</strong>. So you can enjoy <strong>two unusual markets</strong>: on <strong>Wednesday</strong> and <strong>Saturday mornings</strong>. The <strong>truffle market</strong> opened in <strong>early December and will run until the end of March</strong>! It&#8217;s the <strong>biggest market in the Var</strong>.  </p><p>This <strong>village of character</strong> offers unparalleled architecture. Its <strong>historic monuments</strong> will delight lovers of medieval history, starting with the Fabrique de l&#8217;Abbé Jean, followed by the Château de Taurenne, the Tour de l&#8217;Horloge, the sundial and the Collégiale Saint Pancrace. </p></div><div class="columns__item" style="align-self:center;"><figure style="position:relative;"><picture><source srcset="https://acampa-vacances.com/wp-content/uploads/2024/11/aups-4-300x183-1.png.webp" media="(max-width: 210px)"><source srcset="https://acampa-vacances.com/wp-content/uploads/2024/11/aups-4-300x183-1.png.webp" media="(max-width: 420px)"><source srcset="https://acampa-vacances.com/wp-content/uploads/2024/11/aups-4-300x183-1.png.webp" media="(max-width: 850px)"><source srcset="https://acampa-vacances.com/wp-content/uploads/2024/11/aups-4-300x183-1.png.webp" media="(max-width: 1024px)"><source srcset="https://acampa-vacances.com/wp-content/uploads/2024/11/aups-4-300x183-1.png.webp" media="(min-width: 1025px)"><img decoding="async" src="https://acampa-vacances.com/wp-content/uploads/2024/11/aups-4-300x183-1.png.webp" width="420" height="210" loading="lazy" alt="" title=""></picture><figcaption>photo credit: provenceweb.fr/</figcaption></figure></div></div><div class="columns"><div class="columns__item" style="align-self:center;"><figure style="position:relative;"><picture><source srcset="https://acampa-vacances.com/wp-content/uploads/2024/11/48315-300x159-1.jpg.webp" media="(max-width: 210px)"><source srcset="https://acampa-vacances.com/wp-content/uploads/2024/11/48315-300x159-1.jpg.webp" media="(max-width: 420px)"><source srcset="https://acampa-vacances.com/wp-content/uploads/2024/11/48315-300x159-1.jpg.webp" media="(max-width: 850px)"><source srcset="https://acampa-vacances.com/wp-content/uploads/2024/11/48315-300x159-1.jpg.webp" media="(max-width: 1024px)"><source srcset="https://acampa-vacances.com/wp-content/uploads/2024/11/48315-300x159-1.jpg.webp" media="(min-width: 1025px)"><img decoding="async" src="https://acampa-vacances.com/wp-content/uploads/2024/11/48315-300x159-1.jpg.webp" width="420" height="210" loading="lazy" alt="" title=""></picture><figcaption>photo credit: frequence-sud.fr</figcaption></figure></div><div class="columns__item" style="align-self:center;"><h2>The village of Barjols</h2><p>The <strong>famous Vallon des Carmes</strong> is located in this <strong>Provence Verte village</strong>. This <strong>natural site</strong> is <strong>accessible from the top of the village</strong>. You can&#8217;t help but marvel at the spectacle: <strong>a succession of waterfalls, fords and cascades</strong> of all kinds!  </p><p>Next, <strong>visit the tanneries</strong> that have been in the village since the 1950s. <strong>Restored by the town</strong>, they are gradually being <strong>rehabilitated</strong>. Finally, visit the <strong>11th-century</strong> <strong>Collegiate Church</strong>, a <strong>listed monument</strong>. </p><p>Visit the <strong>village of Barjols</strong> and you&#8217;ll discover a <strong>rich</strong> <strong>religious history</strong>. It&#8217;s here that <strong>Saint Marcel</strong>&#8216;s Day is celebrated <strong>, on the Sunday closest to January 17</strong>. It&#8217;s a feast eagerly awaited by all!  </p></div></div><div class="columns"><div class="columns__item" style="align-self:center;"><p>Discover these two charming Provence villages by booking your stay at our campsite.</p><p id="https://acampa-vacances.com/international/accueil/">To conclude, we&#8217;ve indicated the distance and travel time for each village. So, from <strong><a href="https://acampa-vacances.com/nl/international/welkom/" data-type="link" data-id="https://acampa-vacances.com/international/accueil/">Camping International****</a></strong>, it takes <strong>1h30</strong> to get to Aups and <strong>1h20</strong> to get to Barjols. All in all, a day of discovery in the <strong>Haut Var</strong> to make the most of your vacation!  </p></div><div class="columns__item" style="align-self:center;"><figure style="position:relative;"><picture><source srcset="https://acampa-vacances.com/wp-content/uploads/2024/11/barjols-3-300x182-1.png.webp" media="(max-width: 210px)"><source srcset="https://acampa-vacances.com/wp-content/uploads/2024/11/barjols-3-300x182-1.png.webp" media="(max-width: 420px)"><source srcset="https://acampa-vacances.com/wp-content/uploads/2024/11/barjols-3-300x182-1.png.webp" media="(max-width: 850px)"><source srcset="https://acampa-vacances.com/wp-content/uploads/2024/11/barjols-3-300x182-1.png.webp" media="(max-width: 1024px)"><source srcset="https://acampa-vacances.com/wp-content/uploads/2024/11/barjols-3-300x182-1.png.webp" media="(min-width: 1025px)"><img decoding="async" src="https://acampa-vacances.com/wp-content/uploads/2024/11/barjols-3-300x182-1.png.webp" width="420" height="210" style="object-fit:cover;" loading="lazy" alt="" title=""></picture><figcaption>photo credit: photos-provence.fr</figcaption></figure></div></div><h3>Other articles to discover Provence</h3><ul><li><a href="https://acampa-vacances.com/it/blog/correns-et-le-vallon-sourn/" data-type="link" data-id="https://acampa-vacances.com/blog/correns-et-le-vallon-sourn/">Correns: a forgotten village in the Var</a>
</li><li><a href="https://acampa-vacances.com/nl/blog/de-5-mooiste-dorpen-van-de-provence/" data-type="link" data-id="https://acampa-vacances.com/blog/les-plus-5-beaux-villages-de-provence/">The 5 most beautiful villages in Provence</a>
</li><li><a href="https://acampa-vacances.com/nl/blog/de-ongebruikelijke-dorpen-van-var-gingen-om-ze-te-ontdekken/" data-type="link" data-id="https://acampa-vacances.com/blog/les-villages-insolites-du-var-partez-a-leur-decouverte/">Unusual villages in the Var</a>
</li><li><a href="https://acampa-vacances.com/en/tourism/village-du-castellet/" data-type="link" data-id="https://acampa-vacances.com/tourisme/village-du-castellet/">Castellet village</a>
</li></ul>
