{"id":12672,"date":"2024-11-25T10:11:55","date_gmt":"2024-11-25T09:11:55","guid":{"rendered":"https:\/\/acampa-vacances.com\/tourisme\/la-corniche-des-maures-a-velo\/"},"modified":"2025-01-29T09:22:30","modified_gmt":"2025-01-29T08:22:30","slug":"the-corniche-des-maures-by-bike","status":"publish","type":"tourisme","link":"https:\/\/acampa-vacances.com\/en\/tourism\/the-corniche-des-maures-by-bike\/","title":{"rendered":"The Corniche des Maures by bike"},"content":{"rendered":"<nav class=\"fildariane\"><a class=\"fildariane__item\" href=\"https:\/\/acampa-vacances.com\/en\/\">Acampa<\/a><span class=\"fc-icon\"><svg xmlns=\"http:\/\/www.w3.org\/2000\/svg\"  viewBox=\"0 0 320 512\" width=\"16px\" height=\"16px\"><!--! Font Awesome Pro 6.4.2 by @fontawesome - https:\/\/fontawesome.com License - https:\/\/fontawesome.com\/license (Commercial License) Copyright 2023 Fonticons, Inc.--><path d=\"M267.3 244.7c6.2 6.2 6.2 16.4 0 22.6l-160 160c-6.2 6.2-16.4 6.2-22.6 0s-6.2-16.4 0-22.6L233.4 256 84.7 107.3c-6.2-6.2-6.2-16.4 0-22.6s16.4-6.2 22.6 0l160 160z\"\/><\/svg><\/span><span class=\"fildariane__item\">The Corniche des Maures by bike<\/span><\/nav><a class=\"fildariane__item retour\" href=\"https:\/\/acampa-vacances.com\/en\/\"\"><span class=\"fc-icon\"><svg xmlns=\"http:\/\/www.w3.org\/2000\/svg\"  viewBox=\"0 0 448 512\" width=\"16px\" height=\"16px\"><!--! Font Awesome Pro 6.4.2 by @fontawesome - https:\/\/fontawesome.com License - https:\/\/fontawesome.com\/license (Commercial License) Copyright 2023 Fonticons, Inc.--><path d=\"M7.4 273.4C2.7 268.8 0 262.6 0 256s2.7-12.8 7.4-17.4l176-168c9.6-9.2 24.8-8.8 33.9 .8s8.8 24.8-.8 33.9L83.9 232 424 232c13.3 0 24 10.7 24 24s-10.7 24-24 24L83.9 280 216.6 406.6c9.6 9.2 9.9 24.3 .8 33.9s-24.3 9.9-33.9 .8l-176-168z\"\/><\/svg><\/span>Back to home page<\/a>\n<div class=\"columns\"><div class=\"columns__item\" style=\"align-self:center;\"><h1>Cycling along the Corniche des Maures<\/h1><p>The Var is a beautiful area with almost year-round sunshine, so it&#8217;s the ideal place to enjoy nature and the diversity of its landscapes. If you&#8217;re interested in walking and cycling, here are details of the<strong> Corniche des Maures circuit<\/strong>. <\/p><\/div><div class=\"columns__item\"><figure><picture><source srcset=\"https:\/\/acampa-vacances.com\/wp-content\/uploads\/2024\/12\/clairdelune-la-corniche-des-maures-a-velo-1.webp\" media=\"(max-width: 210px)\"><source srcset=\"https:\/\/acampa-vacances.com\/wp-content\/uploads\/2024\/12\/clairdelune-la-corniche-des-maures-a-velo-1.webp\" media=\"(max-width: 420px)\"><source srcset=\"https:\/\/acampa-vacances.com\/wp-content\/uploads\/2024\/12\/clairdelune-la-corniche-des-maures-a-velo-1.webp\" media=\"(max-width: 850px)\"><source srcset=\"https:\/\/acampa-vacances.com\/wp-content\/uploads\/2024\/12\/clairdelune-la-corniche-des-maures-a-velo-1.webp\" media=\"(max-width: 1024px)\"><source srcset=\"https:\/\/acampa-vacances.com\/wp-content\/uploads\/2024\/12\/clairdelune-la-corniche-des-maures-a-velo-1.webp\" media=\"(min-width: 1025px)\"><img decoding=\"async\" src=\"https:\/\/acampa-vacances.com\/wp-content\/uploads\/2024\/12\/clairdelune-la-corniche-des-maures-a-velo-1.webp\" width=\"420\" height=\"210\" loading=\"lazy\" alt=\"\" title=\"\"><\/picture><\/figure><\/div><\/div><h2>Departure from Cogolin on the Corniche des Maures circuit<\/h2><p id=\"2586\">Set off from Cogolin, a picturesque village in the <a href=\"https:\/\/acampa-vacances.com\/en\/tourism-in-hyeres\/surroundings\/\" data-type=\"page\" data-id=\"2586\">Var<\/a>. Drive along the serpentine porches, around the Horloge \u00e0 Pont, past the carpet factory and the briar pipe factory.<br\/>Then, to the west, take Route Nationale 98 and pass the Ch\u00e2teau de Tremouri\u00e8s, which is located after the 11th-century Ch\u00e2teau de la M\u00f4le and near the airfield. This magnificent historic property once belonged to Saint-Exup\u00e9ry. From here, turn left towards the D27 and climb the Col du Canadel, which is almost 267 metres high.   <\/p><h2>From Col de Canadel to Lavandou(15 km)<\/h2><p>From your last stop, climb to the right and marvel at the exceptional panorama offered by the Mercantour and Haut Var peaks. After about 372 metres, pass the Col de Barral and continue along the ridge to the right. From here, the panorama of the Maures coast and the Hy\u00e8res islands is just as exceptional.<br\/>Then descend to the Landon pass at around 380 metres, and the Caguo-Ven pass at 220 metres. Along these passes, enjoy the Femme-Morte ravine and the diving site at Bormes, the medieval village and the ruins of the 13th-century ch\u00e2teau.<br\/>Then turn left at the entrance to Le Pin de Bormes and join the D559 at La Ravelle. From here, prepare to follow another 36-kilometer circuit. Remember to rest a little before continuing your journey.     <\/p><h2>From Lavandou to Cavalaire sur Mer<\/h2><p id=\"971\">After La Ravelle, turn left into Le Lavandou, a seaside resort and fishing port. Pass through the village, which is made up of small seaside resorts beginning on the Corniche des Maures. Then cross Saint-Clair, La Fossette, Cavali\u00e8re and finally Pramousquier, a memorial to the African commandos.<br\/>Climb to the top of the belvedere du Dattier to rise to Canadel and <a href=\"https:\/\/acampa-vacances.com\/en\/tourism\/the-domaine-du-rayol\/\" data-type=\"tourisme\" data-id=\"971\">Rayol<\/a>. At the summit, you can enjoy another kind of exceptionally beautiful and authentic panorama of the Maures coast.   <\/p><div class=\"columns\"><div class=\"columns__item\" style=\"align-self:center;\"><h2>From Cavalaire-sur-Mer to La Croix Valmer<\/h2><p>Cavalaire-sur-Mer is another seaside resort, home to the remains of the ch\u00e2teau destroyed in 1946. Drive along the beach, popular for the American landing on August 15, 1944. Then climb the ramp through the vast vineyards of La Croix-Valmer.  <\/p><\/div><div class=\"columns__item\"><figure style=\"position:relative;\"><picture><source srcset=\"https:\/\/acampa-vacances.com\/wp-content\/uploads\/2024\/12\/clairdelune-la-corniche-des-maures-a-velo-2.jpg.webp\" media=\"(max-width: 210px)\"><source srcset=\"https:\/\/acampa-vacances.com\/wp-content\/uploads\/2024\/12\/clairdelune-la-corniche-des-maures-a-velo-2.jpg.webp\" media=\"(max-width: 420px)\"><source srcset=\"https:\/\/acampa-vacances.com\/wp-content\/uploads\/2024\/12\/clairdelune-la-corniche-des-maures-a-velo-2.jpg.webp\" media=\"(max-width: 850px)\"><source srcset=\"https:\/\/acampa-vacances.com\/wp-content\/uploads\/2024\/12\/clairdelune-la-corniche-des-maures-a-velo-2.jpg.webp\" media=\"(max-width: 1024px)\"><source srcset=\"https:\/\/acampa-vacances.com\/wp-content\/uploads\/2024\/12\/clairdelune-la-corniche-des-maures-a-velo-2.jpg.webp\" media=\"(min-width: 1025px)\"><img decoding=\"async\" src=\"https:\/\/acampa-vacances.com\/wp-content\/uploads\/2024\/12\/clairdelune-la-corniche-des-maures-a-velo-2.jpg.webp\" width=\"420\" height=\"210\" loading=\"lazy\" alt=\"\" title=\"\"><\/picture><figcaption>Photo credit: Hy\u00e8res-tourisme<\/figcaption><\/figure><\/div><\/div><div class=\"columns\"><div class=\"columns__item\"><figure style=\"position:relative;\"><picture><source srcset=\"https:\/\/acampa-vacances.com\/wp-content\/uploads\/2024\/12\/clairdelune-la-corniche-des-maures-a-velo-3.jpg.webp\" media=\"(max-width: 210px)\"><source srcset=\"https:\/\/acampa-vacances.com\/wp-content\/uploads\/2024\/12\/clairdelune-la-corniche-des-maures-a-velo-3.jpg.webp\" media=\"(max-width: 420px)\"><source srcset=\"https:\/\/acampa-vacances.com\/wp-content\/uploads\/2024\/12\/clairdelune-la-corniche-des-maures-a-velo-3.jpg.webp\" media=\"(max-width: 850px)\"><source srcset=\"https:\/\/acampa-vacances.com\/wp-content\/uploads\/2024\/12\/clairdelune-la-corniche-des-maures-a-velo-3.jpg.webp\" media=\"(max-width: 1024px)\"><source srcset=\"https:\/\/acampa-vacances.com\/wp-content\/uploads\/2024\/12\/clairdelune-la-corniche-des-maures-a-velo-3.jpg.webp\" media=\"(min-width: 1025px)\"><img decoding=\"async\" src=\"https:\/\/acampa-vacances.com\/wp-content\/uploads\/2024\/12\/clairdelune-la-corniche-des-maures-a-velo-3.jpg.webp\" width=\"420\" height=\"210\" loading=\"lazy\" alt=\"\" title=\"\"><\/picture><figcaption>Photo credit: Hy\u00e8res-tourisme<\/figcaption><\/figure><\/div><div class=\"columns__item\" style=\"align-self:center;\"><h2>From La Croix Valmer to St Tropez<\/h2><p>Then turn right via the 1393. Rise gradually towards the Col de la Baie de Cavalaire and plunge into the Ramatuelle plain. Here you&#8217;ll find a cooperative winery.    <\/p><p>From here, turn right onto the D93, which runs parallel to the beautiful Pampelonne beach. You&#8217;ll come to the Ch\u00e2teau de Pampelonne. <br\/><\/p><p>After the Ch\u00e2teau de Sainte-Anne, turn right along the Chemin Communal and pass the 13th-century Chapelle Sainte-Anne to enter Saint-Tropez.<\/p><\/div><\/div><h2>From Saint Tropez to Cogolin<\/h2><p>Saint-Tropez is a very popular old town. Here you&#8217;ll find many historic monuments, including the &#8220;Corsaires&#8221; house, a 16th-century citadel, the 17th-century Ch\u00e2teau de Suffren, the Mus\u00e9e de l&#8217;Annonciate, the Mus\u00e9e Naval and the Place pour la F\u00eate de la Bravade. <br\/><\/p><p>Then take the D38 to the Four crossroads. You can make the 3.5-kilometer round trip to Port-Grimaud, a Venetian-style lakeside residential complex. <br\/><\/p><p>Finally, cross the crossroads and take the N98 to Cogolin. Your tour is now complete. Guides are available on site if you&#8217;d like more information about this beautiful circuit, where you can relax, enjoy a change of scenery and reinforce your general knowledge.  <\/p>","protected":false},"excerpt":{"rendered":"<p>Cycling along the Corniche des Maures The Var is a beautiful area with almost year-round sunshine, so it&#8217;s the ideal place to enjoy nature and the diversity of its landscapes. If you&#8217;re interested in walking and cycling, here are details of the Corniche des Maures circuit. Departure from Cogolin on the Corniche des Maures circuit [&hellip;]<\/p>\n","protected":false},"author":1,"featured_media":9230,"parent":0,"menu_order":0,"template":"","format":"standard","meta":{"_acf_changed":false,"footnotes":""},"tourisme":[75],"acf":[],"_links":{"self":[{"href":"https:\/\/acampa-vacances.com\/en\/wp-json\/wp\/v2\/tourisme\/12672"}],"collection":[{"href":"https:\/\/acampa-vacances.com\/en\/wp-json\/wp\/v2\/tourisme"}],"about":[{"href":"https:\/\/acampa-vacances.com\/en\/wp-json\/wp\/v2\/types\/tourisme"}],"author":[{"embeddable":true,"href":"https:\/\/acampa-vacances.com\/en\/wp-json\/wp\/v2\/users\/1"}],"version-history":[{"count":1,"href":"https:\/\/acampa-vacances.com\/en\/wp-json\/wp\/v2\/tourisme\/12672\/revisions"}],"predecessor-version":[{"id":12675,"href":"https:\/\/acampa-vacances.com\/en\/wp-json\/wp\/v2\/tourisme\/12672\/revisions\/12675"}],"wp:featuredmedia":[{"embeddable":true,"href":"https:\/\/acampa-vacances.com\/en\/wp-json\/wp\/v2\/media\/9230"}],"wp:attachment":[{"href":"https:\/\/acampa-vacances.com\/en\/wp-json\/wp\/v2\/media?parent=12672"}],"wp:term":[{"taxonomy":"tourisme","embeddable":true,"href":"https:\/\/acampa-vacances.com\/en\/wp-json\/wp\/v2\/tourisme?post=12672"}],"curies":[{"name":"wp","href":"https:\/\/api.w.org\/{rel}","templated":true}]}}

<nav class="fildariane"><a class="fildariane__item" href="https://acampa-vacances.com/en/">Acampa</a><span class="fc-icon"><svg xmlns="http://www.w3.org/2000/svg"  viewBox="0 0 320 512" width="16px" height="16px"><!--! Font Awesome Pro 6.4.2 by @fontawesome - https://fontawesome.com License - https://fontawesome.com/license (Commercial License) Copyright 2023 Fonticons, Inc.--><path d="M267.3 244.7c6.2 6.2 6.2 16.4 0 22.6l-160 160c-6.2 6.2-16.4 6.2-22.6 0s-6.2-16.4 0-22.6L233.4 256 84.7 107.3c-6.2-6.2-6.2-16.4 0-22.6s16.4-6.2 22.6 0l160 160z"/></svg></span><span class="fildariane__item">The Corniche des Maures by bike</span></nav><a class="fildariane__item retour" href="https://acampa-vacances.com/en/""><span class="fc-icon"><svg xmlns="http://www.w3.org/2000/svg"  viewBox="0 0 448 512" width="16px" height="16px"><!--! Font Awesome Pro 6.4.2 by @fontawesome - https://fontawesome.com License - https://fontawesome.com/license (Commercial License) Copyright 2023 Fonticons, Inc.--><path d="M7.4 273.4C2.7 268.8 0 262.6 0 256s2.7-12.8 7.4-17.4l176-168c9.6-9.2 24.8-8.8 33.9 .8s8.8 24.8-.8 33.9L83.9 232 424 232c13.3 0 24 10.7 24 24s-10.7 24-24 24L83.9 280 216.6 406.6c9.6 9.2 9.9 24.3 .8 33.9s-24.3 9.9-33.9 .8l-176-168z"/></svg></span>Back to home page</a>
<div class="columns"><div class="columns__item" style="align-self:center;"><h1>Cycling along the Corniche des Maures</h1><p>The Var is a beautiful area with almost year-round sunshine, so it&#8217;s the ideal place to enjoy nature and the diversity of its landscapes. If you&#8217;re interested in walking and cycling, here are details of the<strong> Corniche des Maures circuit</strong>. </p></div><div class="columns__item"><figure><picture><source srcset="https://acampa-vacances.com/wp-content/uploads/2024/12/clairdelune-la-corniche-des-maures-a-velo-1.webp" media="(max-width: 210px)"><source srcset="https://acampa-vacances.com/wp-content/uploads/2024/12/clairdelune-la-corniche-des-maures-a-velo-1.webp" media="(max-width: 420px)"><source srcset="https://acampa-vacances.com/wp-content/uploads/2024/12/clairdelune-la-corniche-des-maures-a-velo-1.webp" media="(max-width: 850px)"><source srcset="https://acampa-vacances.com/wp-content/uploads/2024/12/clairdelune-la-corniche-des-maures-a-velo-1.webp" media="(max-width: 1024px)"><source srcset="https://acampa-vacances.com/wp-content/uploads/2024/12/clairdelune-la-corniche-des-maures-a-velo-1.webp" media="(min-width: 1025px)"><img decoding="async" src="https://acampa-vacances.com/wp-content/uploads/2024/12/clairdelune-la-corniche-des-maures-a-velo-1.webp" width="420" height="210" loading="lazy" alt="" title=""></picture></figure></div></div><h2>Departure from Cogolin on the Corniche des Maures circuit</h2><p id="2586">Set off from Cogolin, a picturesque village in the <a href="https://acampa-vacances.com/en/tourism-in-hyeres/surroundings/" data-type="page" data-id="2586">Var</a>. Drive along the serpentine porches, around the Horloge à Pont, past the carpet factory and the briar pipe factory.<br/>Then, to the west, take Route Nationale 98 and pass the Château de Tremouriès, which is located after the 11th-century Château de la Môle and near the airfield. This magnificent historic property once belonged to Saint-Exupéry. From here, turn left towards the D27 and climb the Col du Canadel, which is almost 267 metres high.   </p><h2>From Col de Canadel to Lavandou(15 km)</h2><p>From your last stop, climb to the right and marvel at the exceptional panorama offered by the Mercantour and Haut Var peaks. After about 372 metres, pass the Col de Barral and continue along the ridge to the right. From here, the panorama of the Maures coast and the Hyères islands is just as exceptional.<br/>Then descend to the Landon pass at around 380 metres, and the Caguo-Ven pass at 220 metres. Along these passes, enjoy the Femme-Morte ravine and the diving site at Bormes, the medieval village and the ruins of the 13th-century château.<br/>Then turn left at the entrance to Le Pin de Bormes and join the D559 at La Ravelle. From here, prepare to follow another 36-kilometer circuit. Remember to rest a little before continuing your journey.     </p><h2>From Lavandou to Cavalaire sur Mer</h2><p id="971">After La Ravelle, turn left into Le Lavandou, a seaside resort and fishing port. Pass through the village, which is made up of small seaside resorts beginning on the Corniche des Maures. Then cross Saint-Clair, La Fossette, Cavalière and finally Pramousquier, a memorial to the African commandos.<br/>Climb to the top of the belvedere du Dattier to rise to Canadel and <a href="https://acampa-vacances.com/en/tourism/the-domaine-du-rayol/" data-type="tourisme" data-id="971">Rayol</a>. At the summit, you can enjoy another kind of exceptionally beautiful and authentic panorama of the Maures coast.   </p><div class="columns"><div class="columns__item" style="align-self:center;"><h2>From Cavalaire-sur-Mer to La Croix Valmer</h2><p>Cavalaire-sur-Mer is another seaside resort, home to the remains of the château destroyed in 1946. Drive along the beach, popular for the American landing on August 15, 1944. Then climb the ramp through the vast vineyards of La Croix-Valmer.  </p></div><div class="columns__item"><figure style="position:relative;"><picture><source srcset="https://acampa-vacances.com/wp-content/uploads/2024/12/clairdelune-la-corniche-des-maures-a-velo-2.jpg.webp" media="(max-width: 210px)"><source srcset="https://acampa-vacances.com/wp-content/uploads/2024/12/clairdelune-la-corniche-des-maures-a-velo-2.jpg.webp" media="(max-width: 420px)"><source srcset="https://acampa-vacances.com/wp-content/uploads/2024/12/clairdelune-la-corniche-des-maures-a-velo-2.jpg.webp" media="(max-width: 850px)"><source srcset="https://acampa-vacances.com/wp-content/uploads/2024/12/clairdelune-la-corniche-des-maures-a-velo-2.jpg.webp" media="(max-width: 1024px)"><source srcset="https://acampa-vacances.com/wp-content/uploads/2024/12/clairdelune-la-corniche-des-maures-a-velo-2.jpg.webp" media="(min-width: 1025px)"><img decoding="async" src="https://acampa-vacances.com/wp-content/uploads/2024/12/clairdelune-la-corniche-des-maures-a-velo-2.jpg.webp" width="420" height="210" loading="lazy" alt="" title=""></picture><figcaption>Photo credit: Hyères-tourisme</figcaption></figure></div></div><div class="columns"><div class="columns__item"><figure style="position:relative;"><picture><source srcset="https://acampa-vacances.com/wp-content/uploads/2024/12/clairdelune-la-corniche-des-maures-a-velo-3.jpg.webp" media="(max-width: 210px)"><source srcset="https://acampa-vacances.com/wp-content/uploads/2024/12/clairdelune-la-corniche-des-maures-a-velo-3.jpg.webp" media="(max-width: 420px)"><source srcset="https://acampa-vacances.com/wp-content/uploads/2024/12/clairdelune-la-corniche-des-maures-a-velo-3.jpg.webp" media="(max-width: 850px)"><source srcset="https://acampa-vacances.com/wp-content/uploads/2024/12/clairdelune-la-corniche-des-maures-a-velo-3.jpg.webp" media="(max-width: 1024px)"><source srcset="https://acampa-vacances.com/wp-content/uploads/2024/12/clairdelune-la-corniche-des-maures-a-velo-3.jpg.webp" media="(min-width: 1025px)"><img decoding="async" src="https://acampa-vacances.com/wp-content/uploads/2024/12/clairdelune-la-corniche-des-maures-a-velo-3.jpg.webp" width="420" height="210" loading="lazy" alt="" title=""></picture><figcaption>Photo credit: Hyères-tourisme</figcaption></figure></div><div class="columns__item" style="align-self:center;"><h2>From La Croix Valmer to St Tropez</h2><p>Then turn right via the 1393. Rise gradually towards the Col de la Baie de Cavalaire and plunge into the Ramatuelle plain. Here you&#8217;ll find a cooperative winery.    </p><p>From here, turn right onto the D93, which runs parallel to the beautiful Pampelonne beach. You&#8217;ll come to the Château de Pampelonne. <br/></p><p>After the Château de Sainte-Anne, turn right along the Chemin Communal and pass the 13th-century Chapelle Sainte-Anne to enter Saint-Tropez.</p></div></div><h2>From Saint Tropez to Cogolin</h2><p>Saint-Tropez is a very popular old town. Here you&#8217;ll find many historic monuments, including the &#8220;Corsaires&#8221; house, a 16th-century citadel, the 17th-century Château de Suffren, the Musée de l&#8217;Annonciate, the Musée Naval and the Place pour la Fête de la Bravade. <br/></p><p>Then take the D38 to the Four crossroads. You can make the 3.5-kilometer round trip to Port-Grimaud, a Venetian-style lakeside residential complex. <br/></p><p>Finally, cross the crossroads and take the N98 to Cogolin. Your tour is now complete. Guides are available on site if you&#8217;d like more information about this beautiful circuit, where you can relax, enjoy a change of scenery and reinforce your general knowledge.  </p>
