{"id":12701,"date":"2024-11-25T10:11:55","date_gmt":"2024-11-25T09:11:55","guid":{"rendered":"https:\/\/acampa-vacances.com\/tourisme\/hyeres-et-ses-activites-var-83-presquile-de-giens\/"},"modified":"2026-02-02T14:16:12","modified_gmt":"2026-02-02T13:16:12","slug":"hyeres-and-its-activities-var-83-presquile-de-giens","status":"publish","type":"tourisme","link":"https:\/\/acampa-vacances.com\/en\/tourism\/hyeres-and-its-activities-var-83-presquile-de-giens\/","title":{"rendered":"Hy\u00e8res and its activities"},"content":{"rendered":"<nav class=\"fildariane\"><a class=\"fildariane__item\" href=\"https:\/\/acampa-vacances.com\/en\/\">Acampa<\/a><span class=\"fc-icon\"><svg xmlns=\"http:\/\/www.w3.org\/2000\/svg\"  viewBox=\"0 0 320 512\" width=\"16px\" height=\"16px\"><!--! Font Awesome Pro 6.4.2 by @fontawesome - https:\/\/fontawesome.com License - https:\/\/fontawesome.com\/license (Commercial License) Copyright 2023 Fonticons, Inc.--><path d=\"M267.3 244.7c6.2 6.2 6.2 16.4 0 22.6l-160 160c-6.2 6.2-16.4 6.2-22.6 0s-6.2-16.4 0-22.6L233.4 256 84.7 107.3c-6.2-6.2-6.2-16.4 0-22.6s16.4-6.2 22.6 0l160 160z\"\/><\/svg><\/span><span class=\"fildariane__item\">Hy\u00e8res and its activities<\/span><\/nav><a class=\"fildariane__item retour\" href=\"https:\/\/acampa-vacances.com\/en\/\"\"><span class=\"fc-icon\"><svg xmlns=\"http:\/\/www.w3.org\/2000\/svg\"  viewBox=\"0 0 448 512\" width=\"16px\" height=\"16px\"><!--! Font Awesome Pro 6.4.2 by @fontawesome - https:\/\/fontawesome.com License - https:\/\/fontawesome.com\/license (Commercial License) Copyright 2023 Fonticons, Inc.--><path d=\"M7.4 273.4C2.7 268.8 0 262.6 0 256s2.7-12.8 7.4-17.4l176-168c9.6-9.2 24.8-8.8 33.9 .8s8.8 24.8-.8 33.9L83.9 232 424 232c13.3 0 24 10.7 24 24s-10.7 24-24 24L83.9 280 216.6 406.6c9.6 9.2 9.9 24.3 .8 33.9s-24.3 9.9-33.9 .8l-176-168z\"\/><\/svg><\/span>Back to home page<\/a>\n\n\n<h1>Hy\u00e8res and its activities, Var 83 Presqu&#8217;\u00eele de Giens<\/h1>\n\n<p>Coming to visit us this summer? Here&#8217;s a quick rundown of what to do in Hy\u00e8res over the summer months. There are many different ways to visit the town, so follow the guide!  <\/p>\n\n<div class=\"columns\"><div class=\"columns__item\" style=\"align-self:center;\"><h2>Visit to the town of Hy\u00e8res<\/h2><p>Hy\u00e8res is the Var&#8217;s leading &#8221; <a href=\"https:\/\/hyeres.fr\/\" target=\"_blank\" rel=\"noreferrer noopener\">coastal towns and villages where life is good<\/a>&#8220;. you won&#8217;t want to leave!<\/p><p>During your stay, be sure to visit :<\/p><ul><li>Its 11th-century ch\u00e2teau and ramparts, for views over the Bay of Hy\u00e8res and the hinterland, and the Villa Noailles, which celebrates its 100th anniversary this year.\n<\/li><li>Its <a href=\"https:\/\/acampa-vacances.com\/en\/blog\/discovering-the-parcours-des-arts-in-hyeres\/\" data-type=\"blog\" data-id=\"1109\">Parcours des Arts<\/a> for arts and crafts and downtown heritage\n<\/li><li>The <a href=\"https:\/\/acampa-vacances.com\/en\/blog\/the-salt-road-a-mythical-road\/\" data-type=\"blog\" data-id=\"1103\">Salt Route<\/a> at l&#8217;Almanarre, close to the Giens peninsula\n<\/li><li>La Tour Fondue, near your campsite, departure point for Porquerolles\n<\/li><li>The downtown farmers&#8217; market for the best of Hyerese soil\n<\/li><li>Parc Olbius-Riquier, once an annex of the Jardin d&#8217;Acclimatation in Paris\n<\/li><\/ul><\/div><div class=\"columns__item\"><figure style=\"position:relative;\"><picture><source srcset=\"https:\/\/acampa-vacances.com\/wp-content\/uploads\/2024\/11\/international-hyeres-et-ses-activites-var-83-presquile-de-giens-1-420x289.jpg.webp\" media=\"(max-width: 210px)\"><source srcset=\"https:\/\/acampa-vacances.com\/wp-content\/uploads\/2024\/11\/international-hyeres-et-ses-activites-var-83-presquile-de-giens-1.jpg.webp\" media=\"(max-width: 420px)\"><source srcset=\"https:\/\/acampa-vacances.com\/wp-content\/uploads\/2024\/11\/international-hyeres-et-ses-activites-var-83-presquile-de-giens-1.jpg.webp\" media=\"(max-width: 850px)\"><source srcset=\"https:\/\/acampa-vacances.com\/wp-content\/uploads\/2024\/11\/international-hyeres-et-ses-activites-var-83-presquile-de-giens-1.jpg.webp\" media=\"(max-width: 1024px)\"><source srcset=\"https:\/\/acampa-vacances.com\/wp-content\/uploads\/2024\/11\/international-hyeres-et-ses-activites-var-83-presquile-de-giens-1.jpg.webp\" media=\"(min-width: 1025px)\"><img decoding=\"async\" src=\"https:\/\/acampa-vacances.com\/wp-content\/uploads\/2024\/11\/international-hyeres-et-ses-activites-var-83-presquile-de-giens-1-420x289.jpg.webp\" width=\"420\" height=\"210\" loading=\"lazy\" alt=\"\" title=\"\"><\/picture><figcaption>@Julien Veyssage \/ Tourisme Provence M\u00e9diterran\u00e9e<\/figcaption><\/figure><\/div><\/div>\n\n<div class=\"columns\"><div class=\"columns__item\"><figure style=\"position:relative;\"><picture><source srcset=\"https:\/\/acampa-vacances.com\/wp-content\/uploads\/2024\/12\/international-hyeres-et-ses-activites-var-83-presquile-de-giens-2-347x420.jpg.webp\" media=\"(max-width: 210px)\"><source srcset=\"https:\/\/acampa-vacances.com\/wp-content\/uploads\/2024\/12\/international-hyeres-et-ses-activites-var-83-presquile-de-giens-2.jpg.webp\" media=\"(max-width: 420px)\"><source srcset=\"https:\/\/acampa-vacances.com\/wp-content\/uploads\/2024\/12\/international-hyeres-et-ses-activites-var-83-presquile-de-giens-2.jpg.webp\" media=\"(max-width: 850px)\"><source srcset=\"https:\/\/acampa-vacances.com\/wp-content\/uploads\/2024\/12\/international-hyeres-et-ses-activites-var-83-presquile-de-giens-2.jpg.webp\" media=\"(max-width: 1024px)\"><source srcset=\"https:\/\/acampa-vacances.com\/wp-content\/uploads\/2024\/12\/international-hyeres-et-ses-activites-var-83-presquile-de-giens-2.jpg.webp\" media=\"(min-width: 1025px)\"><img decoding=\"async\" src=\"https:\/\/acampa-vacances.com\/wp-content\/uploads\/2024\/12\/international-hyeres-et-ses-activites-var-83-presquile-de-giens-2-347x420.jpg.webp\" width=\"420\" height=\"210\" loading=\"lazy\" alt=\"\" title=\"\"><\/picture><figcaption>\u00a9Hy\u00e8res Tourisme<\/figcaption><\/figure><\/div><div class=\"columns__item\" style=\"align-self:center;\"><h2>As the water flows \u3030\ufe0f<\/h2><p>We recommend this very special program: swimming, sunbathing and sandcastles&#8230; Can you see yourself there? \u26f1\ufe0f\ud83d\udc63 <\/p><p>But don&#8217;t miss :<\/p><ul><li><a href=\"https:\/\/www.provencemed.com\/hyeres-porquerolles\/\" target=\"_blank\" rel=\"noreferrer noopener\">The \u00celes d&#8217;Or<\/a>: Porquerolles, Port-Cros and Le Levant for their immense beaches and crystal-clear waters.\n<\/li><li>Les Salins d&#8217;Hy\u00e8res for seabird watching and wildlife discovery\n<\/li><li>Diving sites such as the Porquerolles marine reserve or shipwrecks, don&#8217;t hesitate to contact our partner<a href=\"https:\/\/divingiens.fr\/\" target=\"_blank\" rel=\"noreferrer noopener\"> Divin&#8217;Giens<\/a>, a diving center on the Giens peninsula.\n<\/li><li>Kitesurfing and paddle zones thanks to our partner <a href=\"https:\/\/spinout.fr\/\" target=\"_blank\" rel=\"noreferrer noopener\">SpinOut<\/a>, a sailing school on the Bay of Almanarre.\n<\/li><\/ul><\/div><\/div>\n\n<h2>A well-deserved rest<\/h2>\n\n<p>We can&#8217;t recommend enough that you enjoy your time away from the office, away from stress. How about a good home-cooked meal with local produce in a <a href=\"https:\/\/www.facebook.com\/lesolariumgiens\/\" target=\"_blank\" rel=\"noreferrer noopener\">restaurant overlooking the sea<\/a>, in a relaxed atmosphere? Followed by a stroll through the night market on Hy\u00e8res harbour? The town and your campsite also offer activities, so don&#8217;t hesitate to ask about the program.   <\/p>\n\n<p>Happiness in a nutshell:<\/p>\n\n<p><strong>Havre<\/strong>de Paix<\/p>\n\n<p><strong>Yippee<\/strong>, the vacations!<\/p>\n\n<p><strong>Summer<\/strong><\/p>\n\n<p><strong>Rest<\/strong><\/p>\n\n<p><strong>Sunshine<\/strong><\/p>\n\n<p><strong>South<\/strong><\/p>\n\n<p><strong>Book at one of our partner campsites and you won&#8217;t miss a thing!<\/strong><\/p>\n\n<p id=\"1491\"><a href=\"https:\/\/acampa-vacances.com\/en\/clairdelune\/welcome\/\" data-type=\"clairdelune\" data-id=\"1491\">Camping Clair de Lune<\/a> for a peaceful vacation! Book your <a href=\"https:\/\/acampa-vacances.com\/en\/clairdelune\/accommodation\/\" data-type=\"clairdelune\" data-id=\"4032\">perched tent<\/a> for 2 people. Visit our <a href=\"https:\/\/www.instagram.com\/camping.clair.de.lune\/\" target=\"_blank\" rel=\"noreferrer noopener\">Instagram<\/a> page!<\/p>\n\n<p id=\"192\"><a href=\"https:\/\/acampa-vacances.com\/en\/international\/welcome\/\" data-type=\"international\" data-id=\"192\">Camping International<\/a> for fun and sporty vacations! Book your camping pitch or rent the <a href=\"https:\/\/acampa-vacances.com\/en\/international\/accommodation\/\" data-type=\"international\" data-id=\"3895\">Bora Bora air-conditioned mobile home<\/a>. Just <a href=\"https:\/\/www.instagram.com\/campinginternationalgiens\/\" target=\"_blank\" rel=\"noreferrer noopener\">take<\/a> a look at our pretty pictures.<\/p>\n\n<p id=\"1448\">In the <a href=\"https:\/\/acampa-vacances.com\/en\/iledor\/welcome\/\" data-type=\"iledor\" data-id=\"1448\">Ile d&#8217;Or campsite<\/a> for a nature break. Rent an air-conditioned mobile home like the 32 m2 <a href=\"https:\/\/acampa-vacances.com\/en\/iledor\/accommodation\/\" data-type=\"iledor\" data-id=\"3965\">Loggia<\/a>. Subscribe to our <a href=\"https:\/\/www.instagram.com\/campingiledor_giens\/\" target=\"_blank\" rel=\"noreferrer noopener\">Instagram<\/a> page.<\/p>\n\n<p>We look forward to welcoming you!<\/p>\n\n<p>Subscribe to our <a href=\"https:\/\/www.facebook.com\/camping.international.de.giens\/\" target=\"_blank\" rel=\"noreferrer noopener\">Facebook<\/a> page!<\/p>","protected":false},"excerpt":{"rendered":"<p>Hy\u00e8res and its activities, Var 83 Presqu&#8217;\u00eele de Giens Coming to visit us this summer? Here&#8217;s a quick rundown of what to do in Hy\u00e8res over the summer months. There are many different ways to visit the town, so follow the guide! Visit to the town of Hy\u00e8res Hy\u00e8res is the Var&#8217;s leading &#8221; coastal [&hellip;]<\/p>\n","protected":false},"author":1,"featured_media":9102,"parent":0,"menu_order":0,"template":"","format":"standard","meta":{"_acf_changed":false,"footnotes":""},"tourisme":[75],"acf":[],"_links":{"self":[{"href":"https:\/\/acampa-vacances.com\/en\/wp-json\/wp\/v2\/tourisme\/12701"}],"collection":[{"href":"https:\/\/acampa-vacances.com\/en\/wp-json\/wp\/v2\/tourisme"}],"about":[{"href":"https:\/\/acampa-vacances.com\/en\/wp-json\/wp\/v2\/types\/tourisme"}],"author":[{"embeddable":true,"href":"https:\/\/acampa-vacances.com\/en\/wp-json\/wp\/v2\/users\/1"}],"version-history":[{"count":2,"href":"https:\/\/acampa-vacances.com\/en\/wp-json\/wp\/v2\/tourisme\/12701\/revisions"}],"predecessor-version":[{"id":16833,"href":"https:\/\/acampa-vacances.com\/en\/wp-json\/wp\/v2\/tourisme\/12701\/revisions\/16833"}],"wp:featuredmedia":[{"embeddable":true,"href":"https:\/\/acampa-vacances.com\/en\/wp-json\/wp\/v2\/media\/9102"}],"wp:attachment":[{"href":"https:\/\/acampa-vacances.com\/en\/wp-json\/wp\/v2\/media?parent=12701"}],"wp:term":[{"taxonomy":"tourisme","embeddable":true,"href":"https:\/\/acampa-vacances.com\/en\/wp-json\/wp\/v2\/tourisme?post=12701"}],"curies":[{"name":"wp","href":"https:\/\/api.w.org\/{rel}","templated":true}]}}

Hyères and its activities

<nav class="fildariane"><a class="fildariane__item" href="https://acampa-vacances.com/en/">Acampa</a><span class="fc-icon"><svg xmlns="http://www.w3.org/2000/svg"  viewBox="0 0 320 512" width="16px" height="16px"><!--! Font Awesome Pro 6.4.2 by @fontawesome - https://fontawesome.com License - https://fontawesome.com/license (Commercial License) Copyright 2023 Fonticons, Inc.--><path d="M267.3 244.7c6.2 6.2 6.2 16.4 0 22.6l-160 160c-6.2 6.2-16.4 6.2-22.6 0s-6.2-16.4 0-22.6L233.4 256 84.7 107.3c-6.2-6.2-6.2-16.4 0-22.6s16.4-6.2 22.6 0l160 160z"/></svg></span><span class="fildariane__item">Hyères and its activities</span></nav><a class="fildariane__item retour" href="https://acampa-vacances.com/en/""><span class="fc-icon"><svg xmlns="http://www.w3.org/2000/svg"  viewBox="0 0 448 512" width="16px" height="16px"><!--! Font Awesome Pro 6.4.2 by @fontawesome - https://fontawesome.com License - https://fontawesome.com/license (Commercial License) Copyright 2023 Fonticons, Inc.--><path d="M7.4 273.4C2.7 268.8 0 262.6 0 256s2.7-12.8 7.4-17.4l176-168c9.6-9.2 24.8-8.8 33.9 .8s8.8 24.8-.8 33.9L83.9 232 424 232c13.3 0 24 10.7 24 24s-10.7 24-24 24L83.9 280 216.6 406.6c9.6 9.2 9.9 24.3 .8 33.9s-24.3 9.9-33.9 .8l-176-168z"/></svg></span>Back to home page</a>


<h1>Hyères and its activities, Var 83 Presqu&#8217;île de Giens</h1>

<p>Coming to visit us this summer? Here&#8217;s a quick rundown of what to do in Hyères over the summer months. There are many different ways to visit the town, so follow the guide!  </p>

<div class="columns"><div class="columns__item" style="align-self:center;"><h2>Visit to the town of Hyères</h2><p>Hyères is the Var&#8217;s leading &#8221; <a href="https://hyeres.fr/" target="_blank" rel="noreferrer noopener">coastal towns and villages where life is good</a>&#8220;. you won&#8217;t want to leave!</p><p>During your stay, be sure to visit :</p><ul><li>Its 11th-century château and ramparts, for views over the Bay of Hyères and the hinterland, and the Villa Noailles, which celebrates its 100th anniversary this year.
</li><li>Its <a href="https://acampa-vacances.com/en/blog/discovering-the-parcours-des-arts-in-hyeres/" data-type="blog" data-id="1109">Parcours des Arts</a> for arts and crafts and downtown heritage
</li><li>The <a href="https://acampa-vacances.com/en/blog/the-salt-road-a-mythical-road/" data-type="blog" data-id="1103">Salt Route</a> at l&#8217;Almanarre, close to the Giens peninsula
</li><li>La Tour Fondue, near your campsite, departure point for Porquerolles
</li><li>The downtown farmers&#8217; market for the best of Hyerese soil
</li><li>Parc Olbius-Riquier, once an annex of the Jardin d&#8217;Acclimatation in Paris
</li></ul></div><div class="columns__item"><figure style="position:relative;"><picture><source srcset="https://acampa-vacances.com/wp-content/uploads/2024/11/international-hyeres-et-ses-activites-var-83-presquile-de-giens-1-420x289.jpg.webp" media="(max-width: 210px)"><source srcset="https://acampa-vacances.com/wp-content/uploads/2024/11/international-hyeres-et-ses-activites-var-83-presquile-de-giens-1.jpg.webp" media="(max-width: 420px)"><source srcset="https://acampa-vacances.com/wp-content/uploads/2024/11/international-hyeres-et-ses-activites-var-83-presquile-de-giens-1.jpg.webp" media="(max-width: 850px)"><source srcset="https://acampa-vacances.com/wp-content/uploads/2024/11/international-hyeres-et-ses-activites-var-83-presquile-de-giens-1.jpg.webp" media="(max-width: 1024px)"><source srcset="https://acampa-vacances.com/wp-content/uploads/2024/11/international-hyeres-et-ses-activites-var-83-presquile-de-giens-1.jpg.webp" media="(min-width: 1025px)"><img decoding="async" src="https://acampa-vacances.com/wp-content/uploads/2024/11/international-hyeres-et-ses-activites-var-83-presquile-de-giens-1-420x289.jpg.webp" width="420" height="210" loading="lazy" alt="" title=""></picture><figcaption>@Julien Veyssage / Tourisme Provence Méditerranée</figcaption></figure></div></div>

<div class="columns"><div class="columns__item"><figure style="position:relative;"><picture><source srcset="https://acampa-vacances.com/wp-content/uploads/2024/12/international-hyeres-et-ses-activites-var-83-presquile-de-giens-2-347x420.jpg.webp" media="(max-width: 210px)"><source srcset="https://acampa-vacances.com/wp-content/uploads/2024/12/international-hyeres-et-ses-activites-var-83-presquile-de-giens-2.jpg.webp" media="(max-width: 420px)"><source srcset="https://acampa-vacances.com/wp-content/uploads/2024/12/international-hyeres-et-ses-activites-var-83-presquile-de-giens-2.jpg.webp" media="(max-width: 850px)"><source srcset="https://acampa-vacances.com/wp-content/uploads/2024/12/international-hyeres-et-ses-activites-var-83-presquile-de-giens-2.jpg.webp" media="(max-width: 1024px)"><source srcset="https://acampa-vacances.com/wp-content/uploads/2024/12/international-hyeres-et-ses-activites-var-83-presquile-de-giens-2.jpg.webp" media="(min-width: 1025px)"><img decoding="async" src="https://acampa-vacances.com/wp-content/uploads/2024/12/international-hyeres-et-ses-activites-var-83-presquile-de-giens-2-347x420.jpg.webp" width="420" height="210" loading="lazy" alt="" title=""></picture><figcaption>©Hyères Tourisme</figcaption></figure></div><div class="columns__item" style="align-self:center;"><h2>As the water flows 〰️</h2><p>We recommend this very special program: swimming, sunbathing and sandcastles&#8230; Can you see yourself there? ⛱️👣 </p><p>But don&#8217;t miss :</p><ul><li><a href="https://www.provencemed.com/hyeres-porquerolles/" target="_blank" rel="noreferrer noopener">The Îles d&#8217;Or</a>: Porquerolles, Port-Cros and Le Levant for their immense beaches and crystal-clear waters.
</li><li>Les Salins d&#8217;Hyères for seabird watching and wildlife discovery
</li><li>Diving sites such as the Porquerolles marine reserve or shipwrecks, don&#8217;t hesitate to contact our partner<a href="https://divingiens.fr/" target="_blank" rel="noreferrer noopener"> Divin&#8217;Giens</a>, a diving center on the Giens peninsula.
</li><li>Kitesurfing and paddle zones thanks to our partner <a href="https://spinout.fr/" target="_blank" rel="noreferrer noopener">SpinOut</a>, a sailing school on the Bay of Almanarre.
</li></ul></div></div>

<h2>A well-deserved rest</h2>

<p>We can&#8217;t recommend enough that you enjoy your time away from the office, away from stress. How about a good home-cooked meal with local produce in a <a href="https://www.facebook.com/lesolariumgiens/" target="_blank" rel="noreferrer noopener">restaurant overlooking the sea</a>, in a relaxed atmosphere? Followed by a stroll through the night market on Hyères harbour? The town and your campsite also offer activities, so don&#8217;t hesitate to ask about the program.   </p>

<p>Happiness in a nutshell:</p>

<p><strong>Havre</strong>de Paix</p>

<p><strong>Yippee</strong>, the vacations!</p>

<p><strong>Summer</strong></p>

<p><strong>Rest</strong></p>

<p><strong>Sunshine</strong></p>

<p><strong>South</strong></p>

<p><strong>Book at one of our partner campsites and you won&#8217;t miss a thing!</strong></p>

<p id="1491"><a href="https://acampa-vacances.com/en/clairdelune/welcome/" data-type="clairdelune" data-id="1491">Camping Clair de Lune</a> for a peaceful vacation! Book your <a href="https://acampa-vacances.com/en/clairdelune/accommodation/" data-type="clairdelune" data-id="4032">perched tent</a> for 2 people. Visit our <a href="https://www.instagram.com/camping.clair.de.lune/" target="_blank" rel="noreferrer noopener">Instagram</a> page!</p>

<p id="192"><a href="https://acampa-vacances.com/en/international/welcome/" data-type="international" data-id="192">Camping International</a> for fun and sporty vacations! Book your camping pitch or rent the <a href="https://acampa-vacances.com/en/international/accommodation/" data-type="international" data-id="3895">Bora Bora air-conditioned mobile home</a>. Just <a href="https://www.instagram.com/campinginternationalgiens/" target="_blank" rel="noreferrer noopener">take</a> a look at our pretty pictures.</p>

<p id="1448">In the <a href="https://acampa-vacances.com/en/iledor/welcome/" data-type="iledor" data-id="1448">Ile d&#8217;Or campsite</a> for a nature break. Rent an air-conditioned mobile home like the 32 m2 <a href="https://acampa-vacances.com/en/iledor/accommodation/" data-type="iledor" data-id="3965">Loggia</a>. Subscribe to our <a href="https://www.instagram.com/campingiledor_giens/" target="_blank" rel="noreferrer noopener">Instagram</a> page.</p>

<p>We look forward to welcoming you!</p>

<p>Subscribe to our <a href="https://www.facebook.com/camping.international.de.giens/" target="_blank" rel="noreferrer noopener">Facebook</a> page!</p>

<p>Hyères and its activities, Var 83 Presqu&#8217;île de Giens Coming to visit us this summer? Here&#8217;s a quick rundown of what to do in Hyères over the summer months. There are many different ways to visit the town, so follow the guide! Visit to the town of Hyères Hyères is the Var&#8217;s leading &#8221; coastal [&hellip;]</p>
