{"id":12732,"date":"2024-11-27T15:17:37","date_gmt":"2024-11-27T14:17:37","guid":{"rendered":"https:\/\/acampa-vacances.com\/hiver-automne\/la-presquile-de-giens-en-hiver-dans-le-var\/"},"modified":"2025-01-29T09:17:02","modified_gmt":"2025-01-29T08:17:02","slug":"il-giens-presquile-in-inverno-nel-var","status":"publish","type":"hiver-automne","link":"https:\/\/acampa-vacances.com\/it\/inverno-autunno\/il-giens-presquile-in-inverno-nel-var\/","title":{"rendered":"Presqu&#8217;\u00eele de Giens in inverno"},"content":{"rendered":"<nav class=\"fildariane\"><a class=\"fildariane__item\" href=\"https:\/\/acampa-vacances.com\/it\/\">Acampa<\/a><span class=\"fc-icon\"><svg xmlns=\"http:\/\/www.w3.org\/2000\/svg\"  viewBox=\"0 0 320 512\" width=\"16px\" height=\"16px\"><!--! Font Awesome Pro 6.4.2 by @fontawesome - https:\/\/fontawesome.com License - https:\/\/fontawesome.com\/license (Commercial License) Copyright 2023 Fonticons, Inc.--><path d=\"M267.3 244.7c6.2 6.2 6.2 16.4 0 22.6l-160 160c-6.2 6.2-16.4 6.2-22.6 0s-6.2-16.4 0-22.6L233.4 256 84.7 107.3c-6.2-6.2-6.2-16.4 0-22.6s16.4-6.2 22.6 0l160 160z\"\/><\/svg><\/span><span class=\"fildariane__item\">Presqu&#8217;\u00eele de Giens in inverno<\/span><\/nav><a class=\"fildariane__item retour\" href=\"https:\/\/acampa-vacances.com\/it\/\"\"><span class=\"fc-icon\"><svg xmlns=\"http:\/\/www.w3.org\/2000\/svg\"  viewBox=\"0 0 448 512\" width=\"16px\" height=\"16px\"><!--! Font Awesome Pro 6.4.2 by @fontawesome - https:\/\/fontawesome.com License - https:\/\/fontawesome.com\/license (Commercial License) Copyright 2023 Fonticons, Inc.--><path d=\"M7.4 273.4C2.7 268.8 0 262.6 0 256s2.7-12.8 7.4-17.4l176-168c9.6-9.2 24.8-8.8 33.9 .8s8.8 24.8-.8 33.9L83.9 232 424 232c13.3 0 24 10.7 24 24s-10.7 24-24 24L83.9 280 216.6 406.6c9.6 9.2 9.9 24.3 .8 33.9s-24.3 9.9-33.9 .8l-176-168z\"\/><\/svg><\/span>Torna alla pagina iniziale<\/a>\n<h1><strong>La Presqu&#8217;\u00eele de Giens in inverno<\/strong><\/h1><p>In inverno, la Presqu&#8217;\u00eele de Giens ritrova la sua aria selvaggia e la sua calma.<\/p><p>Le temperature possono essere fredde, ma quando <strong>il sole scalda la costa con i suoi raggi<\/strong>, una passeggiata \u00e8 d&#8217;obbligo per apprezzare tutta la <strong>bellezza di Hyeres<\/strong> in questo periodo dell&#8217;anno. Tutto ci\u00f2 di cui hai bisogno \u00e8 l&#8217;attrezzatura giusta per l&#8217;attivit\u00e0 che stai pianificando. <\/p><div class=\"columns\"><div class=\"columns__item\" style=\"align-self:center;\"><h2>Nuotare<\/h2><p>C&#8217;\u00e8 un&#8217;idea sbagliata comune: fa troppo freddo per fare immersioni in pieno inverno. Ma sapevi che in realt\u00e0 in mare fa pi\u00f9 caldo che fuori? La temperatura nel Mediterraneo si aggira intorno ai 14\u00b0C, una temperatura pi\u00f9 alta rispetto alla costa, soprattutto quando interviene il maestrale.  <\/p><p>Sapevi anche che l&#8217;acqua fredda \u00e8 ottima per la circolazione sanguigna? Alcune persone intelligenti lo hanno capito. Nonostante la stagione invernale, li troverai a nuotare per qualche lunghezza. Certo, bisogna essere coraggiosi, ma i <strong>benefici sono clinicamente provati.<\/strong>   <\/p><\/div><div class=\"columns__item\"><figure><picture><source srcset=\"https:\/\/acampa-vacances.com\/wp-content\/uploads\/2024\/11\/nager_4-1-420x420.jpg.webp\" media=\"(max-width: 210px)\"><source srcset=\"https:\/\/acampa-vacances.com\/wp-content\/uploads\/2024\/11\/nager_4-1.jpg.webp\" media=\"(max-width: 420px)\"><source srcset=\"https:\/\/acampa-vacances.com\/wp-content\/uploads\/2024\/11\/nager_4-1-768x512.jpg.webp\" media=\"(max-width: 850px)\"><source srcset=\"https:\/\/acampa-vacances.com\/wp-content\/uploads\/2024\/11\/nager_4-1.jpg.webp\" media=\"(max-width: 1024px)\"><source srcset=\"https:\/\/acampa-vacances.com\/wp-content\/uploads\/2024\/11\/nager_4-1.jpg.webp\" media=\"(min-width: 1025px)\"><img decoding=\"async\" src=\"https:\/\/acampa-vacances.com\/wp-content\/uploads\/2024\/11\/nager_4-1-420x420.jpg.webp\" width=\"420\" height=\"210\" loading=\"lazy\" alt=\"\" title=\"\"><\/picture><\/figure><\/div><\/div><div class=\"columns\"><div class=\"columns__item\"><figure><picture><source srcset=\"https:\/\/acampa-vacances.com\/wp-content\/uploads\/2024\/11\/nathan-forbes-Ev5Uog4iDH0-unsplash-420x420.jpg.webp\" media=\"(max-width: 210px)\"><source srcset=\"https:\/\/acampa-vacances.com\/wp-content\/uploads\/2024\/11\/nathan-forbes-Ev5Uog4iDH0-unsplash-850x567.jpg.webp\" media=\"(max-width: 420px)\"><source srcset=\"https:\/\/acampa-vacances.com\/wp-content\/uploads\/2024\/11\/nathan-forbes-Ev5Uog4iDH0-unsplash-768x512.jpg.webp\" media=\"(max-width: 850px)\"><source srcset=\"https:\/\/acampa-vacances.com\/wp-content\/uploads\/2024\/11\/nathan-forbes-Ev5Uog4iDH0-unsplash-1024x683.jpg.webp\" media=\"(max-width: 1024px)\"><source srcset=\"https:\/\/acampa-vacances.com\/wp-content\/uploads\/2024\/11\/nathan-forbes-Ev5Uog4iDH0-unsplash-scaled.jpg.webp\" media=\"(min-width: 1025px)\"><img decoding=\"async\" src=\"https:\/\/acampa-vacances.com\/wp-content\/uploads\/2024\/11\/nathan-forbes-Ev5Uog4iDH0-unsplash-420x420.jpg.webp\" width=\"420\" height=\"210\" loading=\"lazy\" alt=\"\" title=\"\"><\/picture><\/figure><\/div><div class=\"columns__item\" style=\"align-self:center;\"><h2>Paddleboarding<\/h2><p>Hai mai sentito parlare di <strong>stand-up paddling<\/strong>? Potresti pensare che stare in piedi su una tavola sia facile. Ma in realt\u00e0 richiede una certa dose di equilibrio. Una <strong>tavola da surf e un remo<\/strong> e via! Pagaia lungo la costa e goditi la pace e la tranquillit\u00e0.    <\/p><p>Potrai goderti il mare indisturbato da bagnanti, altri canoisti e persino dalle barche. Assicurati di indossare una muta per evitare shock termici. <\/p><p>Questa divertente attivit\u00e0 ti mette in uno stato contemplativo e ti tranquillizza per aver potuto godere della natura. Perch\u00e9 non provare questa attivit\u00e0 durante un&#8217;alba o un tramonto? <\/p><\/div><\/div><div class=\"columns\"><div class=\"columns__item\" style=\"align-self:center;\"><h2>Visita l&#8217;isola di Porquerolles<\/h2><p>Non c&#8217;\u00e8 bisogno di farsi strada a gomitate tra i vacanzieri per godere di ci\u00f2 che quest&#8217;isola ha da offrire. Quest&#8217;isola restituita al suo stato grezzo ti delizier\u00e0 in molti modi. I sentieri vuoti sono perfetti per andare <strong>in bicicletta o a piedi<\/strong>.    <\/p><p>Nonostante la stagione invernale, troverai anche due negozi aperti. Dirigiti verso la <strong>spiaggia di Notre-Dame<\/strong> e le sue distese di sabbia bianca. Fai una passeggiata e scoprirai le <strong>calette nascoste<\/strong> nelle pareti rocciose.  <\/p><p>A <strong>sud dell&#8217;isola<\/strong> si trovano <strong>campi di alloro<\/strong> e <strong>le coltivazioni del conservatorio botanico<\/strong>. La tua bicicletta non ti servir\u00e0 in questa parte dell&#8217;isola, perch\u00e9 la natura selvaggia si \u00e8 ripresa il suo posto e i sentieri sono riservati agli escursionisti. Sapevi che l&#8217;isola di Porquerolles fa parte del Parco Nazionale di Port-Cros?  <\/p><\/div><div class=\"columns__item\"><figure><picture><source srcset=\"https:\/\/acampa-vacances.com\/wp-content\/uploads\/2024\/11\/nathan-forbes-Ev5Uog4iDH0-unsplash-420x420.jpg.webp\" media=\"(max-width: 210px)\"><source srcset=\"https:\/\/acampa-vacances.com\/wp-content\/uploads\/2024\/11\/nathan-forbes-Ev5Uog4iDH0-unsplash-850x567.jpg.webp\" media=\"(max-width: 420px)\"><source srcset=\"https:\/\/acampa-vacances.com\/wp-content\/uploads\/2024\/11\/nathan-forbes-Ev5Uog4iDH0-unsplash-768x512.jpg.webp\" media=\"(max-width: 850px)\"><source srcset=\"https:\/\/acampa-vacances.com\/wp-content\/uploads\/2024\/11\/nathan-forbes-Ev5Uog4iDH0-unsplash-1024x683.jpg.webp\" media=\"(max-width: 1024px)\"><source srcset=\"https:\/\/acampa-vacances.com\/wp-content\/uploads\/2024\/11\/nathan-forbes-Ev5Uog4iDH0-unsplash-scaled.jpg.webp\" media=\"(min-width: 1025px)\"><img decoding=\"async\" src=\"https:\/\/acampa-vacances.com\/wp-content\/uploads\/2024\/11\/nathan-forbes-Ev5Uog4iDH0-unsplash-420x420.jpg.webp\" width=\"420\" height=\"210\" loading=\"lazy\" alt=\"\" title=\"\"><\/picture><\/figure><\/div><\/div><p id=\"https:\/\/acampa-vacances.com\/it\/\">Quindi non \u00e8 solo in estate che potrai godere della bellezza della costa di Hyeres e della sua penisola di Giens. Non aspettare oltre per prenotare il tuo alloggio in uno dei nostri <a href=\"https:\/\/acampa-vacances.com\/it\/\" data-type=\"link\" data-id=\"https:\/\/acampa-vacances.com\/it\/\">campeggi nel Var<\/a>.   <\/p>","protected":false},"excerpt":{"rendered":"<p>La Presqu&#8217;\u00eele de Giens in inverno In inverno, la Presqu&#8217;\u00eele de Giens ritrova la sua aria selvaggia e la sua calma. Le temperature possono essere fredde, ma quando il sole scalda la costa con i suoi raggi, una passeggiata \u00e8 d&#8217;obbligo per apprezzare tutta la bellezza di Hyeres in questo periodo dell&#8217;anno. Tutto ci\u00f2 di [&hellip;]<\/p>\n","protected":false},"featured_media":3543,"template":"","format":"standard","meta":{"_acf_changed":false,"footnotes":""},"hiver-automne":[81],"acf":[],"_links":{"self":[{"href":"https:\/\/acampa-vacances.com\/it\/wp-json\/wp\/v2\/hiver-automne\/12732"}],"collection":[{"href":"https:\/\/acampa-vacances.com\/it\/wp-json\/wp\/v2\/hiver-automne"}],"about":[{"href":"https:\/\/acampa-vacances.com\/it\/wp-json\/wp\/v2\/types\/hiver-automne"}],"version-history":[{"count":1,"href":"https:\/\/acampa-vacances.com\/it\/wp-json\/wp\/v2\/hiver-automne\/12732\/revisions"}],"predecessor-version":[{"id":12734,"href":"https:\/\/acampa-vacances.com\/it\/wp-json\/wp\/v2\/hiver-automne\/12732\/revisions\/12734"}],"wp:featuredmedia":[{"embeddable":true,"href":"https:\/\/acampa-vacances.com\/it\/wp-json\/wp\/v2\/media\/3543"}],"wp:attachment":[{"href":"https:\/\/acampa-vacances.com\/it\/wp-json\/wp\/v2\/media?parent=12732"}],"wp:term":[{"taxonomy":"hiver-automne","embeddable":true,"href":"https:\/\/acampa-vacances.com\/it\/wp-json\/wp\/v2\/hiver-automne?post=12732"}],"curies":[{"name":"wp","href":"https:\/\/api.w.org\/{rel}","templated":true}]}}

Presqu&#8217;île de Giens in inverno

<nav class="fildariane"><a class="fildariane__item" href="https://acampa-vacances.com/it/">Acampa</a><span class="fc-icon"><svg xmlns="http://www.w3.org/2000/svg"  viewBox="0 0 320 512" width="16px" height="16px"><!--! Font Awesome Pro 6.4.2 by @fontawesome - https://fontawesome.com License - https://fontawesome.com/license (Commercial License) Copyright 2023 Fonticons, Inc.--><path d="M267.3 244.7c6.2 6.2 6.2 16.4 0 22.6l-160 160c-6.2 6.2-16.4 6.2-22.6 0s-6.2-16.4 0-22.6L233.4 256 84.7 107.3c-6.2-6.2-6.2-16.4 0-22.6s16.4-6.2 22.6 0l160 160z"/></svg></span><span class="fildariane__item">Presqu&#8217;île de Giens in inverno</span></nav><a class="fildariane__item retour" href="https://acampa-vacances.com/it/""><span class="fc-icon"><svg xmlns="http://www.w3.org/2000/svg"  viewBox="0 0 448 512" width="16px" height="16px"><!--! Font Awesome Pro 6.4.2 by @fontawesome - https://fontawesome.com License - https://fontawesome.com/license (Commercial License) Copyright 2023 Fonticons, Inc.--><path d="M7.4 273.4C2.7 268.8 0 262.6 0 256s2.7-12.8 7.4-17.4l176-168c9.6-9.2 24.8-8.8 33.9 .8s8.8 24.8-.8 33.9L83.9 232 424 232c13.3 0 24 10.7 24 24s-10.7 24-24 24L83.9 280 216.6 406.6c9.6 9.2 9.9 24.3 .8 33.9s-24.3 9.9-33.9 .8l-176-168z"/></svg></span>Torna alla pagina iniziale</a>
<h1><strong>La Presqu&#8217;île de Giens in inverno</strong></h1><p>In inverno, la Presqu&#8217;île de Giens ritrova la sua aria selvaggia e la sua calma.</p><p>Le temperature possono essere fredde, ma quando <strong>il sole scalda la costa con i suoi raggi</strong>, una passeggiata è d&#8217;obbligo per apprezzare tutta la <strong>bellezza di Hyeres</strong> in questo periodo dell&#8217;anno. Tutto ciò di cui hai bisogno è l&#8217;attrezzatura giusta per l&#8217;attività che stai pianificando. </p><div class="columns"><div class="columns__item" style="align-self:center;"><h2>Nuotare</h2><p>C&#8217;è un&#8217;idea sbagliata comune: fa troppo freddo per fare immersioni in pieno inverno. Ma sapevi che in realtà in mare fa più caldo che fuori? La temperatura nel Mediterraneo si aggira intorno ai 14°C, una temperatura più alta rispetto alla costa, soprattutto quando interviene il maestrale.  </p><p>Sapevi anche che l&#8217;acqua fredda è ottima per la circolazione sanguigna? Alcune persone intelligenti lo hanno capito. Nonostante la stagione invernale, li troverai a nuotare per qualche lunghezza. Certo, bisogna essere coraggiosi, ma i <strong>benefici sono clinicamente provati.</strong>   </p></div><div class="columns__item"><figure><picture><source srcset="https://acampa-vacances.com/wp-content/uploads/2024/11/nager_4-1-420x420.jpg.webp" media="(max-width: 210px)"><source srcset="https://acampa-vacances.com/wp-content/uploads/2024/11/nager_4-1.jpg.webp" media="(max-width: 420px)"><source srcset="https://acampa-vacances.com/wp-content/uploads/2024/11/nager_4-1-768x512.jpg.webp" media="(max-width: 850px)"><source srcset="https://acampa-vacances.com/wp-content/uploads/2024/11/nager_4-1.jpg.webp" media="(max-width: 1024px)"><source srcset="https://acampa-vacances.com/wp-content/uploads/2024/11/nager_4-1.jpg.webp" media="(min-width: 1025px)"><img decoding="async" src="https://acampa-vacances.com/wp-content/uploads/2024/11/nager_4-1-420x420.jpg.webp" width="420" height="210" loading="lazy" alt="" title=""></picture></figure></div></div><div class="columns"><div class="columns__item"><figure><picture><source srcset="https://acampa-vacances.com/wp-content/uploads/2024/11/nathan-forbes-Ev5Uog4iDH0-unsplash-420x420.jpg.webp" media="(max-width: 210px)"><source srcset="https://acampa-vacances.com/wp-content/uploads/2024/11/nathan-forbes-Ev5Uog4iDH0-unsplash-850x567.jpg.webp" media="(max-width: 420px)"><source srcset="https://acampa-vacances.com/wp-content/uploads/2024/11/nathan-forbes-Ev5Uog4iDH0-unsplash-768x512.jpg.webp" media="(max-width: 850px)"><source srcset="https://acampa-vacances.com/wp-content/uploads/2024/11/nathan-forbes-Ev5Uog4iDH0-unsplash-1024x683.jpg.webp" media="(max-width: 1024px)"><source srcset="https://acampa-vacances.com/wp-content/uploads/2024/11/nathan-forbes-Ev5Uog4iDH0-unsplash-scaled.jpg.webp" media="(min-width: 1025px)"><img decoding="async" src="https://acampa-vacances.com/wp-content/uploads/2024/11/nathan-forbes-Ev5Uog4iDH0-unsplash-420x420.jpg.webp" width="420" height="210" loading="lazy" alt="" title=""></picture></figure></div><div class="columns__item" style="align-self:center;"><h2>Paddleboarding</h2><p>Hai mai sentito parlare di <strong>stand-up paddling</strong>? Potresti pensare che stare in piedi su una tavola sia facile. Ma in realtà richiede una certa dose di equilibrio. Una <strong>tavola da surf e un remo</strong> e via! Pagaia lungo la costa e goditi la pace e la tranquillità.    </p><p>Potrai goderti il mare indisturbato da bagnanti, altri canoisti e persino dalle barche. Assicurati di indossare una muta per evitare shock termici. </p><p>Questa divertente attività ti mette in uno stato contemplativo e ti tranquillizza per aver potuto godere della natura. Perché non provare questa attività durante un&#8217;alba o un tramonto? </p></div></div><div class="columns"><div class="columns__item" style="align-self:center;"><h2>Visita l&#8217;isola di Porquerolles</h2><p>Non c&#8217;è bisogno di farsi strada a gomitate tra i vacanzieri per godere di ciò che quest&#8217;isola ha da offrire. Quest&#8217;isola restituita al suo stato grezzo ti delizierà in molti modi. I sentieri vuoti sono perfetti per andare <strong>in bicicletta o a piedi</strong>.    </p><p>Nonostante la stagione invernale, troverai anche due negozi aperti. Dirigiti verso la <strong>spiaggia di Notre-Dame</strong> e le sue distese di sabbia bianca. Fai una passeggiata e scoprirai le <strong>calette nascoste</strong> nelle pareti rocciose.  </p><p>A <strong>sud dell&#8217;isola</strong> si trovano <strong>campi di alloro</strong> e <strong>le coltivazioni del conservatorio botanico</strong>. La tua bicicletta non ti servirà in questa parte dell&#8217;isola, perché la natura selvaggia si è ripresa il suo posto e i sentieri sono riservati agli escursionisti. Sapevi che l&#8217;isola di Porquerolles fa parte del Parco Nazionale di Port-Cros?  </p></div><div class="columns__item"><figure><picture><source srcset="https://acampa-vacances.com/wp-content/uploads/2024/11/nathan-forbes-Ev5Uog4iDH0-unsplash-420x420.jpg.webp" media="(max-width: 210px)"><source srcset="https://acampa-vacances.com/wp-content/uploads/2024/11/nathan-forbes-Ev5Uog4iDH0-unsplash-850x567.jpg.webp" media="(max-width: 420px)"><source srcset="https://acampa-vacances.com/wp-content/uploads/2024/11/nathan-forbes-Ev5Uog4iDH0-unsplash-768x512.jpg.webp" media="(max-width: 850px)"><source srcset="https://acampa-vacances.com/wp-content/uploads/2024/11/nathan-forbes-Ev5Uog4iDH0-unsplash-1024x683.jpg.webp" media="(max-width: 1024px)"><source srcset="https://acampa-vacances.com/wp-content/uploads/2024/11/nathan-forbes-Ev5Uog4iDH0-unsplash-scaled.jpg.webp" media="(min-width: 1025px)"><img decoding="async" src="https://acampa-vacances.com/wp-content/uploads/2024/11/nathan-forbes-Ev5Uog4iDH0-unsplash-420x420.jpg.webp" width="420" height="210" loading="lazy" alt="" title=""></picture></figure></div></div><p id="https://acampa-vacances.com/it/">Quindi non è solo in estate che potrai godere della bellezza della costa di Hyeres e della sua penisola di Giens. Non aspettare oltre per prenotare il tuo alloggio in uno dei nostri <a href="https://acampa-vacances.com/it/" data-type="link" data-id="https://acampa-vacances.com/it/">campeggi nel Var</a>.   </p>

<p>La Presqu&#8217;île de Giens in inverno In inverno, la Presqu&#8217;île de Giens ritrova la sua aria selvaggia e la sua calma. Le temperature possono essere fredde, ma quando il sole scalda la costa con i suoi raggi, una passeggiata è d&#8217;obbligo per apprezzare tutta la bellezza di Hyeres in questo periodo dell&#8217;anno. Tutto ciò di [&hellip;]</p>
