{"id":12741,"date":"2024-11-27T15:38:17","date_gmt":"2024-11-27T14:38:17","guid":{"rendered":"https:\/\/acampa-vacances.com\/hiver-automne\/quoi-faire-en-hiver-a-giens\/"},"modified":"2025-01-30T14:39:43","modified_gmt":"2025-01-30T13:39:43","slug":"cosa-fare-in-inverno-a-giens","status":"publish","type":"hiver-automne","link":"https:\/\/acampa-vacances.com\/it\/inverno-autunno\/cosa-fare-in-inverno-a-giens\/","title":{"rendered":"Cosa fare in inverno a Giens"},"content":{"rendered":"<nav class=\"fildariane\"><a class=\"fildariane__item\" href=\"https:\/\/acampa-vacances.com\/it\/\">Acampa<\/a><span class=\"fc-icon\"><svg xmlns=\"http:\/\/www.w3.org\/2000\/svg\"  viewBox=\"0 0 320 512\" width=\"16px\" height=\"16px\"><!--! Font Awesome Pro 6.4.2 by @fontawesome - https:\/\/fontawesome.com License - https:\/\/fontawesome.com\/license (Commercial License) Copyright 2023 Fonticons, Inc.--><path d=\"M267.3 244.7c6.2 6.2 6.2 16.4 0 22.6l-160 160c-6.2 6.2-16.4 6.2-22.6 0s-6.2-16.4 0-22.6L233.4 256 84.7 107.3c-6.2-6.2-6.2-16.4 0-22.6s16.4-6.2 22.6 0l160 160z\"\/><\/svg><\/span><span class=\"fildariane__item\">Cosa fare in inverno a Giens<\/span><\/nav><a class=\"fildariane__item retour\" href=\"https:\/\/acampa-vacances.com\/it\/\"\"><span class=\"fc-icon\"><svg xmlns=\"http:\/\/www.w3.org\/2000\/svg\"  viewBox=\"0 0 448 512\" width=\"16px\" height=\"16px\"><!--! Font Awesome Pro 6.4.2 by @fontawesome - https:\/\/fontawesome.com License - https:\/\/fontawesome.com\/license (Commercial License) Copyright 2023 Fonticons, Inc.--><path d=\"M7.4 273.4C2.7 268.8 0 262.6 0 256s2.7-12.8 7.4-17.4l176-168c9.6-9.2 24.8-8.8 33.9 .8s8.8 24.8-.8 33.9L83.9 232 424 232c13.3 0 24 10.7 24 24s-10.7 24-24 24L83.9 280 216.6 406.6c9.6 9.2 9.9 24.3 .8 33.9s-24.3 9.9-33.9 .8l-176-168z\"\/><\/svg><\/span>Torna alla pagina iniziale<\/a>\n\n\n<h1><strong>Hy\u00e8res in inverno<\/strong><\/h1>\n\n<p>Riscopri Hy\u00e8res in inverno. Percorri uno dei <strong>sentieri escursionistici<\/strong> e visita il <strong>centro storico<\/strong>.<strong>Hy\u00e8res<\/strong> ha una ricca<strong>storia<\/strong> e<strong>architettura<\/strong><strong>medievale<\/strong>. Impara tutto su di essa immergendoti nella cultura di Hy\u00e8res.   <\/p>\n\n<div class=\"columns\"><div class=\"columns__item\" style=\"align-self:center;\"><h2>La Villa Noailles<\/h2><p>La Villa Noailles fu costruita tra il 1923 e il 1925 a Hy\u00e8res. Robert Mallet-Stevens fu l&#8217;architetto iniziale, coadiuvato dall&#8217;architetto locale L\u00e9on David per gli ampliamenti e gli annessi costruiti fino al 1933. Questa villa \u00e8 uno dei primi edifici francesi in stile moderno. Fu commissionata dal visconte de Noailles e da sua moglie.   <\/p><p>La villa \u00e8 stata costantemente ampliata, raggiungendo i 2.000 m2 rispetto ai 500 m2 iniziali. Ora dispone di 60 camere, una piscina privata, un campo da squash e una palestra. <\/p><p>La villa si trova sulla collina dell&#8217;antico castello. Presenta un grande giardino mediterraneo piantato dal visconte stesso, che fu poi integrato da un giardino cubista nel 1925, noto come giardino triangolare. <\/p><p id=\"12327\">Fu venduto al comune nel 1973 e inserito nella lista dei monumenti storici nel 1975. Nel 1987, dopo un lungo periodo di abbandono, l&#8217;edificio \u00e8 stato restaurato e nel 1996 \u00e8 diventato un centro di arte e architettura. Se affitti un <a href=\"https:\/\/acampa-vacances.com\/it\/\" data-type=\"page\" data-id=\"12327\">campeggio nel Var<\/a>, puoi visitare questa bellezza architettonica a Hyeren.<\/p><\/div><div class=\"columns__item\"><figure><picture><source srcset=\"https:\/\/acampa-vacances.com\/wp-content\/uploads\/2024\/11\/campingshyeres-art-villa-noailes.jpg.webp\" media=\"(max-width: 210px)\"><source srcset=\"https:\/\/acampa-vacances.com\/wp-content\/uploads\/2024\/11\/campingshyeres-art-villa-noailes.jpg.webp\" media=\"(max-width: 420px)\"><source srcset=\"https:\/\/acampa-vacances.com\/wp-content\/uploads\/2024\/11\/campingshyeres-art-villa-noailes.jpg.webp\" media=\"(max-width: 850px)\"><source srcset=\"https:\/\/acampa-vacances.com\/wp-content\/uploads\/2024\/11\/campingshyeres-art-villa-noailes.jpg.webp\" media=\"(max-width: 1024px)\"><source srcset=\"https:\/\/acampa-vacances.com\/wp-content\/uploads\/2024\/11\/campingshyeres-art-villa-noailes.jpg.webp\" media=\"(min-width: 1025px)\"><img decoding=\"async\" src=\"https:\/\/acampa-vacances.com\/wp-content\/uploads\/2024\/11\/campingshyeres-art-villa-noailes.jpg.webp\" width=\"420\" height=\"210\" loading=\"lazy\" alt=\"\" title=\"\"><\/picture><\/figure><\/div><\/div>\n\n<div class=\"columns\"><div class=\"columns__item\"><figure><picture><source srcset=\"https:\/\/acampa-vacances.com\/wp-content\/uploads\/2024\/11\/place-massillon-hyeres_V2-420x320.jpg.webp\" media=\"(max-width: 210px)\"><source srcset=\"https:\/\/acampa-vacances.com\/wp-content\/uploads\/2024\/11\/place-massillon-hyeres_V2.jpg.webp\" media=\"(max-width: 420px)\"><source srcset=\"https:\/\/acampa-vacances.com\/wp-content\/uploads\/2024\/11\/place-massillon-hyeres_V2.jpg.webp\" media=\"(max-width: 850px)\"><source srcset=\"https:\/\/acampa-vacances.com\/wp-content\/uploads\/2024\/11\/place-massillon-hyeres_V2.jpg.webp\" media=\"(max-width: 1024px)\"><source srcset=\"https:\/\/acampa-vacances.com\/wp-content\/uploads\/2024\/11\/place-massillon-hyeres_V2.jpg.webp\" media=\"(min-width: 1025px)\"><img decoding=\"async\" src=\"https:\/\/acampa-vacances.com\/wp-content\/uploads\/2024\/11\/place-massillon-hyeres_V2-420x320.jpg.webp\" width=\"420\" height=\"210\" loading=\"lazy\" alt=\"\" title=\"\"><\/picture><\/figure><\/div><div class=\"columns__item\" style=\"align-self:center;\"><h2>Il percorso artistico<\/h2><p>Questo itinerario ti permetter\u00e0 di scoprire i numerosi artigiani e artisti di Hy\u00e8res. La citt\u00e0 di Hy\u00e8res offre un patrimonio architettonico, vegetale e urbano ricco di storia e cultura. Lungo il percorso potrai visitare la chiesa di Saint-Louis, la Villa Noailles e la Tour des Templiers, ma non solo! Scoprirai anche la chiesa collegiata di Saint-Paul e i giardini mediterranei del Parc Saint-Bernard. Il percorso \u00e8 segnalato. La passeggiata di 2 km richieder\u00e0 circa 90 minuti del tuo tempo.       <\/p><p>Passeggia per le stradine di Hy\u00e8res e scopri le abilit\u00e0 tradizionali e i talenti artistici della citt\u00e0. Quasi 40 attivit\u00e0 commerciali locali costeggiano il percorso urbano. Affitta un campeggio nel Var e scopri l&#8217;economia locale.  <\/p><\/div><\/div>\n\n<div class=\"columns\"><div class=\"columns__item\" style=\"align-self:center;\"><h2>La Torre dei Templari<\/h2><p>Conosciuta anche come cappella, la torre \u00e8 una commenda costruita dall&#8217;Ordine del Tempo nel <sup>XII<\/sup> secolo. Nel XIV secolo, la cappella comprendeva altri elementi come un edificio principale, un granaio e una cantina, oltre a un mulino e un forno.   <\/p><p>La torre \u00e8 l&#8217;unica vestigia rimasta di questo monumento. Fu ceduta alla citt\u00e0 nel 1673. A partire dal 1765, la citt\u00e0 intraprese diverse migliorie. Il 30 marzo 1987 \u00e8 stata dichiarata monumento storico e oggi \u00e8 un sito espositivo. Affitta un campeggio nel Var per conoscere meglio la storia medievale di Hy\u00e8res.    <\/p><\/div><div class=\"columns__item\"><figure><picture><source srcset=\"https:\/\/acampa-vacances.com\/wp-content\/uploads\/2024\/11\/tour-hyeres-420x320.jpg.webp\" media=\"(max-width: 210px)\"><source srcset=\"https:\/\/acampa-vacances.com\/wp-content\/uploads\/2024\/11\/tour-hyeres.jpg.webp\" media=\"(max-width: 420px)\"><source srcset=\"https:\/\/acampa-vacances.com\/wp-content\/uploads\/2024\/11\/tour-hyeres.jpg.webp\" media=\"(max-width: 850px)\"><source srcset=\"https:\/\/acampa-vacances.com\/wp-content\/uploads\/2024\/11\/tour-hyeres.jpg.webp\" media=\"(max-width: 1024px)\"><source srcset=\"https:\/\/acampa-vacances.com\/wp-content\/uploads\/2024\/11\/tour-hyeres.jpg.webp\" media=\"(min-width: 1025px)\"><img decoding=\"async\" src=\"https:\/\/acampa-vacances.com\/wp-content\/uploads\/2024\/11\/tour-hyeres-420x320.jpg.webp\" width=\"420\" height=\"210\" loading=\"lazy\" alt=\"\" title=\"\"><\/picture><\/figure><\/div><\/div>\n\n<div class=\"columns\"><div class=\"columns__item\"><figure><picture><source srcset=\"https:\/\/acampa-vacances.com\/wp-content\/uploads\/2024\/11\/tour-hyeres-420x320.jpg.webp\" media=\"(max-width: 210px)\"><source srcset=\"https:\/\/acampa-vacances.com\/wp-content\/uploads\/2024\/11\/tour-hyeres.jpg.webp\" media=\"(max-width: 420px)\"><source srcset=\"https:\/\/acampa-vacances.com\/wp-content\/uploads\/2024\/11\/tour-hyeres.jpg.webp\" media=\"(max-width: 850px)\"><source srcset=\"https:\/\/acampa-vacances.com\/wp-content\/uploads\/2024\/11\/tour-hyeres.jpg.webp\" media=\"(max-width: 1024px)\"><source srcset=\"https:\/\/acampa-vacances.com\/wp-content\/uploads\/2024\/11\/tour-hyeres.jpg.webp\" media=\"(min-width: 1025px)\"><img decoding=\"async\" src=\"https:\/\/acampa-vacances.com\/wp-content\/uploads\/2024\/11\/tour-hyeres-420x320.jpg.webp\" width=\"420\" height=\"210\" loading=\"lazy\" alt=\"\" title=\"\"><\/picture><\/figure><\/div><div class=\"columns__item\" style=\"align-self:center;\"><h2>Il castello<\/h2><p>Il Castello di Hy\u00e8res, un castello medievale in rovina, si trova in cima alla collina di Cast\u00e9ou, su uno sperone roccioso che domina la citt\u00e0 di Hy\u00e8res. I resti del castello sono stati classificati come monumento storico dal 1862. I bastioni e l&#8217;antico castello sono stati inseriti nella lista dal 1926.  <\/p><p>  Costruito nell&#8217;XI secolo dai Signori di Fos, il castello fu parzialmente distrutto per ordine di Enrico IV nel 1596 e smantellato nel 1620 da Luigi XIII. I resti sono un ottimo esempio di architettura militare del XIII secolo. Visita questi resti per godere di una magnifica vista sulla Baia di Hy\u00e8res, sulle Isole d&#8217;Oro e sul massiccio dei Maures. Se affitti un campeggio nel Var, puoi visitare le rovine del castello e ammirare la vista mozzafiato su Hy\u00e8res e dintorni.   <\/p><\/div><\/div>\n\n<div class=\"columns\"><div class=\"columns__item\" style=\"align-self:center;\"><h2>L&#8217;osservatorio del Pic des F\u00e9es<\/h2><p>Situato a Hy\u00e8res, l&#8217;Osservatorio Pic des f\u00e9es \u00e8 stato creato e mantenuto da un&#8217;associazione di astronomi dilettanti. Prende il nome dal terreno su cui \u00e8 costruito: il Pic des f\u00e9es, sul Mont Oiseaux. \u00c8 nato grazie alla Soci\u00e9t\u00e9 Astronomique Hy\u00e9roise Amateur e al fervente desiderio dei suoi membri di introdurre il pubblico nel mondo dell&#8217;astronomia. Oggi l&#8217;osservatorio vanta un&#8217;importante infrastruttura e una gamma completa di attrezzature astronomiche. Abbastanza per deliziare gli appassionati di astronomia. Non aspettare oltre per affittare il tuo campeggio nel Var e visitare l&#8217;osservatorio di Pic des F\u00e9es.     <\/p><p>  Quindi non \u00e8 solo in estate che puoi godere della bellezza della costa di Hyeres e della sua Presqu&#8217;\u00eele de Giens.<\/p><\/div><div class=\"columns__item\"><figure><picture><source srcset=\"https:\/\/acampa-vacances.com\/wp-content\/uploads\/2024\/11\/campingshyeres-art-pics-des-fees.jpg\" media=\"(max-width: 210px)\"><source srcset=\"https:\/\/acampa-vacances.com\/wp-content\/uploads\/2024\/11\/campingshyeres-art-pics-des-fees.jpg\" media=\"(max-width: 420px)\"><source srcset=\"https:\/\/acampa-vacances.com\/wp-content\/uploads\/2024\/11\/campingshyeres-art-pics-des-fees.jpg\" media=\"(max-width: 850px)\"><source srcset=\"https:\/\/acampa-vacances.com\/wp-content\/uploads\/2024\/11\/campingshyeres-art-pics-des-fees.jpg\" media=\"(max-width: 1024px)\"><source srcset=\"https:\/\/acampa-vacances.com\/wp-content\/uploads\/2024\/11\/campingshyeres-art-pics-des-fees.jpg\" media=\"(min-width: 1025px)\"><img decoding=\"async\" src=\"https:\/\/acampa-vacances.com\/wp-content\/uploads\/2024\/11\/campingshyeres-art-pics-des-fees.jpg\" width=\"420\" height=\"210\" loading=\"lazy\" alt=\"\" title=\"\"><\/picture><\/figure><\/div><\/div>\n\n<p id=\"https:\/\/acampa-vacances.com\/it\/\">Come puoi vedere, le attivit\u00e0 a Hy\u00e8res non mancano nonostante la stagione invernale. Per scoprirle tutte, assicurati di prenotare in uno dei nostri <a href=\"https:\/\/acampa-vacances.com\/it\/\" data-type=\"link\" data-id=\"https:\/\/acampa-vacances.com\/it\/\">campeggi a Hy\u00e8res<\/a>.   <\/p>","protected":false},"excerpt":{"rendered":"<p>Hy\u00e8res in inverno Riscopri Hy\u00e8res in inverno. Percorri uno dei sentieri escursionistici e visita il centro storico.Hy\u00e8res ha una riccastoria earchitetturamedievale. Impara tutto su di essa immergendoti nella cultura di Hy\u00e8res. La Villa Noailles La Villa Noailles fu costruita tra il 1923 e il 1925 a Hy\u00e8res. Robert Mallet-Stevens fu l&#8217;architetto iniziale, coadiuvato dall&#8217;architetto locale [&hellip;]<\/p>\n","protected":false},"featured_media":3623,"template":"","format":"standard","meta":{"_acf_changed":false,"footnotes":""},"hiver-automne":[81],"acf":[],"_links":{"self":[{"href":"https:\/\/acampa-vacances.com\/it\/wp-json\/wp\/v2\/hiver-automne\/12741"}],"collection":[{"href":"https:\/\/acampa-vacances.com\/it\/wp-json\/wp\/v2\/hiver-automne"}],"about":[{"href":"https:\/\/acampa-vacances.com\/it\/wp-json\/wp\/v2\/types\/hiver-automne"}],"version-history":[{"count":2,"href":"https:\/\/acampa-vacances.com\/it\/wp-json\/wp\/v2\/hiver-automne\/12741\/revisions"}],"predecessor-version":[{"id":14029,"href":"https:\/\/acampa-vacances.com\/it\/wp-json\/wp\/v2\/hiver-automne\/12741\/revisions\/14029"}],"wp:featuredmedia":[{"embeddable":true,"href":"https:\/\/acampa-vacances.com\/it\/wp-json\/wp\/v2\/media\/3623"}],"wp:attachment":[{"href":"https:\/\/acampa-vacances.com\/it\/wp-json\/wp\/v2\/media?parent=12741"}],"wp:term":[{"taxonomy":"hiver-automne","embeddable":true,"href":"https:\/\/acampa-vacances.com\/it\/wp-json\/wp\/v2\/hiver-automne?post=12741"}],"curies":[{"name":"wp","href":"https:\/\/api.w.org\/{rel}","templated":true}]}}

<nav class="fildariane"><a class="fildariane__item" href="https://acampa-vacances.com/it/">Acampa</a><span class="fc-icon"><svg xmlns="http://www.w3.org/2000/svg"  viewBox="0 0 320 512" width="16px" height="16px"><!--! Font Awesome Pro 6.4.2 by @fontawesome - https://fontawesome.com License - https://fontawesome.com/license (Commercial License) Copyright 2023 Fonticons, Inc.--><path d="M267.3 244.7c6.2 6.2 6.2 16.4 0 22.6l-160 160c-6.2 6.2-16.4 6.2-22.6 0s-6.2-16.4 0-22.6L233.4 256 84.7 107.3c-6.2-6.2-6.2-16.4 0-22.6s16.4-6.2 22.6 0l160 160z"/></svg></span><span class="fildariane__item">Cosa fare in inverno a Giens</span></nav><a class="fildariane__item retour" href="https://acampa-vacances.com/it/""><span class="fc-icon"><svg xmlns="http://www.w3.org/2000/svg"  viewBox="0 0 448 512" width="16px" height="16px"><!--! Font Awesome Pro 6.4.2 by @fontawesome - https://fontawesome.com License - https://fontawesome.com/license (Commercial License) Copyright 2023 Fonticons, Inc.--><path d="M7.4 273.4C2.7 268.8 0 262.6 0 256s2.7-12.8 7.4-17.4l176-168c9.6-9.2 24.8-8.8 33.9 .8s8.8 24.8-.8 33.9L83.9 232 424 232c13.3 0 24 10.7 24 24s-10.7 24-24 24L83.9 280 216.6 406.6c9.6 9.2 9.9 24.3 .8 33.9s-24.3 9.9-33.9 .8l-176-168z"/></svg></span>Torna alla pagina iniziale</a>


<h1><strong>Hyères in inverno</strong></h1>

<p>Riscopri Hyères in inverno. Percorri uno dei <strong>sentieri escursionistici</strong> e visita il <strong>centro storico</strong>.<strong>Hyères</strong> ha una ricca<strong>storia</strong> e<strong>architettura</strong><strong>medievale</strong>. Impara tutto su di essa immergendoti nella cultura di Hyères.   </p>

<div class="columns"><div class="columns__item" style="align-self:center;"><h2>La Villa Noailles</h2><p>La Villa Noailles fu costruita tra il 1923 e il 1925 a Hyères. Robert Mallet-Stevens fu l&#8217;architetto iniziale, coadiuvato dall&#8217;architetto locale Léon David per gli ampliamenti e gli annessi costruiti fino al 1933. Questa villa è uno dei primi edifici francesi in stile moderno. Fu commissionata dal visconte de Noailles e da sua moglie.   </p><p>La villa è stata costantemente ampliata, raggiungendo i 2.000 m2 rispetto ai 500 m2 iniziali. Ora dispone di 60 camere, una piscina privata, un campo da squash e una palestra. </p><p>La villa si trova sulla collina dell&#8217;antico castello. Presenta un grande giardino mediterraneo piantato dal visconte stesso, che fu poi integrato da un giardino cubista nel 1925, noto come giardino triangolare. </p><p id="12327">Fu venduto al comune nel 1973 e inserito nella lista dei monumenti storici nel 1975. Nel 1987, dopo un lungo periodo di abbandono, l&#8217;edificio è stato restaurato e nel 1996 è diventato un centro di arte e architettura. Se affitti un <a href="https://acampa-vacances.com/it/" data-type="page" data-id="12327">campeggio nel Var</a>, puoi visitare questa bellezza architettonica a Hyeren.</p></div><div class="columns__item"><figure><picture><source srcset="https://acampa-vacances.com/wp-content/uploads/2024/11/campingshyeres-art-villa-noailes.jpg.webp" media="(max-width: 210px)"><source srcset="https://acampa-vacances.com/wp-content/uploads/2024/11/campingshyeres-art-villa-noailes.jpg.webp" media="(max-width: 420px)"><source srcset="https://acampa-vacances.com/wp-content/uploads/2024/11/campingshyeres-art-villa-noailes.jpg.webp" media="(max-width: 850px)"><source srcset="https://acampa-vacances.com/wp-content/uploads/2024/11/campingshyeres-art-villa-noailes.jpg.webp" media="(max-width: 1024px)"><source srcset="https://acampa-vacances.com/wp-content/uploads/2024/11/campingshyeres-art-villa-noailes.jpg.webp" media="(min-width: 1025px)"><img decoding="async" src="https://acampa-vacances.com/wp-content/uploads/2024/11/campingshyeres-art-villa-noailes.jpg.webp" width="420" height="210" loading="lazy" alt="" title=""></picture></figure></div></div>

<div class="columns"><div class="columns__item"><figure><picture><source srcset="https://acampa-vacances.com/wp-content/uploads/2024/11/place-massillon-hyeres_V2-420x320.jpg.webp" media="(max-width: 210px)"><source srcset="https://acampa-vacances.com/wp-content/uploads/2024/11/place-massillon-hyeres_V2.jpg.webp" media="(max-width: 420px)"><source srcset="https://acampa-vacances.com/wp-content/uploads/2024/11/place-massillon-hyeres_V2.jpg.webp" media="(max-width: 850px)"><source srcset="https://acampa-vacances.com/wp-content/uploads/2024/11/place-massillon-hyeres_V2.jpg.webp" media="(max-width: 1024px)"><source srcset="https://acampa-vacances.com/wp-content/uploads/2024/11/place-massillon-hyeres_V2.jpg.webp" media="(min-width: 1025px)"><img decoding="async" src="https://acampa-vacances.com/wp-content/uploads/2024/11/place-massillon-hyeres_V2-420x320.jpg.webp" width="420" height="210" loading="lazy" alt="" title=""></picture></figure></div><div class="columns__item" style="align-self:center;"><h2>Il percorso artistico</h2><p>Questo itinerario ti permetterà di scoprire i numerosi artigiani e artisti di Hyères. La città di Hyères offre un patrimonio architettonico, vegetale e urbano ricco di storia e cultura. Lungo il percorso potrai visitare la chiesa di Saint-Louis, la Villa Noailles e la Tour des Templiers, ma non solo! Scoprirai anche la chiesa collegiata di Saint-Paul e i giardini mediterranei del Parc Saint-Bernard. Il percorso è segnalato. La passeggiata di 2 km richiederà circa 90 minuti del tuo tempo.       </p><p>Passeggia per le stradine di Hyères e scopri le abilità tradizionali e i talenti artistici della città. Quasi 40 attività commerciali locali costeggiano il percorso urbano. Affitta un campeggio nel Var e scopri l&#8217;economia locale.  </p></div></div>

<div class="columns"><div class="columns__item" style="align-self:center;"><h2>La Torre dei Templari</h2><p>Conosciuta anche come cappella, la torre è una commenda costruita dall&#8217;Ordine del Tempo nel <sup>XII</sup> secolo. Nel XIV secolo, la cappella comprendeva altri elementi come un edificio principale, un granaio e una cantina, oltre a un mulino e un forno.   </p><p>La torre è l&#8217;unica vestigia rimasta di questo monumento. Fu ceduta alla città nel 1673. A partire dal 1765, la città intraprese diverse migliorie. Il 30 marzo 1987 è stata dichiarata monumento storico e oggi è un sito espositivo. Affitta un campeggio nel Var per conoscere meglio la storia medievale di Hyères.    </p></div><div class="columns__item"><figure><picture><source srcset="https://acampa-vacances.com/wp-content/uploads/2024/11/tour-hyeres-420x320.jpg.webp" media="(max-width: 210px)"><source srcset="https://acampa-vacances.com/wp-content/uploads/2024/11/tour-hyeres.jpg.webp" media="(max-width: 420px)"><source srcset="https://acampa-vacances.com/wp-content/uploads/2024/11/tour-hyeres.jpg.webp" media="(max-width: 850px)"><source srcset="https://acampa-vacances.com/wp-content/uploads/2024/11/tour-hyeres.jpg.webp" media="(max-width: 1024px)"><source srcset="https://acampa-vacances.com/wp-content/uploads/2024/11/tour-hyeres.jpg.webp" media="(min-width: 1025px)"><img decoding="async" src="https://acampa-vacances.com/wp-content/uploads/2024/11/tour-hyeres-420x320.jpg.webp" width="420" height="210" loading="lazy" alt="" title=""></picture></figure></div></div>

<div class="columns"><div class="columns__item"><figure><picture><source srcset="https://acampa-vacances.com/wp-content/uploads/2024/11/tour-hyeres-420x320.jpg.webp" media="(max-width: 210px)"><source srcset="https://acampa-vacances.com/wp-content/uploads/2024/11/tour-hyeres.jpg.webp" media="(max-width: 420px)"><source srcset="https://acampa-vacances.com/wp-content/uploads/2024/11/tour-hyeres.jpg.webp" media="(max-width: 850px)"><source srcset="https://acampa-vacances.com/wp-content/uploads/2024/11/tour-hyeres.jpg.webp" media="(max-width: 1024px)"><source srcset="https://acampa-vacances.com/wp-content/uploads/2024/11/tour-hyeres.jpg.webp" media="(min-width: 1025px)"><img decoding="async" src="https://acampa-vacances.com/wp-content/uploads/2024/11/tour-hyeres-420x320.jpg.webp" width="420" height="210" loading="lazy" alt="" title=""></picture></figure></div><div class="columns__item" style="align-self:center;"><h2>Il castello</h2><p>Il Castello di Hyères, un castello medievale in rovina, si trova in cima alla collina di Castéou, su uno sperone roccioso che domina la città di Hyères. I resti del castello sono stati classificati come monumento storico dal 1862. I bastioni e l&#8217;antico castello sono stati inseriti nella lista dal 1926.  </p><p>  Costruito nell&#8217;XI secolo dai Signori di Fos, il castello fu parzialmente distrutto per ordine di Enrico IV nel 1596 e smantellato nel 1620 da Luigi XIII. I resti sono un ottimo esempio di architettura militare del XIII secolo. Visita questi resti per godere di una magnifica vista sulla Baia di Hyères, sulle Isole d&#8217;Oro e sul massiccio dei Maures. Se affitti un campeggio nel Var, puoi visitare le rovine del castello e ammirare la vista mozzafiato su Hyères e dintorni.   </p></div></div>

<div class="columns"><div class="columns__item" style="align-self:center;"><h2>L&#8217;osservatorio del Pic des Fées</h2><p>Situato a Hyères, l&#8217;Osservatorio Pic des fées è stato creato e mantenuto da un&#8217;associazione di astronomi dilettanti. Prende il nome dal terreno su cui è costruito: il Pic des fées, sul Mont Oiseaux. È nato grazie alla Société Astronomique Hyéroise Amateur e al fervente desiderio dei suoi membri di introdurre il pubblico nel mondo dell&#8217;astronomia. Oggi l&#8217;osservatorio vanta un&#8217;importante infrastruttura e una gamma completa di attrezzature astronomiche. Abbastanza per deliziare gli appassionati di astronomia. Non aspettare oltre per affittare il tuo campeggio nel Var e visitare l&#8217;osservatorio di Pic des Fées.     </p><p>  Quindi non è solo in estate che puoi godere della bellezza della costa di Hyeres e della sua Presqu&#8217;île de Giens.</p></div><div class="columns__item"><figure><picture><source srcset="https://acampa-vacances.com/wp-content/uploads/2024/11/campingshyeres-art-pics-des-fees.jpg" media="(max-width: 210px)"><source srcset="https://acampa-vacances.com/wp-content/uploads/2024/11/campingshyeres-art-pics-des-fees.jpg" media="(max-width: 420px)"><source srcset="https://acampa-vacances.com/wp-content/uploads/2024/11/campingshyeres-art-pics-des-fees.jpg" media="(max-width: 850px)"><source srcset="https://acampa-vacances.com/wp-content/uploads/2024/11/campingshyeres-art-pics-des-fees.jpg" media="(max-width: 1024px)"><source srcset="https://acampa-vacances.com/wp-content/uploads/2024/11/campingshyeres-art-pics-des-fees.jpg" media="(min-width: 1025px)"><img decoding="async" src="https://acampa-vacances.com/wp-content/uploads/2024/11/campingshyeres-art-pics-des-fees.jpg" width="420" height="210" loading="lazy" alt="" title=""></picture></figure></div></div>

<p id="https://acampa-vacances.com/it/">Come puoi vedere, le attività a Hyères non mancano nonostante la stagione invernale. Per scoprirle tutte, assicurati di prenotare in uno dei nostri <a href="https://acampa-vacances.com/it/" data-type="link" data-id="https://acampa-vacances.com/it/">campeggi a Hyères</a>.   </p>

<p>Hyères in inverno Riscopri Hyères in inverno. Percorri uno dei sentieri escursionistici e visita il centro storico.Hyères ha una riccastoria earchitetturamedievale. Impara tutto su di essa immergendoti nella cultura di Hyères. La Villa Noailles La Villa Noailles fu costruita tra il 1923 e il 1925 a Hyères. Robert Mallet-Stevens fu l&#8217;architetto iniziale, coadiuvato dall&#8217;architetto locale [&hellip;]</p>
