{"id":12828,"date":"2024-11-27T14:42:03","date_gmt":"2024-11-27T13:42:03","guid":{"rendered":"https:\/\/acampa-vacances.com\/hiver-automne\/passez-les-vacances-de-la-toussaint-en-famille\/"},"modified":"2025-01-29T09:17:06","modified_gmt":"2025-01-29T08:17:06","slug":"trascorrere-le-feste-di-tuttisanti-con-la-famiglia","status":"publish","type":"hiver-automne","link":"https:\/\/acampa-vacances.com\/it\/inverno-autunno\/trascorrere-le-feste-di-tuttisanti-con-la-famiglia\/","title":{"rendered":"Trascorri le vacanze di Ognissanti con la tua famiglia"},"content":{"rendered":"<nav class=\"fildariane\"><a class=\"fildariane__item\" href=\"https:\/\/acampa-vacances.com\/it\/\">Acampa<\/a><span class=\"fc-icon\"><svg xmlns=\"http:\/\/www.w3.org\/2000\/svg\"  viewBox=\"0 0 320 512\" width=\"16px\" height=\"16px\"><!--! Font Awesome Pro 6.4.2 by @fontawesome - https:\/\/fontawesome.com License - https:\/\/fontawesome.com\/license (Commercial License) Copyright 2023 Fonticons, Inc.--><path d=\"M267.3 244.7c6.2 6.2 6.2 16.4 0 22.6l-160 160c-6.2 6.2-16.4 6.2-22.6 0s-6.2-16.4 0-22.6L233.4 256 84.7 107.3c-6.2-6.2-6.2-16.4 0-22.6s16.4-6.2 22.6 0l160 160z\"\/><\/svg><\/span><span class=\"fildariane__item\">Trascorri le vacanze di Ognissanti con la tua famiglia<\/span><\/nav><a class=\"fildariane__item retour\" href=\"https:\/\/acampa-vacances.com\/it\/\"\"><span class=\"fc-icon\"><svg xmlns=\"http:\/\/www.w3.org\/2000\/svg\"  viewBox=\"0 0 448 512\" width=\"16px\" height=\"16px\"><!--! Font Awesome Pro 6.4.2 by @fontawesome - https:\/\/fontawesome.com License - https:\/\/fontawesome.com\/license (Commercial License) Copyright 2023 Fonticons, Inc.--><path d=\"M7.4 273.4C2.7 268.8 0 262.6 0 256s2.7-12.8 7.4-17.4l176-168c9.6-9.2 24.8-8.8 33.9 .8s8.8 24.8-.8 33.9L83.9 232 424 232c13.3 0 24 10.7 24 24s-10.7 24-24 24L83.9 280 216.6 406.6c9.6 9.2 9.9 24.3 .8 33.9s-24.3 9.9-33.9 .8l-176-168z\"\/><\/svg><\/span>Torna alla pagina iniziale<\/a>\n<h1>Trascorri le vacanze di Ognissanti con la tua famiglia<\/h1><p>Tra due settimane inizieranno le <strong>vacanze scolastiche di Ognissanti<\/strong>. Gli alunni potranno approfittare di questo periodo per <strong>riposare<\/strong> e divertirsi con ogni tipo di <strong>attivit\u00e0<\/strong>. Anche tu puoi prenderti qualche giorno di riposo per goderti le vacanze con loro. Trascorri qualche giorno nel sud della Francia per ricaricare le batterie.   <\/p><h2>Escursioni<\/h2><p>Fai conoscere loro la <strong>Presqu&#8217;\u00eele de Giens<\/strong> con una passeggiata lungo il <strong>sentiero costiero<\/strong>. Si tratta di un&#8217;area di straordinaria bellezza naturale. Approfitta delle temperature miti della stagione per rendere piacevole la tua spedizione. Scopri le <strong>piccole insenature nascoste<\/strong> dove potrai rinfrescarti all&#8217;occorrenza e ammira i <strong>magnifici panorami<\/strong> che questa passeggiata ti offre. Un&#8217;esperienza che far\u00e0 la gioia di grandi e piccini.    <\/p><h2>Visita i villaggi circostanti<\/h2><p>Alcuni dei villaggi circostanti meritano una visita per staccare la spina durante il tuo soggiorno nel sud. Visita il villaggio di Le <strong>Lavandou<\/strong> o <strong>Bormes-les-Mimosas<\/strong> per cambiare scenario. \u00c8 un ottimo modo per staccare la spina e scoprire il Var. La pace e la tranquillit\u00e0 di questo periodo dell&#8217;anno renderanno queste visite ancora pi\u00f9 piacevoli. Anche il villaggio di La <strong>Londe-les-Maures<\/strong> merita una visita per una gita in famiglia.    <\/p><div class=\"columns\"><div class=\"columns__item\" style=\"align-self:center;\"><h2>Attivit\u00e0 di sport acquatici<\/h2><p>Approfitta della bassa stagione per praticare attivit\u00e0 acquatiche come <strong>immersioni<\/strong>, <strong>windsurf<\/strong>, <strong>paddle boarding<\/strong> e <strong>kayak<\/strong>.  <\/p><p>Munisciti di una muta per non raffreddarti e il gioco \u00e8 fatto! Il nostro partner, la scuola di vela <strong>Spinout<\/strong>, offre <strong>corsi di introduzione al windsurf<\/strong> e corsi avanzati per i pi\u00f9 esperti.   <\/p><p>Il nostro secondo partner, la scuola subacquea <strong>Divin&#8217;Giens<\/strong>, offre sia le <strong>prime<\/strong> <strong>immersioni che i corsi avanzati<\/strong> e puoi anche superare i tuoi livelli.<\/p><\/div><div class=\"columns__item\"><figure style=\"position:relative;\"><picture><source srcset=\"https:\/\/acampa-vacances.com\/wp-content\/uploads\/2024\/11\/5-300x193-1.jpg.webp\" media=\"(max-width: 210px)\"><source srcset=\"https:\/\/acampa-vacances.com\/wp-content\/uploads\/2024\/11\/5-300x193-1.jpg.webp\" media=\"(max-width: 420px)\"><source srcset=\"https:\/\/acampa-vacances.com\/wp-content\/uploads\/2024\/11\/5-300x193-1.jpg.webp\" media=\"(max-width: 850px)\"><source srcset=\"https:\/\/acampa-vacances.com\/wp-content\/uploads\/2024\/11\/5-300x193-1.jpg.webp\" media=\"(max-width: 1024px)\"><source srcset=\"https:\/\/acampa-vacances.com\/wp-content\/uploads\/2024\/11\/5-300x193-1.jpg.webp\" media=\"(min-width: 1025px)\"><img decoding=\"async\" src=\"https:\/\/acampa-vacances.com\/wp-content\/uploads\/2024\/11\/5-300x193-1.jpg.webp\" width=\"420\" height=\"210\" loading=\"lazy\" alt=\"\" title=\"\"><\/picture><figcaption>Credito fotografico : Altair<\/figcaption><\/figure><\/div><\/div><p id=\"https:\/\/acampa-vacances.com\/international\/accueil\/\">Prenota subito <strong>la tua vacanza<\/strong> di Ognissanti<a href=\"https:\/\/acampa-vacances.com\/de\/international\/willkommen\/\" data-type=\"link\" data-id=\"https:\/\/acampa-vacances.com\/international\/accueil\/\"> nel nostro campeggio<\/a> e goditi tutto ci\u00f2 che il Var ha da offrire.<\/p>","protected":false},"excerpt":{"rendered":"<p>Trascorri le vacanze di Ognissanti con la tua famiglia Tra due settimane inizieranno le vacanze scolastiche di Ognissanti. Gli alunni potranno approfittare di questo periodo per riposare e divertirsi con ogni tipo di attivit\u00e0. Anche tu puoi prenderti qualche giorno di riposo per goderti le vacanze con loro. Trascorri qualche giorno nel sud della Francia [&hellip;]<\/p>\n","protected":false},"featured_media":3334,"template":"","format":"standard","meta":{"_acf_changed":false,"footnotes":""},"hiver-automne":[139],"acf":[],"_links":{"self":[{"href":"https:\/\/acampa-vacances.com\/it\/wp-json\/wp\/v2\/hiver-automne\/12828"}],"collection":[{"href":"https:\/\/acampa-vacances.com\/it\/wp-json\/wp\/v2\/hiver-automne"}],"about":[{"href":"https:\/\/acampa-vacances.com\/it\/wp-json\/wp\/v2\/types\/hiver-automne"}],"version-history":[{"count":1,"href":"https:\/\/acampa-vacances.com\/it\/wp-json\/wp\/v2\/hiver-automne\/12828\/revisions"}],"predecessor-version":[{"id":12830,"href":"https:\/\/acampa-vacances.com\/it\/wp-json\/wp\/v2\/hiver-automne\/12828\/revisions\/12830"}],"wp:featuredmedia":[{"embeddable":true,"href":"https:\/\/acampa-vacances.com\/it\/wp-json\/wp\/v2\/media\/3334"}],"wp:attachment":[{"href":"https:\/\/acampa-vacances.com\/it\/wp-json\/wp\/v2\/media?parent=12828"}],"wp:term":[{"taxonomy":"hiver-automne","embeddable":true,"href":"https:\/\/acampa-vacances.com\/it\/wp-json\/wp\/v2\/hiver-automne?post=12828"}],"curies":[{"name":"wp","href":"https:\/\/api.w.org\/{rel}","templated":true}]}}

<nav class="fildariane"><a class="fildariane__item" href="https://acampa-vacances.com/it/">Acampa</a><span class="fc-icon"><svg xmlns="http://www.w3.org/2000/svg"  viewBox="0 0 320 512" width="16px" height="16px"><!--! Font Awesome Pro 6.4.2 by @fontawesome - https://fontawesome.com License - https://fontawesome.com/license (Commercial License) Copyright 2023 Fonticons, Inc.--><path d="M267.3 244.7c6.2 6.2 6.2 16.4 0 22.6l-160 160c-6.2 6.2-16.4 6.2-22.6 0s-6.2-16.4 0-22.6L233.4 256 84.7 107.3c-6.2-6.2-6.2-16.4 0-22.6s16.4-6.2 22.6 0l160 160z"/></svg></span><span class="fildariane__item">Trascorri le vacanze di Ognissanti con la tua famiglia</span></nav><a class="fildariane__item retour" href="https://acampa-vacances.com/it/""><span class="fc-icon"><svg xmlns="http://www.w3.org/2000/svg"  viewBox="0 0 448 512" width="16px" height="16px"><!--! Font Awesome Pro 6.4.2 by @fontawesome - https://fontawesome.com License - https://fontawesome.com/license (Commercial License) Copyright 2023 Fonticons, Inc.--><path d="M7.4 273.4C2.7 268.8 0 262.6 0 256s2.7-12.8 7.4-17.4l176-168c9.6-9.2 24.8-8.8 33.9 .8s8.8 24.8-.8 33.9L83.9 232 424 232c13.3 0 24 10.7 24 24s-10.7 24-24 24L83.9 280 216.6 406.6c9.6 9.2 9.9 24.3 .8 33.9s-24.3 9.9-33.9 .8l-176-168z"/></svg></span>Torna alla pagina iniziale</a>
<h1>Trascorri le vacanze di Ognissanti con la tua famiglia</h1><p>Tra due settimane inizieranno le <strong>vacanze scolastiche di Ognissanti</strong>. Gli alunni potranno approfittare di questo periodo per <strong>riposare</strong> e divertirsi con ogni tipo di <strong>attività</strong>. Anche tu puoi prenderti qualche giorno di riposo per goderti le vacanze con loro. Trascorri qualche giorno nel sud della Francia per ricaricare le batterie.   </p><h2>Escursioni</h2><p>Fai conoscere loro la <strong>Presqu&#8217;île de Giens</strong> con una passeggiata lungo il <strong>sentiero costiero</strong>. Si tratta di un&#8217;area di straordinaria bellezza naturale. Approfitta delle temperature miti della stagione per rendere piacevole la tua spedizione. Scopri le <strong>piccole insenature nascoste</strong> dove potrai rinfrescarti all&#8217;occorrenza e ammira i <strong>magnifici panorami</strong> che questa passeggiata ti offre. Un&#8217;esperienza che farà la gioia di grandi e piccini.    </p><h2>Visita i villaggi circostanti</h2><p>Alcuni dei villaggi circostanti meritano una visita per staccare la spina durante il tuo soggiorno nel sud. Visita il villaggio di Le <strong>Lavandou</strong> o <strong>Bormes-les-Mimosas</strong> per cambiare scenario. È un ottimo modo per staccare la spina e scoprire il Var. La pace e la tranquillità di questo periodo dell&#8217;anno renderanno queste visite ancora più piacevoli. Anche il villaggio di La <strong>Londe-les-Maures</strong> merita una visita per una gita in famiglia.    </p><div class="columns"><div class="columns__item" style="align-self:center;"><h2>Attività di sport acquatici</h2><p>Approfitta della bassa stagione per praticare attività acquatiche come <strong>immersioni</strong>, <strong>windsurf</strong>, <strong>paddle boarding</strong> e <strong>kayak</strong>.  </p><p>Munisciti di una muta per non raffreddarti e il gioco è fatto! Il nostro partner, la scuola di vela <strong>Spinout</strong>, offre <strong>corsi di introduzione al windsurf</strong> e corsi avanzati per i più esperti.   </p><p>Il nostro secondo partner, la scuola subacquea <strong>Divin&#8217;Giens</strong>, offre sia le <strong>prime</strong> <strong>immersioni che i corsi avanzati</strong> e puoi anche superare i tuoi livelli.</p></div><div class="columns__item"><figure style="position:relative;"><picture><source srcset="https://acampa-vacances.com/wp-content/uploads/2024/11/5-300x193-1.jpg.webp" media="(max-width: 210px)"><source srcset="https://acampa-vacances.com/wp-content/uploads/2024/11/5-300x193-1.jpg.webp" media="(max-width: 420px)"><source srcset="https://acampa-vacances.com/wp-content/uploads/2024/11/5-300x193-1.jpg.webp" media="(max-width: 850px)"><source srcset="https://acampa-vacances.com/wp-content/uploads/2024/11/5-300x193-1.jpg.webp" media="(max-width: 1024px)"><source srcset="https://acampa-vacances.com/wp-content/uploads/2024/11/5-300x193-1.jpg.webp" media="(min-width: 1025px)"><img decoding="async" src="https://acampa-vacances.com/wp-content/uploads/2024/11/5-300x193-1.jpg.webp" width="420" height="210" loading="lazy" alt="" title=""></picture><figcaption>Credito fotografico : Altair</figcaption></figure></div></div><p id="https://acampa-vacances.com/international/accueil/">Prenota subito <strong>la tua vacanza</strong> di Ognissanti<a href="https://acampa-vacances.com/de/international/willkommen/" data-type="link" data-id="https://acampa-vacances.com/international/accueil/"> nel nostro campeggio</a> e goditi tutto ciò che il Var ha da offrire.</p>

<p>Trascorri le vacanze di Ognissanti con la tua famiglia Tra due settimane inizieranno le vacanze scolastiche di Ognissanti. Gli alunni potranno approfittare di questo periodo per riposare e divertirsi con ogni tipo di attività. Anche tu puoi prenderti qualche giorno di riposo per goderti le vacanze con loro. Trascorri qualche giorno nel sud della Francia [&hellip;]</p>
