{"id":12856,"date":"2024-11-27T15:00:50","date_gmt":"2024-11-27T14:00:50","guid":{"rendered":"https:\/\/acampa-vacances.com\/hiver-automne\/un-automne-sur-la-presquile-de-giens\/"},"modified":"2025-01-29T09:17:09","modified_gmt":"2025-01-29T08:17:09","slug":"un-autunno-sul-giens-presquile","status":"publish","type":"hiver-automne","link":"https:\/\/acampa-vacances.com\/it\/inverno-autunno\/un-autunno-sul-giens-presquile\/","title":{"rendered":"Autunno sulla penisola di Giens"},"content":{"rendered":"<nav class=\"fildariane\"><a class=\"fildariane__item\" href=\"https:\/\/acampa-vacances.com\/it\/\">Acampa<\/a><span class=\"fc-icon\"><svg xmlns=\"http:\/\/www.w3.org\/2000\/svg\"  viewBox=\"0 0 320 512\" width=\"16px\" height=\"16px\"><!--! Font Awesome Pro 6.4.2 by @fontawesome - https:\/\/fontawesome.com License - https:\/\/fontawesome.com\/license (Commercial License) Copyright 2023 Fonticons, Inc.--><path d=\"M267.3 244.7c6.2 6.2 6.2 16.4 0 22.6l-160 160c-6.2 6.2-16.4 6.2-22.6 0s-6.2-16.4 0-22.6L233.4 256 84.7 107.3c-6.2-6.2-6.2-16.4 0-22.6s16.4-6.2 22.6 0l160 160z\"\/><\/svg><\/span><span class=\"fildariane__item\">Autunno sulla penisola di Giens<\/span><\/nav><a class=\"fildariane__item retour\" href=\"https:\/\/acampa-vacances.com\/it\/\"\"><span class=\"fc-icon\"><svg xmlns=\"http:\/\/www.w3.org\/2000\/svg\"  viewBox=\"0 0 448 512\" width=\"16px\" height=\"16px\"><!--! Font Awesome Pro 6.4.2 by @fontawesome - https:\/\/fontawesome.com License - https:\/\/fontawesome.com\/license (Commercial License) Copyright 2023 Fonticons, Inc.--><path d=\"M7.4 273.4C2.7 268.8 0 262.6 0 256s2.7-12.8 7.4-17.4l176-168c9.6-9.2 24.8-8.8 33.9 .8s8.8 24.8-.8 33.9L83.9 232 424 232c13.3 0 24 10.7 24 24s-10.7 24-24 24L83.9 280 216.6 406.6c9.6 9.2 9.9 24.3 .8 33.9s-24.3 9.9-33.9 .8l-176-168z\"\/><\/svg><\/span>Torna alla pagina iniziale<\/a>\n<h1>Autunno sulla penisola di Giens<\/h1><p>L&#8217;autunno \u00e8 arrivato lentamente ma inesorabilmente sulla costa. Le giornate si stanno accorciando, ma sono ancora relativamente calde. <\/p><p>Con l&#8217;arrivo della stagione potrai continuare a praticare un&#8217;ampia gamma di attivit\u00e0 e scoprire la costa di Hyeres in un modo completamente nuovo. La <strong>Presqu<\/strong> &#8216;\u00eele \u00e8 ricca di cose da fare e da vedere, per grandi e piccini, per gli iperattivi e per i pi\u00f9 rilassati. <\/p><div class=\"columns\"><div class=\"columns__item\" style=\"align-self:center;\"><h2>Una passeggiata per ammirare i luoghi.<\/h2><p>In questo periodo dell&#8217;anno, la<strong> Presqu&#8217;\u00eele<\/strong> si svuota di visitatori ed \u00e8 chiaramente pi\u00f9 piacevole da visitare. Il camminatore che \u00e8 in te apprezzer\u00e0 il sentiero costiero. Insenature e spiagge a perdita d&#8217;occhio, isole poco distanti dalla costa, angoli ombreggiati per riposare e godersi il paesaggio riposante.    <\/p><p>\u00c8 il modo perfetto per ricaricare le batterie nel clima mite del bacino di Hyeres. Questo percorso ad anello, che richiede solo poche ore, ti stupir\u00e0 per la sua ricca bellezza naturale. Per iniziare, devi partire da La Madrague e seguire tutta la costa, passando per la Pointe des Chevaliers, Pain de Sucre e Port Niel.    <\/p><p>Fuggi al suono del cinguettio degli uccelli, dello sciabordio delle onde e della leggera sensazione di calore sulla pelle. L&#8217;autunno, con il suo complesso mix di morbidezza, freschezza e calore, \u00e8 la stagione perfetta per le escursioni. <\/p><\/div><div class=\"columns__item\"><figure><picture><source srcset=\"https:\/\/acampa-vacances.com\/wp-content\/uploads\/2024\/11\/AdobeStock_242166938-420x420.jpeg.webp\" media=\"(max-width: 210px)\"><source srcset=\"https:\/\/acampa-vacances.com\/wp-content\/uploads\/2024\/11\/AdobeStock_242166938-850x567.jpeg.webp\" media=\"(max-width: 420px)\"><source srcset=\"https:\/\/acampa-vacances.com\/wp-content\/uploads\/2024\/11\/AdobeStock_242166938-768x512.jpeg.webp\" media=\"(max-width: 850px)\"><source srcset=\"https:\/\/acampa-vacances.com\/wp-content\/uploads\/2024\/11\/AdobeStock_242166938-1024x683.jpeg.webp\" media=\"(max-width: 1024px)\"><source srcset=\"https:\/\/acampa-vacances.com\/wp-content\/uploads\/2024\/11\/AdobeStock_242166938-scaled.jpeg.webp\" media=\"(min-width: 1025px)\"><img decoding=\"async\" src=\"https:\/\/acampa-vacances.com\/wp-content\/uploads\/2024\/11\/AdobeStock_242166938-420x420.jpeg.webp\" width=\"420\" height=\"210\" alt=\"Hiker woman with trekking sticks climbs steep on mountain trail, focus on boot\" loading=\"lazy\" title=\"\"><\/picture><\/figure><\/div><\/div><div class=\"columns\"><div class=\"columns__item\"><figure><picture><source srcset=\"https:\/\/acampa-vacances.com\/wp-content\/uploads\/2024\/11\/AdobeStock_901485752-420x420.jpeg.webp\" media=\"(max-width: 210px)\"><source srcset=\"https:\/\/acampa-vacances.com\/wp-content\/uploads\/2024\/11\/AdobeStock_901485752-850x476.jpeg.webp\" media=\"(max-width: 420px)\"><source srcset=\"https:\/\/acampa-vacances.com\/wp-content\/uploads\/2024\/11\/AdobeStock_901485752-768x430.jpeg.webp\" media=\"(max-width: 850px)\"><source srcset=\"https:\/\/acampa-vacances.com\/wp-content\/uploads\/2024\/11\/AdobeStock_901485752-1024x574.jpeg.webp\" media=\"(max-width: 1024px)\"><source srcset=\"https:\/\/acampa-vacances.com\/wp-content\/uploads\/2024\/11\/AdobeStock_901485752-scaled.jpeg.webp\" media=\"(min-width: 1025px)\"><img decoding=\"async\" src=\"https:\/\/acampa-vacances.com\/wp-content\/uploads\/2024\/11\/AdobeStock_901485752-420x420.jpeg.webp\" width=\"420\" height=\"210\" loading=\"lazy\" alt=\"\" title=\"\"><\/picture><\/figure><\/div><div class=\"columns__item\" style=\"align-self:center;\"><h2>Attivit\u00e0 acquatiche per tutti i gusti.<\/h2><p>Il mare offre molte opportunit\u00e0 per svolgere diverse attivit\u00e0. Puoi visitare la costa non solo via terra, ma anche via mare. Puoi avere a disposizione una pagaia o un kayak e partire per qualche ora alla scoperta della costa dall&#8217;altro lato.    <\/p><p id=\"https:\/\/divingiens.fr\/\">Se ti iscrivi a un&#8217;esperienza di immersione al <a href=\"https:\/\/divingiens.fr\/\" data-type=\"link\" data-id=\"https:\/\/divingiens.fr\/\" rel=\"noopener\">Divin&#8217;Giens<\/a>, potrai scoprire una flora e una fauna marina mozzafiato. Il bacino di Hy\u00e8res \u00e8 estremamente ricco e la sua biodiversit\u00e0 ha sempre affascinato i visitatori. Se sei pi\u00f9 sportivo, prova a cimentarti nel kitesurf o nel windsurf con la scuola di vela <a href=\"https:\/\/spinout.fr\/\" data-type=\"link\" data-id=\"https:\/\/spinout.fr\/\" rel=\"noopener\">Spinout<\/a>.  <\/p><p>Nel punto di <strong>Almanarre<\/strong> \u00e8 uno spettacolo mozzafiato! Quando il vento \u00e8 favorevole, puoi assistere a un balletto di vele che va avanti per ore. Non dimenticare il tuo picnic per approfittare al massimo e fare il pieno di vitamina D.  <\/p><\/div><\/div><div class=\"columns\"><div class=\"columns__item\" style=\"align-self:center;\"><h2>La Tour Fondue apre le porte alle \u00celes d&#8217;Or.<\/h2><p>Hai mai visitato l&#8217;isola di <strong>Porquerolles<\/strong>? \u00c8 la pi\u00f9 conosciuta delle Isole d&#8217;Oro. Oggi fa parte del <strong>Parco Nazionale di Port-Cros<\/strong>. Puoi raggiungerla in barca dalla Tour Fondue, nota anche come Batterie du Pradeau, che dal 1991 \u00e8 di propriet\u00e0 del Parc National de Port-Cros.     <\/p><p>L&#8217;isola \u00e8 un sito classificato e offre un&#8217;ampia gamma di attivit\u00e0. Per scoprire l&#8217;isola in modo diverso, ti consigliamo di noleggiare una bicicletta e di seguire i sentieri dedicati. Ci sono numerose calette dove puoi riposare, rinfrescarti e ammirare lo spettacolo infinito. Nonostante la stagione autunnale, l&#8217;acqua non ha perso nulla della sua superba bellezza e il blu turchese \u00e8 incantevole come sempre.   <\/p><p id=\"https:\/\/acampa-vacances.com\/international\/accueil\/\">Non avrai tempo di annoiarti durante il tuo soggiorno sulla <strong>Presqu&#8217;\u00eele de Giens<\/strong>. Al <a href=\"https:\/\/acampa-vacances.com\/it\/international\/benvenuto\/\" data-type=\"link\" data-id=\"https:\/\/acampa-vacances.com\/international\/accueil\/\">Camping International<\/a> ti diamo il benvenuto per tutto l&#8217;autunno in modo che tu possa approfittare di tutte queste attivit\u00e0. <\/p><\/div><div class=\"columns__item\" style=\"align-self:center;\"><figure><picture><source srcset=\"https:\/\/acampa-vacances.com\/wp-content\/uploads\/2024\/11\/AdobeStock_53155401-420x420.jpeg.webp\" media=\"(max-width: 210px)\"><source srcset=\"https:\/\/acampa-vacances.com\/wp-content\/uploads\/2024\/11\/AdobeStock_53155401-850x567.jpeg.webp\" media=\"(max-width: 420px)\"><source srcset=\"https:\/\/acampa-vacances.com\/wp-content\/uploads\/2024\/11\/AdobeStock_53155401-768x512.jpeg.webp\" media=\"(max-width: 850px)\"><source srcset=\"https:\/\/acampa-vacances.com\/wp-content\/uploads\/2024\/11\/AdobeStock_53155401-1024x683.jpeg.webp\" media=\"(max-width: 1024px)\"><source srcset=\"https:\/\/acampa-vacances.com\/wp-content\/uploads\/2024\/11\/AdobeStock_53155401-scaled.jpeg.webp\" media=\"(min-width: 1025px)\"><img decoding=\"async\" src=\"https:\/\/acampa-vacances.com\/wp-content\/uploads\/2024\/11\/AdobeStock_53155401-420x420.jpeg.webp\" width=\"420\" height=\"210\" alt=\"SONY DSC\" loading=\"lazy\" title=\"\"><\/picture><\/figure><\/div><\/div><h3>Altri articoli che ti aiuteranno a prepararti per il tuo soggiorno sulla Presqu&#8217;\u00eele de Giens<\/h3><ul><li><a href=\"https:\/\/acampa-vacances.com\/it\/inverno-autunno\/il-presquile-di-giens-in-inverno\/\" data-type=\"link\" data-id=\"https:\/\/acampa-vacances.com\/hiver-automne\/la-presquile-de-giens-en-hiver\/\">La Presqu&#8217;\u00eele de Giens in inverno<\/a>\n<\/li><li><a href=\"https:\/\/acampa-vacances.com\/it\/inverno-autunno\/indian-lete-on-the-giens-presquile\/\" data-type=\"link\" data-id=\"https:\/\/acampa-vacances.com\/hiver-automne\/lete-indien-sur-la-presquile-de-giens\/\">Estate indiana sulla penisola di Giens<\/a>\n<\/li><\/ul>","protected":false},"excerpt":{"rendered":"<p>Autunno sulla penisola di Giens L&#8217;autunno \u00e8 arrivato lentamente ma inesorabilmente sulla costa. Le giornate si stanno accorciando, ma sono ancora relativamente calde. Con l&#8217;arrivo della stagione potrai continuare a praticare un&#8217;ampia gamma di attivit\u00e0 e scoprire la costa di Hyeres in un modo completamente nuovo. La Presqu &#8216;\u00eele \u00e8 ricca di cose da fare [&hellip;]<\/p>\n","protected":false},"featured_media":3426,"template":"","format":"standard","meta":{"_acf_changed":false,"footnotes":""},"hiver-automne":[139],"acf":[],"_links":{"self":[{"href":"https:\/\/acampa-vacances.com\/it\/wp-json\/wp\/v2\/hiver-automne\/12856"}],"collection":[{"href":"https:\/\/acampa-vacances.com\/it\/wp-json\/wp\/v2\/hiver-automne"}],"about":[{"href":"https:\/\/acampa-vacances.com\/it\/wp-json\/wp\/v2\/types\/hiver-automne"}],"version-history":[{"count":1,"href":"https:\/\/acampa-vacances.com\/it\/wp-json\/wp\/v2\/hiver-automne\/12856\/revisions"}],"predecessor-version":[{"id":12857,"href":"https:\/\/acampa-vacances.com\/it\/wp-json\/wp\/v2\/hiver-automne\/12856\/revisions\/12857"}],"wp:featuredmedia":[{"embeddable":true,"href":"https:\/\/acampa-vacances.com\/it\/wp-json\/wp\/v2\/media\/3426"}],"wp:attachment":[{"href":"https:\/\/acampa-vacances.com\/it\/wp-json\/wp\/v2\/media?parent=12856"}],"wp:term":[{"taxonomy":"hiver-automne","embeddable":true,"href":"https:\/\/acampa-vacances.com\/it\/wp-json\/wp\/v2\/hiver-automne?post=12856"}],"curies":[{"name":"wp","href":"https:\/\/api.w.org\/{rel}","templated":true}]}}

<nav class="fildariane"><a class="fildariane__item" href="https://acampa-vacances.com/it/">Acampa</a><span class="fc-icon"><svg xmlns="http://www.w3.org/2000/svg"  viewBox="0 0 320 512" width="16px" height="16px"><!--! Font Awesome Pro 6.4.2 by @fontawesome - https://fontawesome.com License - https://fontawesome.com/license (Commercial License) Copyright 2023 Fonticons, Inc.--><path d="M267.3 244.7c6.2 6.2 6.2 16.4 0 22.6l-160 160c-6.2 6.2-16.4 6.2-22.6 0s-6.2-16.4 0-22.6L233.4 256 84.7 107.3c-6.2-6.2-6.2-16.4 0-22.6s16.4-6.2 22.6 0l160 160z"/></svg></span><span class="fildariane__item">Autunno sulla penisola di Giens</span></nav><a class="fildariane__item retour" href="https://acampa-vacances.com/it/""><span class="fc-icon"><svg xmlns="http://www.w3.org/2000/svg"  viewBox="0 0 448 512" width="16px" height="16px"><!--! Font Awesome Pro 6.4.2 by @fontawesome - https://fontawesome.com License - https://fontawesome.com/license (Commercial License) Copyright 2023 Fonticons, Inc.--><path d="M7.4 273.4C2.7 268.8 0 262.6 0 256s2.7-12.8 7.4-17.4l176-168c9.6-9.2 24.8-8.8 33.9 .8s8.8 24.8-.8 33.9L83.9 232 424 232c13.3 0 24 10.7 24 24s-10.7 24-24 24L83.9 280 216.6 406.6c9.6 9.2 9.9 24.3 .8 33.9s-24.3 9.9-33.9 .8l-176-168z"/></svg></span>Torna alla pagina iniziale</a>
<h1>Autunno sulla penisola di Giens</h1><p>L&#8217;autunno è arrivato lentamente ma inesorabilmente sulla costa. Le giornate si stanno accorciando, ma sono ancora relativamente calde. </p><p>Con l&#8217;arrivo della stagione potrai continuare a praticare un&#8217;ampia gamma di attività e scoprire la costa di Hyeres in un modo completamente nuovo. La <strong>Presqu</strong> &#8216;île è ricca di cose da fare e da vedere, per grandi e piccini, per gli iperattivi e per i più rilassati. </p><div class="columns"><div class="columns__item" style="align-self:center;"><h2>Una passeggiata per ammirare i luoghi.</h2><p>In questo periodo dell&#8217;anno, la<strong> Presqu&#8217;île</strong> si svuota di visitatori ed è chiaramente più piacevole da visitare. Il camminatore che è in te apprezzerà il sentiero costiero. Insenature e spiagge a perdita d&#8217;occhio, isole poco distanti dalla costa, angoli ombreggiati per riposare e godersi il paesaggio riposante.    </p><p>È il modo perfetto per ricaricare le batterie nel clima mite del bacino di Hyeres. Questo percorso ad anello, che richiede solo poche ore, ti stupirà per la sua ricca bellezza naturale. Per iniziare, devi partire da La Madrague e seguire tutta la costa, passando per la Pointe des Chevaliers, Pain de Sucre e Port Niel.    </p><p>Fuggi al suono del cinguettio degli uccelli, dello sciabordio delle onde e della leggera sensazione di calore sulla pelle. L&#8217;autunno, con il suo complesso mix di morbidezza, freschezza e calore, è la stagione perfetta per le escursioni. </p></div><div class="columns__item"><figure><picture><source srcset="https://acampa-vacances.com/wp-content/uploads/2024/11/AdobeStock_242166938-420x420.jpeg.webp" media="(max-width: 210px)"><source srcset="https://acampa-vacances.com/wp-content/uploads/2024/11/AdobeStock_242166938-850x567.jpeg.webp" media="(max-width: 420px)"><source srcset="https://acampa-vacances.com/wp-content/uploads/2024/11/AdobeStock_242166938-768x512.jpeg.webp" media="(max-width: 850px)"><source srcset="https://acampa-vacances.com/wp-content/uploads/2024/11/AdobeStock_242166938-1024x683.jpeg.webp" media="(max-width: 1024px)"><source srcset="https://acampa-vacances.com/wp-content/uploads/2024/11/AdobeStock_242166938-scaled.jpeg.webp" media="(min-width: 1025px)"><img decoding="async" src="https://acampa-vacances.com/wp-content/uploads/2024/11/AdobeStock_242166938-420x420.jpeg.webp" width="420" height="210" alt="Hiker woman with trekking sticks climbs steep on mountain trail, focus on boot" loading="lazy" title=""></picture></figure></div></div><div class="columns"><div class="columns__item"><figure><picture><source srcset="https://acampa-vacances.com/wp-content/uploads/2024/11/AdobeStock_901485752-420x420.jpeg.webp" media="(max-width: 210px)"><source srcset="https://acampa-vacances.com/wp-content/uploads/2024/11/AdobeStock_901485752-850x476.jpeg.webp" media="(max-width: 420px)"><source srcset="https://acampa-vacances.com/wp-content/uploads/2024/11/AdobeStock_901485752-768x430.jpeg.webp" media="(max-width: 850px)"><source srcset="https://acampa-vacances.com/wp-content/uploads/2024/11/AdobeStock_901485752-1024x574.jpeg.webp" media="(max-width: 1024px)"><source srcset="https://acampa-vacances.com/wp-content/uploads/2024/11/AdobeStock_901485752-scaled.jpeg.webp" media="(min-width: 1025px)"><img decoding="async" src="https://acampa-vacances.com/wp-content/uploads/2024/11/AdobeStock_901485752-420x420.jpeg.webp" width="420" height="210" loading="lazy" alt="" title=""></picture></figure></div><div class="columns__item" style="align-self:center;"><h2>Attività acquatiche per tutti i gusti.</h2><p>Il mare offre molte opportunità per svolgere diverse attività. Puoi visitare la costa non solo via terra, ma anche via mare. Puoi avere a disposizione una pagaia o un kayak e partire per qualche ora alla scoperta della costa dall&#8217;altro lato.    </p><p id="https://divingiens.fr/">Se ti iscrivi a un&#8217;esperienza di immersione al <a href="https://divingiens.fr/" data-type="link" data-id="https://divingiens.fr/" rel="noopener">Divin&#8217;Giens</a>, potrai scoprire una flora e una fauna marina mozzafiato. Il bacino di Hyères è estremamente ricco e la sua biodiversità ha sempre affascinato i visitatori. Se sei più sportivo, prova a cimentarti nel kitesurf o nel windsurf con la scuola di vela <a href="https://spinout.fr/" data-type="link" data-id="https://spinout.fr/" rel="noopener">Spinout</a>.  </p><p>Nel punto di <strong>Almanarre</strong> è uno spettacolo mozzafiato! Quando il vento è favorevole, puoi assistere a un balletto di vele che va avanti per ore. Non dimenticare il tuo picnic per approfittare al massimo e fare il pieno di vitamina D.  </p></div></div><div class="columns"><div class="columns__item" style="align-self:center;"><h2>La Tour Fondue apre le porte alle Îles d&#8217;Or.</h2><p>Hai mai visitato l&#8217;isola di <strong>Porquerolles</strong>? È la più conosciuta delle Isole d&#8217;Oro. Oggi fa parte del <strong>Parco Nazionale di Port-Cros</strong>. Puoi raggiungerla in barca dalla Tour Fondue, nota anche come Batterie du Pradeau, che dal 1991 è di proprietà del Parc National de Port-Cros.     </p><p>L&#8217;isola è un sito classificato e offre un&#8217;ampia gamma di attività. Per scoprire l&#8217;isola in modo diverso, ti consigliamo di noleggiare una bicicletta e di seguire i sentieri dedicati. Ci sono numerose calette dove puoi riposare, rinfrescarti e ammirare lo spettacolo infinito. Nonostante la stagione autunnale, l&#8217;acqua non ha perso nulla della sua superba bellezza e il blu turchese è incantevole come sempre.   </p><p id="https://acampa-vacances.com/international/accueil/">Non avrai tempo di annoiarti durante il tuo soggiorno sulla <strong>Presqu&#8217;île de Giens</strong>. Al <a href="https://acampa-vacances.com/it/international/benvenuto/" data-type="link" data-id="https://acampa-vacances.com/international/accueil/">Camping International</a> ti diamo il benvenuto per tutto l&#8217;autunno in modo che tu possa approfittare di tutte queste attività. </p></div><div class="columns__item" style="align-self:center;"><figure><picture><source srcset="https://acampa-vacances.com/wp-content/uploads/2024/11/AdobeStock_53155401-420x420.jpeg.webp" media="(max-width: 210px)"><source srcset="https://acampa-vacances.com/wp-content/uploads/2024/11/AdobeStock_53155401-850x567.jpeg.webp" media="(max-width: 420px)"><source srcset="https://acampa-vacances.com/wp-content/uploads/2024/11/AdobeStock_53155401-768x512.jpeg.webp" media="(max-width: 850px)"><source srcset="https://acampa-vacances.com/wp-content/uploads/2024/11/AdobeStock_53155401-1024x683.jpeg.webp" media="(max-width: 1024px)"><source srcset="https://acampa-vacances.com/wp-content/uploads/2024/11/AdobeStock_53155401-scaled.jpeg.webp" media="(min-width: 1025px)"><img decoding="async" src="https://acampa-vacances.com/wp-content/uploads/2024/11/AdobeStock_53155401-420x420.jpeg.webp" width="420" height="210" alt="SONY DSC" loading="lazy" title=""></picture></figure></div></div><h3>Altri articoli che ti aiuteranno a prepararti per il tuo soggiorno sulla Presqu&#8217;île de Giens</h3><ul><li><a href="https://acampa-vacances.com/it/inverno-autunno/il-presquile-di-giens-in-inverno/" data-type="link" data-id="https://acampa-vacances.com/hiver-automne/la-presquile-de-giens-en-hiver/">La Presqu&#8217;île de Giens in inverno</a>
</li><li><a href="https://acampa-vacances.com/it/inverno-autunno/indian-lete-on-the-giens-presquile/" data-type="link" data-id="https://acampa-vacances.com/hiver-automne/lete-indien-sur-la-presquile-de-giens/">Estate indiana sulla penisola di Giens</a>
</li></ul>

<p>Autunno sulla penisola di Giens L&#8217;autunno è arrivato lentamente ma inesorabilmente sulla costa. Le giornate si stanno accorciando, ma sono ancora relativamente calde. Con l&#8217;arrivo della stagione potrai continuare a praticare un&#8217;ampia gamma di attività e scoprire la costa di Hyeres in un modo completamente nuovo. La Presqu &#8216;île è ricca di cose da fare [&hellip;]</p>
