{"id":12279,"date":"2024-11-27T11:42:27","date_gmt":"2024-11-27T10:42:27","guid":{"rendered":"https:\/\/acampa-vacances.com\/blog-sejour-hyeres\/infos-pratiques\/"},"modified":"2025-01-28T09:52:57","modified_gmt":"2025-01-28T08:52:57","slug":"informazioni-pratiche","status":"publish","type":"page","link":"https:\/\/acampa-vacances.com\/it\/blog-sejour-hyeres\/informazioni-pratiche\/","title":{"rendered":"Informazioni pratiche"},"content":{"rendered":"<nav class=\"fildariane\"><a class=\"fildariane__item\" href=\"https:\/\/acampa-vacances.com\/it\/\">Acampa<\/a><span class=\"fc-icon\"><svg xmlns=\"http:\/\/www.w3.org\/2000\/svg\"  viewBox=\"0 0 320 512\" width=\"16px\" height=\"16px\"><!--! Font Awesome Pro 6.4.2 by @fontawesome - https:\/\/fontawesome.com License - https:\/\/fontawesome.com\/license (Commercial License) Copyright 2023 Fonticons, Inc.--><path d=\"M267.3 244.7c6.2 6.2 6.2 16.4 0 22.6l-160 160c-6.2 6.2-16.4 6.2-22.6 0s-6.2-16.4 0-22.6L233.4 256 84.7 107.3c-6.2-6.2-6.2-16.4 0-22.6s16.4-6.2 22.6 0l160 160z\"\/><\/svg><\/span><a class=\"fildariane__item\" href=\"https:\/\/acampa-vacances.com\/it\/blog-sejour-hyeres\/\">Blog<\/a><span class=\"fc-icon\"><svg xmlns=\"http:\/\/www.w3.org\/2000\/svg\"  viewBox=\"0 0 320 512\" width=\"16px\" height=\"16px\"><!--! Font Awesome Pro 6.4.2 by @fontawesome - https:\/\/fontawesome.com License - https:\/\/fontawesome.com\/license (Commercial License) Copyright 2023 Fonticons, Inc.--><path d=\"M267.3 244.7c6.2 6.2 6.2 16.4 0 22.6l-160 160c-6.2 6.2-16.4 6.2-22.6 0s-6.2-16.4 0-22.6L233.4 256 84.7 107.3c-6.2-6.2-6.2-16.4 0-22.6s16.4-6.2 22.6 0l160 160z\"\/><\/svg><\/span><span class=\"fildariane__item\">Informazioni pratiche<\/span><\/nav><a class=\"fildariane__item retour\" href=\"https:\/\/acampa-vacances.com\/it\/\"\"><span class=\"fc-icon\"><svg xmlns=\"http:\/\/www.w3.org\/2000\/svg\"  viewBox=\"0 0 448 512\" width=\"16px\" height=\"16px\"><!--! Font Awesome Pro 6.4.2 by @fontawesome - https:\/\/fontawesome.com License - https:\/\/fontawesome.com\/license (Commercial License) Copyright 2023 Fonticons, Inc.--><path d=\"M7.4 273.4C2.7 268.8 0 262.6 0 256s2.7-12.8 7.4-17.4l176-168c9.6-9.2 24.8-8.8 33.9 .8s8.8 24.8-.8 33.9L83.9 232 424 232c13.3 0 24 10.7 24 24s-10.7 24-24 24L83.9 280 216.6 406.6c9.6 9.2 9.9 24.3 .8 33.9s-24.3 9.9-33.9 .8l-176-168z\"\/><\/svg><\/span>Torna alla pagina iniziale<\/a>\n\n\n    <div class=\"columns nbr-col-3 listed__post\">\r\n\r\n        \r\n            <div class=\"columns__item post__item listed__post__item currentPage\" >\r\n                <div class=\"gallery\">\r\n                    <figure class=\"gallery__item\">\r\n                        <picture>\r\n                            <source srcset=\"https:\/\/acampa-vacances.com\/wp-content\/uploads\/2024\/11\/darboussieres_1575x1050_hyeres_tourisme-300x200-2.jpg.webp\" media=\"(max-width: 210px)\">\r\n                            <source srcset=\"https:\/\/acampa-vacances.com\/wp-content\/uploads\/2024\/11\/darboussieres_1575x1050_hyeres_tourisme-300x200-2.jpg.webp\" media=\"(max-width: 420px)\">\r\n                            <source srcset=\"https:\/\/acampa-vacances.com\/wp-content\/uploads\/2024\/11\/darboussieres_1575x1050_hyeres_tourisme-300x200-2.jpg.webp\" media=\"(max-width: 850px)\">\r\n                            <source srcset=\"https:\/\/acampa-vacances.com\/wp-content\/uploads\/2024\/11\/darboussieres_1575x1050_hyeres_tourisme-300x200-2.jpg.webp\" media=\"(max-width: 1024px)\">\r\n                            <source srcset=\"https:\/\/acampa-vacances.com\/wp-content\/uploads\/2024\/11\/darboussieres_1575x1050_hyeres_tourisme-300x200-2.jpg.webp\" media=\"(min-width: 1025px)\">\r\n\r\n                            <img loading=\"lazy\" decoding=\"async\" src=\"https:\/\/acampa-vacances.com\/wp-content\/uploads\/2024\/11\/darboussieres_1575x1050_hyeres_tourisme-300x200-2.jpg.webp\" width=\"420\" height=\"210\" alt=\"\" title=\"\">\r\n                        <\/picture>\r\n                    <\/figure>\r\n                <\/div>\r\n                <div class=\"group texte\">\r\n                    \r\n                    <p class=\"h3\">Come si arriva alla Presqu&#8217;\u00eele de Giens?<\/p>\r\n                    <p class=\"post__item__description\">\r\n                                                Come arrivare alla Presqu&#8217;\u00eele de Giens A seconda della tua provenienza, puoi raggiungere la Presqu&#8217;\u00eele de Giens in diversi modi. In questo modo [&#8230;]                    <\/p>\r\n\r\n                    <div class=\"buttons\">\r\n                        <a href=\"https:\/\/acampa-vacances.com\/it\/blog\/come-arrivare-al-giens-presquile\/\" class=\"buttons__btn\">Scoprire<\/a>\r\n                    <\/div>\r\n                <\/div>\r\n            <\/div>\r\n\r\n        \r\n            <div class=\"columns__item post__item listed__post__item currentPage\" >\r\n                <div class=\"gallery\">\r\n                    <figure class=\"gallery__item\">\r\n                        <picture>\r\n                            <source srcset=\"https:\/\/acampa-vacances.com\/wp-content\/uploads\/2024\/11\/mh-1.jpg.webp\" media=\"(max-width: 210px)\">\r\n                            <source srcset=\"https:\/\/acampa-vacances.com\/wp-content\/uploads\/2024\/11\/mh-1.jpg.webp\" media=\"(max-width: 420px)\">\r\n                            <source srcset=\"https:\/\/acampa-vacances.com\/wp-content\/uploads\/2024\/11\/mh-1.jpg.webp\" media=\"(max-width: 850px)\">\r\n                            <source srcset=\"https:\/\/acampa-vacances.com\/wp-content\/uploads\/2024\/11\/mh-1.jpg.webp\" media=\"(max-width: 1024px)\">\r\n                            <source srcset=\"https:\/\/acampa-vacances.com\/wp-content\/uploads\/2024\/11\/mh-1.jpg.webp\" media=\"(min-width: 1025px)\">\r\n\r\n                            <img loading=\"lazy\" decoding=\"async\" src=\"https:\/\/acampa-vacances.com\/wp-content\/uploads\/2024\/11\/mh-1.jpg.webp\" width=\"420\" height=\"210\" alt=\"\" title=\"\">\r\n                        <\/picture>\r\n                    <\/figure>\r\n                <\/div>\r\n                <div class=\"group texte\">\r\n                    \r\n                    <p class=\"h3\">Campeggio Presqu&#8217;\u00eele de Giens<\/p>\r\n                    <p class=\"post__item__description\">\r\n                                                Campeggio Presqu&#8217;\u00eele de Giens Le tue vacanze nel campeggio 3 stelle della Presqu&#8217;\u00eele de Giens Vuoi ricaricare le batterie in un luogo che unisce [&#8230;]                    <\/p>\r\n\r\n                    <div class=\"buttons\">\r\n                        <a href=\"https:\/\/acampa-vacances.com\/it\/blog\/campeggio-presqu-ile-giens\/\" class=\"buttons__btn\">Scoprire<\/a>\r\n                    <\/div>\r\n                <\/div>\r\n            <\/div>\r\n\r\n        \r\n            <div class=\"columns__item post__item listed__post__item currentPage\" >\r\n                <div class=\"gallery\">\r\n                    <figure class=\"gallery__item\">\r\n                        <picture>\r\n                            <source srcset=\"https:\/\/acampa-vacances.com\/wp-content\/uploads\/2024\/11\/3w5a1950bis-1024x702-2-420x420.jpg.webp\" media=\"(max-width: 210px)\">\r\n                            <source srcset=\"https:\/\/acampa-vacances.com\/wp-content\/uploads\/2024\/11\/3w5a1950bis-1024x702-2-850x583.jpg.webp\" media=\"(max-width: 420px)\">\r\n                            <source srcset=\"https:\/\/acampa-vacances.com\/wp-content\/uploads\/2024\/11\/3w5a1950bis-1024x702-2-768x527.jpg.webp\" media=\"(max-width: 850px)\">\r\n                            <source srcset=\"https:\/\/acampa-vacances.com\/wp-content\/uploads\/2024\/11\/3w5a1950bis-1024x702-2.jpg.webp\" media=\"(max-width: 1024px)\">\r\n                            <source srcset=\"https:\/\/acampa-vacances.com\/wp-content\/uploads\/2024\/11\/3w5a1950bis-1024x702-2.jpg.webp\" media=\"(min-width: 1025px)\">\r\n\r\n                            <img loading=\"lazy\" decoding=\"async\" src=\"https:\/\/acampa-vacances.com\/wp-content\/uploads\/2024\/11\/3w5a1950bis-1024x702-2-420x420.jpg.webp\" width=\"420\" height=\"210\" alt=\"\" title=\"\">\r\n                        <\/picture>\r\n                    <\/figure>\r\n                <\/div>\r\n                <div class=\"group texte\">\r\n                    \r\n                    <p class=\"h3\">Affitti vacanze sulla Presqu&#8217;\u00eele<\/p>\r\n                    <p class=\"post__item__description\">\r\n                                                La tua location vacanze a Giens per una vacanza indimenticabile Desideri evadere tra mare e natura? Scegli una location vacanze a Giens e vivi un [&#8230;]                    <\/p>\r\n\r\n                    <div class=\"buttons\">\r\n                        <a href=\"https:\/\/acampa-vacances.com\/it\/blog\/case-vacanze-sul-giens-presquile-in-le-var\/\" class=\"buttons__btn\">Scoprire<\/a>\r\n                    <\/div>\r\n                <\/div>\r\n            <\/div>\r\n\r\n        \r\n            <div class=\"columns__item post__item listed__post__item currentPage\" >\r\n                <div class=\"gallery\">\r\n                    <figure class=\"gallery__item\">\r\n                        <picture>\r\n                            <source srcset=\"https:\/\/acampa-vacances.com\/wp-content\/uploads\/2026\/04\/marche-carqueiranne-420x420.webp\" media=\"(max-width: 210px)\">\r\n                            <source srcset=\"https:\/\/acampa-vacances.com\/wp-content\/uploads\/2026\/04\/marche-carqueiranne-850x567.webp\" media=\"(max-width: 420px)\">\r\n                            <source srcset=\"https:\/\/acampa-vacances.com\/wp-content\/uploads\/2026\/04\/marche-carqueiranne-768x512.webp\" media=\"(max-width: 850px)\">\r\n                            <source srcset=\"https:\/\/acampa-vacances.com\/wp-content\/uploads\/2026\/04\/marche-carqueiranne.webp\" media=\"(max-width: 1024px)\">\r\n                            <source srcset=\"https:\/\/acampa-vacances.com\/wp-content\/uploads\/2026\/04\/marche-carqueiranne.webp\" media=\"(min-width: 1025px)\">\r\n\r\n                            <img loading=\"lazy\" decoding=\"async\" src=\"https:\/\/acampa-vacances.com\/wp-content\/uploads\/2026\/04\/marche-carqueiranne-420x420.webp\" width=\"420\" height=\"210\" alt=\"\" title=\"\">\r\n                        <\/picture>\r\n                    <\/figure>\r\n                <\/div>\r\n                <div class=\"group texte\">\r\n                    \r\n                    <p class=\"h3\">I mercati pi\u00f9 belli del Var<\/p>\r\n                    <p class=\"post__item__description\">\r\n                                                I mercati pi\u00f9 belli del Var I mercati della Provenza sono un invito al piacere degli occhi, degli odori e dei sapori: vieni a scoprire la nostra [&#8230;]                    <\/p>\r\n\r\n                    <div class=\"buttons\">\r\n                        <a href=\"https:\/\/acampa-vacances.com\/it\/blog\/le-piu-belle-marches-du-var\/\" class=\"buttons__btn\">Scoprire<\/a>\r\n                    <\/div>\r\n                <\/div>\r\n            <\/div>\r\n\r\n        \r\n            <div class=\"columns__item post__item listed__post__item currentPage\" >\r\n                <div class=\"gallery\">\r\n                    <figure class=\"gallery__item\">\r\n                        <picture>\r\n                            <source srcset=\"https:\/\/acampa-vacances.com\/wp-content\/uploads\/2024\/12\/plage.jpg.webp\" media=\"(max-width: 210px)\">\r\n                            <source srcset=\"https:\/\/acampa-vacances.com\/wp-content\/uploads\/2024\/12\/plage.jpg.webp\" media=\"(max-width: 420px)\">\r\n                            <source srcset=\"https:\/\/acampa-vacances.com\/wp-content\/uploads\/2024\/12\/plage.jpg.webp\" media=\"(max-width: 850px)\">\r\n                            <source srcset=\"https:\/\/acampa-vacances.com\/wp-content\/uploads\/2024\/12\/plage.jpg.webp\" media=\"(max-width: 1024px)\">\r\n                            <source srcset=\"https:\/\/acampa-vacances.com\/wp-content\/uploads\/2024\/12\/plage.jpg.webp\" media=\"(min-width: 1025px)\">\r\n\r\n                            <img loading=\"lazy\" decoding=\"async\" src=\"https:\/\/acampa-vacances.com\/wp-content\/uploads\/2024\/12\/plage.jpg.webp\" width=\"420\" height=\"210\" alt=\"\" title=\"\">\r\n                        <\/picture>\r\n                    <\/figure>\r\n                <\/div>\r\n                <div class=\"group texte\">\r\n                    \r\n                    <p class=\"h3\">Il clima della Presqu&#8217;\u00eele de Giens<\/p>\r\n                    <p class=\"post__item__description\">\r\n                                                Il clima della Presqu&#8217;\u00eele de Giens Crediti fotografici: Hy\u00e8res-Tourisme La penisola di Giens \u00c8 caratterizzata da due tipi di clima mediterraneo. A [&#8230;]                    <\/p>\r\n\r\n                    <div class=\"buttons\">\r\n                        <a href=\"https:\/\/acampa-vacances.com\/it\/blog\/il-clima-del-giens-presquile\/\" class=\"buttons__btn\">Scoprire<\/a>\r\n                    <\/div>\r\n                <\/div>\r\n            <\/div>\r\n\r\n        \r\n    <\/div>\r\n\r\n    <div class=\"buttons display-flex \" style=\"justify-content:center;\"><span class=\"buttons__btn listed__post__plus button-hide\">Vedi altri articoli<span class=\"fc-icon\"><svg xmlns=\"http:\/\/www.w3.org\/2000\/svg\"  viewBox=\"0 0 448 512\" width=\"16px\" height=\"16px\"><!--! Font Awesome Pro 6.4.2 by @fontawesome - https:\/\/fontawesome.com License - https:\/\/fontawesome.com\/license (Commercial License) Copyright 2023 Fonticons, Inc.--><path d=\"M256 80c0-17.7-14.3-32-32-32s-32 14.3-32 32V224H48c-17.7 0-32 14.3-32 32s14.3 32 32 32H192V432c0 17.7 14.3 32 32 32s32-14.3 32-32V288H400c17.7 0 32-14.3 32-32s-14.3-32-32-32H256V80z\"\/><\/svg><\/span><\/span><\/div>","protected":false},"excerpt":{"rendered":"","protected":false},"author":1,"featured_media":0,"parent":12239,"menu_order":0,"comment_status":"closed","ping_status":"closed","template":"","meta":{"_acf_changed":false,"footnotes":""},"acf":[],"_links":{"self":[{"href":"https:\/\/acampa-vacances.com\/it\/wp-json\/wp\/v2\/pages\/12279"}],"collection":[{"href":"https:\/\/acampa-vacances.com\/it\/wp-json\/wp\/v2\/pages"}],"about":[{"href":"https:\/\/acampa-vacances.com\/it\/wp-json\/wp\/v2\/types\/page"}],"author":[{"embeddable":true,"href":"https:\/\/acampa-vacances.com\/it\/wp-json\/wp\/v2\/users\/1"}],"replies":[{"embeddable":true,"href":"https:\/\/acampa-vacances.com\/it\/wp-json\/wp\/v2\/comments?post=12279"}],"version-history":[{"count":1,"href":"https:\/\/acampa-vacances.com\/it\/wp-json\/wp\/v2\/pages\/12279\/revisions"}],"predecessor-version":[{"id":12280,"href":"https:\/\/acampa-vacances.com\/it\/wp-json\/wp\/v2\/pages\/12279\/revisions\/12280"}],"up":[{"embeddable":true,"href":"https:\/\/acampa-vacances.com\/it\/wp-json\/wp\/v2\/pages\/12239"}],"wp:attachment":[{"href":"https:\/\/acampa-vacances.com\/it\/wp-json\/wp\/v2\/media?parent=12279"}],"curies":[{"name":"wp","href":"https:\/\/api.w.org\/{rel}","templated":true}]}}

<nav class="fildariane"><a class="fildariane__item" href="https://acampa-vacances.com/it/">Acampa</a><span class="fc-icon"><svg xmlns="http://www.w3.org/2000/svg"  viewBox="0 0 320 512" width="16px" height="16px"><!--! Font Awesome Pro 6.4.2 by @fontawesome - https://fontawesome.com License - https://fontawesome.com/license (Commercial License) Copyright 2023 Fonticons, Inc.--><path d="M267.3 244.7c6.2 6.2 6.2 16.4 0 22.6l-160 160c-6.2 6.2-16.4 6.2-22.6 0s-6.2-16.4 0-22.6L233.4 256 84.7 107.3c-6.2-6.2-6.2-16.4 0-22.6s16.4-6.2 22.6 0l160 160z"/></svg></span><a class="fildariane__item" href="https://acampa-vacances.com/it/blog-sejour-hyeres/">Blog</a><span class="fc-icon"><svg xmlns="http://www.w3.org/2000/svg"  viewBox="0 0 320 512" width="16px" height="16px"><!--! Font Awesome Pro 6.4.2 by @fontawesome - https://fontawesome.com License - https://fontawesome.com/license (Commercial License) Copyright 2023 Fonticons, Inc.--><path d="M267.3 244.7c6.2 6.2 6.2 16.4 0 22.6l-160 160c-6.2 6.2-16.4 6.2-22.6 0s-6.2-16.4 0-22.6L233.4 256 84.7 107.3c-6.2-6.2-6.2-16.4 0-22.6s16.4-6.2 22.6 0l160 160z"/></svg></span><span class="fildariane__item">Informazioni pratiche</span></nav><a class="fildariane__item retour" href="https://acampa-vacances.com/it/""><span class="fc-icon"><svg xmlns="http://www.w3.org/2000/svg"  viewBox="0 0 448 512" width="16px" height="16px"><!--! Font Awesome Pro 6.4.2 by @fontawesome - https://fontawesome.com License - https://fontawesome.com/license (Commercial License) Copyright 2023 Fonticons, Inc.--><path d="M7.4 273.4C2.7 268.8 0 262.6 0 256s2.7-12.8 7.4-17.4l176-168c9.6-9.2 24.8-8.8 33.9 .8s8.8 24.8-.8 33.9L83.9 232 424 232c13.3 0 24 10.7 24 24s-10.7 24-24 24L83.9 280 216.6 406.6c9.6 9.2 9.9 24.3 .8 33.9s-24.3 9.9-33.9 .8l-176-168z"/></svg></span>Torna alla pagina iniziale</a>


    <div class="columns nbr-col-3 listed__post">

        
            <div class="columns__item post__item listed__post__item currentPage" >
                <div class="gallery">
                    <figure class="gallery__item">
                        <picture>
                            <source srcset="https://acampa-vacances.com/wp-content/uploads/2024/11/darboussieres_1575x1050_hyeres_tourisme-300x200-2.jpg.webp" media="(max-width: 210px)">
                            <source srcset="https://acampa-vacances.com/wp-content/uploads/2024/11/darboussieres_1575x1050_hyeres_tourisme-300x200-2.jpg.webp" media="(max-width: 420px)">
                            <source srcset="https://acampa-vacances.com/wp-content/uploads/2024/11/darboussieres_1575x1050_hyeres_tourisme-300x200-2.jpg.webp" media="(max-width: 850px)">
                            <source srcset="https://acampa-vacances.com/wp-content/uploads/2024/11/darboussieres_1575x1050_hyeres_tourisme-300x200-2.jpg.webp" media="(max-width: 1024px)">
                            <source srcset="https://acampa-vacances.com/wp-content/uploads/2024/11/darboussieres_1575x1050_hyeres_tourisme-300x200-2.jpg.webp" media="(min-width: 1025px)">

                            <img loading="lazy" decoding="async" src="https://acampa-vacances.com/wp-content/uploads/2024/11/darboussieres_1575x1050_hyeres_tourisme-300x200-2.jpg.webp" width="420" height="210" alt="" title="">
                        </picture>
                    </figure>
                </div>
                <div class="group texte">
                    
                    <p class="h3">Come si arriva alla Presqu&#8217;île de Giens?</p>
                    <p class="post__item__description">
                                                Come arrivare alla Presqu&#8217;île de Giens A seconda della tua provenienza, puoi raggiungere la Presqu&#8217;île de Giens in diversi modi. In questo modo [&#8230;]                    </p>

                    <div class="buttons">
                        <a href="https://acampa-vacances.com/it/blog/come-arrivare-al-giens-presquile/" class="buttons__btn">Scoprire</a>
                    </div>
                </div>
            </div>

        
            <div class="columns__item post__item listed__post__item currentPage" >
                <div class="gallery">
                    <figure class="gallery__item">
                        <picture>
                            <source srcset="https://acampa-vacances.com/wp-content/uploads/2024/11/mh-1.jpg.webp" media="(max-width: 210px)">
                            <source srcset="https://acampa-vacances.com/wp-content/uploads/2024/11/mh-1.jpg.webp" media="(max-width: 420px)">
                            <source srcset="https://acampa-vacances.com/wp-content/uploads/2024/11/mh-1.jpg.webp" media="(max-width: 850px)">
                            <source srcset="https://acampa-vacances.com/wp-content/uploads/2024/11/mh-1.jpg.webp" media="(max-width: 1024px)">
                            <source srcset="https://acampa-vacances.com/wp-content/uploads/2024/11/mh-1.jpg.webp" media="(min-width: 1025px)">

                            <img loading="lazy" decoding="async" src="https://acampa-vacances.com/wp-content/uploads/2024/11/mh-1.jpg.webp" width="420" height="210" alt="" title="">
                        </picture>
                    </figure>
                </div>
                <div class="group texte">
                    
                    <p class="h3">Campeggio Presqu&#8217;île de Giens</p>
                    <p class="post__item__description">
                                                Campeggio Presqu&#8217;île de Giens Le tue vacanze nel campeggio 3 stelle della Presqu&#8217;île de Giens Vuoi ricaricare le batterie in un luogo che unisce [&#8230;]                    </p>

                    <div class="buttons">
                        <a href="https://acampa-vacances.com/it/blog/campeggio-presqu-ile-giens/" class="buttons__btn">Scoprire</a>
                    </div>
                </div>
            </div>

        
            <div class="columns__item post__item listed__post__item currentPage" >
                <div class="gallery">
                    <figure class="gallery__item">
                        <picture>
                            <source srcset="https://acampa-vacances.com/wp-content/uploads/2024/11/3w5a1950bis-1024x702-2-420x420.jpg.webp" media="(max-width: 210px)">
                            <source srcset="https://acampa-vacances.com/wp-content/uploads/2024/11/3w5a1950bis-1024x702-2-850x583.jpg.webp" media="(max-width: 420px)">
                            <source srcset="https://acampa-vacances.com/wp-content/uploads/2024/11/3w5a1950bis-1024x702-2-768x527.jpg.webp" media="(max-width: 850px)">
                            <source srcset="https://acampa-vacances.com/wp-content/uploads/2024/11/3w5a1950bis-1024x702-2.jpg.webp" media="(max-width: 1024px)">
                            <source srcset="https://acampa-vacances.com/wp-content/uploads/2024/11/3w5a1950bis-1024x702-2.jpg.webp" media="(min-width: 1025px)">

                            <img loading="lazy" decoding="async" src="https://acampa-vacances.com/wp-content/uploads/2024/11/3w5a1950bis-1024x702-2-420x420.jpg.webp" width="420" height="210" alt="" title="">
                        </picture>
                    </figure>
                </div>
                <div class="group texte">
                    
                    <p class="h3">Affitti vacanze sulla Presqu&#8217;île</p>
                    <p class="post__item__description">
                                                La tua location vacanze a Giens per una vacanza indimenticabile Desideri evadere tra mare e natura? Scegli una location vacanze a Giens e vivi un [&#8230;]                    </p>

                    <div class="buttons">
                        <a href="https://acampa-vacances.com/it/blog/case-vacanze-sul-giens-presquile-in-le-var/" class="buttons__btn">Scoprire</a>
                    </div>
                </div>
            </div>

        
            <div class="columns__item post__item listed__post__item currentPage" >
                <div class="gallery">
                    <figure class="gallery__item">
                        <picture>
                            <source srcset="https://acampa-vacances.com/wp-content/uploads/2026/04/marche-carqueiranne-420x420.webp" media="(max-width: 210px)">
                            <source srcset="https://acampa-vacances.com/wp-content/uploads/2026/04/marche-carqueiranne-850x567.webp" media="(max-width: 420px)">
                            <source srcset="https://acampa-vacances.com/wp-content/uploads/2026/04/marche-carqueiranne-768x512.webp" media="(max-width: 850px)">
                            <source srcset="https://acampa-vacances.com/wp-content/uploads/2026/04/marche-carqueiranne.webp" media="(max-width: 1024px)">
                            <source srcset="https://acampa-vacances.com/wp-content/uploads/2026/04/marche-carqueiranne.webp" media="(min-width: 1025px)">

                            <img loading="lazy" decoding="async" src="https://acampa-vacances.com/wp-content/uploads/2026/04/marche-carqueiranne-420x420.webp" width="420" height="210" alt="" title="">
                        </picture>
                    </figure>
                </div>
                <div class="group texte">
                    
                    <p class="h3">I mercati più belli del Var</p>
                    <p class="post__item__description">
                                                I mercati più belli del Var I mercati della Provenza sono un invito al piacere degli occhi, degli odori e dei sapori: vieni a scoprire la nostra [&#8230;]                    </p>

                    <div class="buttons">
                        <a href="https://acampa-vacances.com/it/blog/le-piu-belle-marches-du-var/" class="buttons__btn">Scoprire</a>
                    </div>
                </div>
            </div>

        
            <div class="columns__item post__item listed__post__item currentPage" >
                <div class="gallery">
                    <figure class="gallery__item">
                        <picture>
                            <source srcset="https://acampa-vacances.com/wp-content/uploads/2024/12/plage.jpg.webp" media="(max-width: 210px)">
                            <source srcset="https://acampa-vacances.com/wp-content/uploads/2024/12/plage.jpg.webp" media="(max-width: 420px)">
                            <source srcset="https://acampa-vacances.com/wp-content/uploads/2024/12/plage.jpg.webp" media="(max-width: 850px)">
                            <source srcset="https://acampa-vacances.com/wp-content/uploads/2024/12/plage.jpg.webp" media="(max-width: 1024px)">
                            <source srcset="https://acampa-vacances.com/wp-content/uploads/2024/12/plage.jpg.webp" media="(min-width: 1025px)">

                            <img loading="lazy" decoding="async" src="https://acampa-vacances.com/wp-content/uploads/2024/12/plage.jpg.webp" width="420" height="210" alt="" title="">
                        </picture>
                    </figure>
                </div>
                <div class="group texte">
                    
                    <p class="h3">Il clima della Presqu&#8217;île de Giens</p>
                    <p class="post__item__description">
                                                Il clima della Presqu&#8217;île de Giens Crediti fotografici: Hyères-Tourisme La penisola di Giens È caratterizzata da due tipi di clima mediterraneo. A [&#8230;]                    </p>

                    <div class="buttons">
                        <a href="https://acampa-vacances.com/it/blog/il-clima-del-giens-presquile/" class="buttons__btn">Scoprire</a>
                    </div>
                </div>
            </div>

        
    </div>

    <div class="buttons display-flex " style="justify-content:center;"><span class="buttons__btn listed__post__plus button-hide">Vedi altri articoli<span class="fc-icon"><svg xmlns="http://www.w3.org/2000/svg"  viewBox="0 0 448 512" width="16px" height="16px"><!--! Font Awesome Pro 6.4.2 by @fontawesome - https://fontawesome.com License - https://fontawesome.com/license (Commercial License) Copyright 2023 Fonticons, Inc.--><path d="M256 80c0-17.7-14.3-32-32-32s-32 14.3-32 32V224H48c-17.7 0-32 14.3-32 32s14.3 32 32 32H192V432c0 17.7 14.3 32 32 32s32-14.3 32-32V288H400c17.7 0 32-14.3 32-32s-14.3-32-32-32H256V80z"/></svg></span></span></div>
