{"id":12352,"date":"2024-11-25T10:11:59","date_gmt":"2024-11-25T09:11:59","guid":{"rendered":"https:\/\/acampa-vacances.com\/tourisme\/un-tour-dans-les-villages-du-haut-var-aups-barjols\/"},"modified":"2025-01-29T09:21:58","modified_gmt":"2025-01-29T08:21:58","slug":"un-giro-nei-villaggi-dell-haut-var-aups-barjols","status":"publish","type":"tourisme","link":"https:\/\/acampa-vacances.com\/it\/turismo\/un-giro-nei-villaggi-dell-haut-var-aups-barjols\/","title":{"rendered":"Aups e Barjols"},"content":{"rendered":"<nav class=\"fildariane\"><a class=\"fildariane__item\" href=\"https:\/\/acampa-vacances.com\/it\/\">Acampa<\/a><span class=\"fc-icon\"><svg xmlns=\"http:\/\/www.w3.org\/2000\/svg\"  viewBox=\"0 0 320 512\" width=\"16px\" height=\"16px\"><!--! Font Awesome Pro 6.4.2 by @fontawesome - https:\/\/fontawesome.com License - https:\/\/fontawesome.com\/license (Commercial License) Copyright 2023 Fonticons, Inc.--><path d=\"M267.3 244.7c6.2 6.2 6.2 16.4 0 22.6l-160 160c-6.2 6.2-16.4 6.2-22.6 0s-6.2-16.4 0-22.6L233.4 256 84.7 107.3c-6.2-6.2-6.2-16.4 0-22.6s16.4-6.2 22.6 0l160 160z\"\/><\/svg><\/span><span class=\"fildariane__item\">Aups e Barjols<\/span><\/nav><a class=\"fildariane__item retour\" href=\"https:\/\/acampa-vacances.com\/it\/\"\"><span class=\"fc-icon\"><svg xmlns=\"http:\/\/www.w3.org\/2000\/svg\"  viewBox=\"0 0 448 512\" width=\"16px\" height=\"16px\"><!--! Font Awesome Pro 6.4.2 by @fontawesome - https:\/\/fontawesome.com License - https:\/\/fontawesome.com\/license (Commercial License) Copyright 2023 Fonticons, Inc.--><path d=\"M7.4 273.4C2.7 268.8 0 262.6 0 256s2.7-12.8 7.4-17.4l176-168c9.6-9.2 24.8-8.8 33.9 .8s8.8 24.8-.8 33.9L83.9 232 424 232c13.3 0 24 10.7 24 24s-10.7 24-24 24L83.9 280 216.6 406.6c9.6 9.2 9.9 24.3 .8 33.9s-24.3 9.9-33.9 .8l-176-168z\"\/><\/svg><\/span>Torna alla pagina iniziale<\/a>\n<h1>Un tour dei villaggi dell&#8217;Haut Var: Aups e Barjols<\/h1><p id=\"https:\/\/acampa-vacances.com\/blog\/les-plus-5-beaux-villages-de-provence\/\">Che ne dici di <a href=\"https:\/\/acampa-vacances.com\/nl\/blog\/de-5-mooiste-dorpen-van-de-provence\/\" data-type=\"link\" data-id=\"https:\/\/acampa-vacances.com\/blog\/les-plus-5-beaux-villages-de-provence\/\">esplorare l&#8217;Haut Var<\/a>? \u00c8 un bel cambiamento rispetto alla costa di Hyeres. In questo articolo ti presenteremo due villaggi che meritano una visita: Aups e Barjols!  <\/p><div class=\"columns\"><div class=\"columns__item\"><h2>Il villaggio di Aups<\/h2><p>Questo <strong>villaggio dell&#8217;Alta Provenza<\/strong> \u00e8 la capitale del <strong>tartufo nero<\/strong>. Inoltre, <strong>non \u00e8 lontano dal lago Sainte-Croix<\/strong> e dalle <strong>gole del Verdon<\/strong>. <\/p><p>La sua <strong>architettura<\/strong> \u00e8 <strong>ricca di<\/strong> <strong>storia<\/strong> e il suo <strong>territorio<\/strong> \u00e8 ricco di <strong>prodotti<\/strong> <strong>autentici<\/strong>: zafferano, miele, olio d&#8217;oliva vergine, formaggio di capra, vino e molto altro ancora!<\/p><p>Aups ha il <strong>diritto di organizzare fiere fin dal Medioevo<\/strong>. Per questo motivo potrai assistere a <strong>due mercati insoliti<\/strong>: il <strong>mercoled\u00ec<\/strong> e il <strong>sabato mattina.<\/strong> Il <strong>mercato del tartufo<\/strong> \u00e8 stato inaugurato all <strong>&#8216;inizio di dicembre e durer\u00e0 fino alla fine di marzo<\/strong>! \u00c8 il <strong>pi\u00f9 grande mercato del Var<\/strong>.  <\/p><p>Questo <strong>villaggio di carattere<\/strong> vanta un&#8217;architettura impareggiabile. I suoi <strong>monumenti storici<\/strong> faranno la gioia degli amanti della storia medievale, a partire dalla Fabrique de l&#8217;Abb\u00e9 Jean, seguita dal Ch\u00e2teau de Taurenne, dalla Tour de l&#8217;Horloge, dalla meridiana e dalla Coll\u00e9giale Saint Pancrace. <\/p><\/div><div class=\"columns__item\" style=\"align-self:center;\"><figure style=\"position:relative;\"><picture><source srcset=\"https:\/\/acampa-vacances.com\/wp-content\/uploads\/2024\/11\/aups-4-300x183-1.png.webp\" media=\"(max-width: 210px)\"><source srcset=\"https:\/\/acampa-vacances.com\/wp-content\/uploads\/2024\/11\/aups-4-300x183-1.png.webp\" media=\"(max-width: 420px)\"><source srcset=\"https:\/\/acampa-vacances.com\/wp-content\/uploads\/2024\/11\/aups-4-300x183-1.png.webp\" media=\"(max-width: 850px)\"><source srcset=\"https:\/\/acampa-vacances.com\/wp-content\/uploads\/2024\/11\/aups-4-300x183-1.png.webp\" media=\"(max-width: 1024px)\"><source srcset=\"https:\/\/acampa-vacances.com\/wp-content\/uploads\/2024\/11\/aups-4-300x183-1.png.webp\" media=\"(min-width: 1025px)\"><img decoding=\"async\" src=\"https:\/\/acampa-vacances.com\/wp-content\/uploads\/2024\/11\/aups-4-300x183-1.png.webp\" width=\"420\" height=\"210\" loading=\"lazy\" alt=\"\" title=\"\"><\/picture><figcaption>credito fotografico: provenceweb.fr\/<\/figcaption><\/figure><\/div><\/div><div class=\"columns\"><div class=\"columns__item\" style=\"align-self:center;\"><figure style=\"position:relative;\"><picture><source srcset=\"https:\/\/acampa-vacances.com\/wp-content\/uploads\/2024\/11\/48315-300x159-1.jpg.webp\" media=\"(max-width: 210px)\"><source srcset=\"https:\/\/acampa-vacances.com\/wp-content\/uploads\/2024\/11\/48315-300x159-1.jpg.webp\" media=\"(max-width: 420px)\"><source srcset=\"https:\/\/acampa-vacances.com\/wp-content\/uploads\/2024\/11\/48315-300x159-1.jpg.webp\" media=\"(max-width: 850px)\"><source srcset=\"https:\/\/acampa-vacances.com\/wp-content\/uploads\/2024\/11\/48315-300x159-1.jpg.webp\" media=\"(max-width: 1024px)\"><source srcset=\"https:\/\/acampa-vacances.com\/wp-content\/uploads\/2024\/11\/48315-300x159-1.jpg.webp\" media=\"(min-width: 1025px)\"><img decoding=\"async\" src=\"https:\/\/acampa-vacances.com\/wp-content\/uploads\/2024\/11\/48315-300x159-1.jpg.webp\" width=\"420\" height=\"210\" loading=\"lazy\" alt=\"\" title=\"\"><\/picture><figcaption>credito fotografico: frequence-sud.fr<\/figcaption><\/figure><\/div><div class=\"columns__item\" style=\"align-self:center;\"><h2>Il villaggio di Barjols<\/h2><p>In questo <strong>villaggio della Provenza Verte<\/strong> si trova il <strong>famoso Vallon des Carmes<\/strong>. Questo <strong>sito naturale<\/strong> \u00e8 <strong>accessibile dalla cima del villaggio<\/strong>. Non potrai fare a meno di ammirare lo spettacolo: <strong>un susseguirsi di cascate, guadi e cascatelle<\/strong> di ogni tipo!  <\/p><p>Successivamente, <strong>visita le concerie<\/strong> che si trovano nel villaggio fin dagli anni &#8217;50. <strong>Restaurate dal comune<\/strong>, vengono gradualmente <strong>riabilitate<\/strong>. Infine, visita la <strong>Chiesa Collegiata<\/strong> <strong>dell&#8217;XI secolo<\/strong>, un monumento <strong>classificato<\/strong>. <\/p><p>Visitando il <strong>villaggio di Barjols<\/strong>, scoprirai che la sua <strong>storia religiosa<\/strong> <strong>\u00e8 molto viva<\/strong>. Qui si celebra il giorno di <strong>Saint Marcel, la domenica pi\u00f9 vicina al 17 gennaio<\/strong>. \u00c8 una festa che tutti aspettano con ansia!  <\/p><\/div><\/div><div class=\"columns\"><div class=\"columns__item\" style=\"align-self:center;\"><p>Scopri questi due incantevoli villaggi provenzali prenotando il tuo soggiorno nel nostro campeggio.<\/p><p id=\"https:\/\/acampa-vacances.com\/international\/accueil\/\">Per concludere, ti abbiamo indicato la distanza e i tempi di percorrenza per ogni villaggio. Ad esempio, dal <strong><a href=\"https:\/\/acampa-vacances.com\/nl\/international\/welkom\/\" data-type=\"link\" data-id=\"https:\/\/acampa-vacances.com\/international\/accueil\/\">campeggio internazionale di ****,<\/a><\/strong> <strong>ci vogliono 1 ora e 30 minuti per<\/strong> arrivare ad Aups e <strong>1 ora e 20 minuti per<\/strong> arrivare a Barjols. Insomma, una giornata alla scoperta dell&#8217;<strong>Haut Var<\/strong> per vivere al meglio la tua vacanza!  <\/p><\/div><div class=\"columns__item\" style=\"align-self:center;\"><figure style=\"position:relative;\"><picture><source srcset=\"https:\/\/acampa-vacances.com\/wp-content\/uploads\/2024\/11\/barjols-3-300x182-1.png.webp\" media=\"(max-width: 210px)\"><source srcset=\"https:\/\/acampa-vacances.com\/wp-content\/uploads\/2024\/11\/barjols-3-300x182-1.png.webp\" media=\"(max-width: 420px)\"><source srcset=\"https:\/\/acampa-vacances.com\/wp-content\/uploads\/2024\/11\/barjols-3-300x182-1.png.webp\" media=\"(max-width: 850px)\"><source srcset=\"https:\/\/acampa-vacances.com\/wp-content\/uploads\/2024\/11\/barjols-3-300x182-1.png.webp\" media=\"(max-width: 1024px)\"><source srcset=\"https:\/\/acampa-vacances.com\/wp-content\/uploads\/2024\/11\/barjols-3-300x182-1.png.webp\" media=\"(min-width: 1025px)\"><img decoding=\"async\" src=\"https:\/\/acampa-vacances.com\/wp-content\/uploads\/2024\/11\/barjols-3-300x182-1.png.webp\" width=\"420\" height=\"210\" style=\"object-fit:cover;\" loading=\"lazy\" alt=\"\" title=\"\"><\/picture><figcaption>credito fotografico: photos-provence.fr<\/figcaption><\/figure><\/div><\/div><h3>Altri articoli per scoprire la Provenza<\/h3><ul><li><a href=\"https:\/\/acampa-vacances.com\/it\/blog\/correns-et-le-vallon-sourn\/\" data-type=\"link\" data-id=\"https:\/\/acampa-vacances.com\/blog\/correns-et-le-vallon-sourn\/\">Correns: un villaggio dimenticato nel Var<\/a>\n<\/li><li><a href=\"https:\/\/acampa-vacances.com\/nl\/blog\/de-5-mooiste-dorpen-van-de-provence\/\" data-type=\"link\" data-id=\"https:\/\/acampa-vacances.com\/blog\/les-plus-5-beaux-villages-de-provence\/\">I 5 villaggi pi\u00f9 belli della Provenza<\/a>\n<\/li><li><a href=\"https:\/\/acampa-vacances.com\/nl\/blog\/de-ongebruikelijke-dorpen-van-var-gingen-om-ze-te-ontdekken\/\" data-type=\"link\" data-id=\"https:\/\/acampa-vacances.com\/blog\/les-villages-insolites-du-var-partez-a-leur-decouverte\/\">Villaggi insoliti nel Var<\/a>\n<\/li><li><a href=\"https:\/\/acampa-vacances.com\/it\/turismo\/villaggio-du-castellet\/\" data-type=\"link\" data-id=\"https:\/\/acampa-vacances.com\/tourisme\/village-du-castellet\/\">Villaggio Le Castellet<\/a>\n<\/li><\/ul>","protected":false},"excerpt":{"rendered":"<p>Un tour dei villaggi dell&#8217;Haut Var: Aups e Barjols Che ne dici di esplorare l&#8217;Haut Var? \u00c8 un bel cambiamento rispetto alla costa di Hyeres. In questo articolo ti presenteremo due villaggi che meritano una visita: Aups e Barjols! Il villaggio di Aups Questo villaggio dell&#8217;Alta Provenza \u00e8 la capitale del tartufo nero. Inoltre, non [&hellip;]<\/p>\n","protected":false},"author":1,"featured_media":2643,"parent":0,"menu_order":0,"template":"","format":"standard","meta":{"_acf_changed":false,"footnotes":""},"tourisme":[68],"acf":[],"_links":{"self":[{"href":"https:\/\/acampa-vacances.com\/it\/wp-json\/wp\/v2\/tourisme\/12352"}],"collection":[{"href":"https:\/\/acampa-vacances.com\/it\/wp-json\/wp\/v2\/tourisme"}],"about":[{"href":"https:\/\/acampa-vacances.com\/it\/wp-json\/wp\/v2\/types\/tourisme"}],"author":[{"embeddable":true,"href":"https:\/\/acampa-vacances.com\/it\/wp-json\/wp\/v2\/users\/1"}],"version-history":[{"count":1,"href":"https:\/\/acampa-vacances.com\/it\/wp-json\/wp\/v2\/tourisme\/12352\/revisions"}],"predecessor-version":[{"id":12354,"href":"https:\/\/acampa-vacances.com\/it\/wp-json\/wp\/v2\/tourisme\/12352\/revisions\/12354"}],"wp:featuredmedia":[{"embeddable":true,"href":"https:\/\/acampa-vacances.com\/it\/wp-json\/wp\/v2\/media\/2643"}],"wp:attachment":[{"href":"https:\/\/acampa-vacances.com\/it\/wp-json\/wp\/v2\/media?parent=12352"}],"wp:term":[{"taxonomy":"tourisme","embeddable":true,"href":"https:\/\/acampa-vacances.com\/it\/wp-json\/wp\/v2\/tourisme?post=12352"}],"curies":[{"name":"wp","href":"https:\/\/api.w.org\/{rel}","templated":true}]}}

<nav class="fildariane"><a class="fildariane__item" href="https://acampa-vacances.com/it/">Acampa</a><span class="fc-icon"><svg xmlns="http://www.w3.org/2000/svg"  viewBox="0 0 320 512" width="16px" height="16px"><!--! Font Awesome Pro 6.4.2 by @fontawesome - https://fontawesome.com License - https://fontawesome.com/license (Commercial License) Copyright 2023 Fonticons, Inc.--><path d="M267.3 244.7c6.2 6.2 6.2 16.4 0 22.6l-160 160c-6.2 6.2-16.4 6.2-22.6 0s-6.2-16.4 0-22.6L233.4 256 84.7 107.3c-6.2-6.2-6.2-16.4 0-22.6s16.4-6.2 22.6 0l160 160z"/></svg></span><span class="fildariane__item">Aups e Barjols</span></nav><a class="fildariane__item retour" href="https://acampa-vacances.com/it/""><span class="fc-icon"><svg xmlns="http://www.w3.org/2000/svg"  viewBox="0 0 448 512" width="16px" height="16px"><!--! Font Awesome Pro 6.4.2 by @fontawesome - https://fontawesome.com License - https://fontawesome.com/license (Commercial License) Copyright 2023 Fonticons, Inc.--><path d="M7.4 273.4C2.7 268.8 0 262.6 0 256s2.7-12.8 7.4-17.4l176-168c9.6-9.2 24.8-8.8 33.9 .8s8.8 24.8-.8 33.9L83.9 232 424 232c13.3 0 24 10.7 24 24s-10.7 24-24 24L83.9 280 216.6 406.6c9.6 9.2 9.9 24.3 .8 33.9s-24.3 9.9-33.9 .8l-176-168z"/></svg></span>Torna alla pagina iniziale</a>
<h1>Un tour dei villaggi dell&#8217;Haut Var: Aups e Barjols</h1><p id="https://acampa-vacances.com/blog/les-plus-5-beaux-villages-de-provence/">Che ne dici di <a href="https://acampa-vacances.com/nl/blog/de-5-mooiste-dorpen-van-de-provence/" data-type="link" data-id="https://acampa-vacances.com/blog/les-plus-5-beaux-villages-de-provence/">esplorare l&#8217;Haut Var</a>? È un bel cambiamento rispetto alla costa di Hyeres. In questo articolo ti presenteremo due villaggi che meritano una visita: Aups e Barjols!  </p><div class="columns"><div class="columns__item"><h2>Il villaggio di Aups</h2><p>Questo <strong>villaggio dell&#8217;Alta Provenza</strong> è la capitale del <strong>tartufo nero</strong>. Inoltre, <strong>non è lontano dal lago Sainte-Croix</strong> e dalle <strong>gole del Verdon</strong>. </p><p>La sua <strong>architettura</strong> è <strong>ricca di</strong> <strong>storia</strong> e il suo <strong>territorio</strong> è ricco di <strong>prodotti</strong> <strong>autentici</strong>: zafferano, miele, olio d&#8217;oliva vergine, formaggio di capra, vino e molto altro ancora!</p><p>Aups ha il <strong>diritto di organizzare fiere fin dal Medioevo</strong>. Per questo motivo potrai assistere a <strong>due mercati insoliti</strong>: il <strong>mercoledì</strong> e il <strong>sabato mattina.</strong> Il <strong>mercato del tartufo</strong> è stato inaugurato all <strong>&#8216;inizio di dicembre e durerà fino alla fine di marzo</strong>! È il <strong>più grande mercato del Var</strong>.  </p><p>Questo <strong>villaggio di carattere</strong> vanta un&#8217;architettura impareggiabile. I suoi <strong>monumenti storici</strong> faranno la gioia degli amanti della storia medievale, a partire dalla Fabrique de l&#8217;Abbé Jean, seguita dal Château de Taurenne, dalla Tour de l&#8217;Horloge, dalla meridiana e dalla Collégiale Saint Pancrace. </p></div><div class="columns__item" style="align-self:center;"><figure style="position:relative;"><picture><source srcset="https://acampa-vacances.com/wp-content/uploads/2024/11/aups-4-300x183-1.png.webp" media="(max-width: 210px)"><source srcset="https://acampa-vacances.com/wp-content/uploads/2024/11/aups-4-300x183-1.png.webp" media="(max-width: 420px)"><source srcset="https://acampa-vacances.com/wp-content/uploads/2024/11/aups-4-300x183-1.png.webp" media="(max-width: 850px)"><source srcset="https://acampa-vacances.com/wp-content/uploads/2024/11/aups-4-300x183-1.png.webp" media="(max-width: 1024px)"><source srcset="https://acampa-vacances.com/wp-content/uploads/2024/11/aups-4-300x183-1.png.webp" media="(min-width: 1025px)"><img decoding="async" src="https://acampa-vacances.com/wp-content/uploads/2024/11/aups-4-300x183-1.png.webp" width="420" height="210" loading="lazy" alt="" title=""></picture><figcaption>credito fotografico: provenceweb.fr/</figcaption></figure></div></div><div class="columns"><div class="columns__item" style="align-self:center;"><figure style="position:relative;"><picture><source srcset="https://acampa-vacances.com/wp-content/uploads/2024/11/48315-300x159-1.jpg.webp" media="(max-width: 210px)"><source srcset="https://acampa-vacances.com/wp-content/uploads/2024/11/48315-300x159-1.jpg.webp" media="(max-width: 420px)"><source srcset="https://acampa-vacances.com/wp-content/uploads/2024/11/48315-300x159-1.jpg.webp" media="(max-width: 850px)"><source srcset="https://acampa-vacances.com/wp-content/uploads/2024/11/48315-300x159-1.jpg.webp" media="(max-width: 1024px)"><source srcset="https://acampa-vacances.com/wp-content/uploads/2024/11/48315-300x159-1.jpg.webp" media="(min-width: 1025px)"><img decoding="async" src="https://acampa-vacances.com/wp-content/uploads/2024/11/48315-300x159-1.jpg.webp" width="420" height="210" loading="lazy" alt="" title=""></picture><figcaption>credito fotografico: frequence-sud.fr</figcaption></figure></div><div class="columns__item" style="align-self:center;"><h2>Il villaggio di Barjols</h2><p>In questo <strong>villaggio della Provenza Verte</strong> si trova il <strong>famoso Vallon des Carmes</strong>. Questo <strong>sito naturale</strong> è <strong>accessibile dalla cima del villaggio</strong>. Non potrai fare a meno di ammirare lo spettacolo: <strong>un susseguirsi di cascate, guadi e cascatelle</strong> di ogni tipo!  </p><p>Successivamente, <strong>visita le concerie</strong> che si trovano nel villaggio fin dagli anni &#8217;50. <strong>Restaurate dal comune</strong>, vengono gradualmente <strong>riabilitate</strong>. Infine, visita la <strong>Chiesa Collegiata</strong> <strong>dell&#8217;XI secolo</strong>, un monumento <strong>classificato</strong>. </p><p>Visitando il <strong>villaggio di Barjols</strong>, scoprirai che la sua <strong>storia religiosa</strong> <strong>è molto viva</strong>. Qui si celebra il giorno di <strong>Saint Marcel, la domenica più vicina al 17 gennaio</strong>. È una festa che tutti aspettano con ansia!  </p></div></div><div class="columns"><div class="columns__item" style="align-self:center;"><p>Scopri questi due incantevoli villaggi provenzali prenotando il tuo soggiorno nel nostro campeggio.</p><p id="https://acampa-vacances.com/international/accueil/">Per concludere, ti abbiamo indicato la distanza e i tempi di percorrenza per ogni villaggio. Ad esempio, dal <strong><a href="https://acampa-vacances.com/nl/international/welkom/" data-type="link" data-id="https://acampa-vacances.com/international/accueil/">campeggio internazionale di ****,</a></strong> <strong>ci vogliono 1 ora e 30 minuti per</strong> arrivare ad Aups e <strong>1 ora e 20 minuti per</strong> arrivare a Barjols. Insomma, una giornata alla scoperta dell&#8217;<strong>Haut Var</strong> per vivere al meglio la tua vacanza!  </p></div><div class="columns__item" style="align-self:center;"><figure style="position:relative;"><picture><source srcset="https://acampa-vacances.com/wp-content/uploads/2024/11/barjols-3-300x182-1.png.webp" media="(max-width: 210px)"><source srcset="https://acampa-vacances.com/wp-content/uploads/2024/11/barjols-3-300x182-1.png.webp" media="(max-width: 420px)"><source srcset="https://acampa-vacances.com/wp-content/uploads/2024/11/barjols-3-300x182-1.png.webp" media="(max-width: 850px)"><source srcset="https://acampa-vacances.com/wp-content/uploads/2024/11/barjols-3-300x182-1.png.webp" media="(max-width: 1024px)"><source srcset="https://acampa-vacances.com/wp-content/uploads/2024/11/barjols-3-300x182-1.png.webp" media="(min-width: 1025px)"><img decoding="async" src="https://acampa-vacances.com/wp-content/uploads/2024/11/barjols-3-300x182-1.png.webp" width="420" height="210" style="object-fit:cover;" loading="lazy" alt="" title=""></picture><figcaption>credito fotografico: photos-provence.fr</figcaption></figure></div></div><h3>Altri articoli per scoprire la Provenza</h3><ul><li><a href="https://acampa-vacances.com/it/blog/correns-et-le-vallon-sourn/" data-type="link" data-id="https://acampa-vacances.com/blog/correns-et-le-vallon-sourn/">Correns: un villaggio dimenticato nel Var</a>
</li><li><a href="https://acampa-vacances.com/nl/blog/de-5-mooiste-dorpen-van-de-provence/" data-type="link" data-id="https://acampa-vacances.com/blog/les-plus-5-beaux-villages-de-provence/">I 5 villaggi più belli della Provenza</a>
</li><li><a href="https://acampa-vacances.com/nl/blog/de-ongebruikelijke-dorpen-van-var-gingen-om-ze-te-ontdekken/" data-type="link" data-id="https://acampa-vacances.com/blog/les-villages-insolites-du-var-partez-a-leur-decouverte/">Villaggi insoliti nel Var</a>
</li><li><a href="https://acampa-vacances.com/it/turismo/villaggio-du-castellet/" data-type="link" data-id="https://acampa-vacances.com/tourisme/village-du-castellet/">Villaggio Le Castellet</a>
</li></ul>

<p>Un tour dei villaggi dell&#8217;Haut Var: Aups e Barjols Che ne dici di esplorare l&#8217;Haut Var? È un bel cambiamento rispetto alla costa di Hyeres. In questo articolo ti presenteremo due villaggi che meritano una visita: Aups e Barjols! Il villaggio di Aups Questo villaggio dell&#8217;Alta Provenza è la capitale del tartufo nero. Inoltre, non [&hellip;]</p>
