{"id":12360,"date":"2024-11-25T10:11:59","date_gmt":"2024-11-25T09:11:59","guid":{"rendered":"https:\/\/acampa-vacances.com\/tourisme\/port-cros\/"},"modified":"2025-01-29T09:21:58","modified_gmt":"2025-01-29T08:21:58","slug":"porto-cros","status":"publish","type":"tourisme","link":"https:\/\/acampa-vacances.com\/it\/turismo\/porto-cros\/","title":{"rendered":"Porto Cros"},"content":{"rendered":"<nav class=\"fildariane\"><a class=\"fildariane__item\" href=\"https:\/\/acampa-vacances.com\/it\/\">Acampa<\/a><span class=\"fc-icon\"><svg xmlns=\"http:\/\/www.w3.org\/2000\/svg\"  viewBox=\"0 0 320 512\" width=\"16px\" height=\"16px\"><!--! Font Awesome Pro 6.4.2 by @fontawesome - https:\/\/fontawesome.com License - https:\/\/fontawesome.com\/license (Commercial License) Copyright 2023 Fonticons, Inc.--><path d=\"M267.3 244.7c6.2 6.2 6.2 16.4 0 22.6l-160 160c-6.2 6.2-16.4 6.2-22.6 0s-6.2-16.4 0-22.6L233.4 256 84.7 107.3c-6.2-6.2-6.2-16.4 0-22.6s16.4-6.2 22.6 0l160 160z\"\/><\/svg><\/span><span class=\"fildariane__item\">Porto Cros<\/span><\/nav><a class=\"fildariane__item retour\" href=\"https:\/\/acampa-vacances.com\/it\/\"\"><span class=\"fc-icon\"><svg xmlns=\"http:\/\/www.w3.org\/2000\/svg\"  viewBox=\"0 0 448 512\" width=\"16px\" height=\"16px\"><!--! Font Awesome Pro 6.4.2 by @fontawesome - https:\/\/fontawesome.com License - https:\/\/fontawesome.com\/license (Commercial License) Copyright 2023 Fonticons, Inc.--><path d=\"M7.4 273.4C2.7 268.8 0 262.6 0 256s2.7-12.8 7.4-17.4l176-168c9.6-9.2 24.8-8.8 33.9 .8s8.8 24.8-.8 33.9L83.9 232 424 232c13.3 0 24 10.7 24 24s-10.7 24-24 24L83.9 280 216.6 406.6c9.6 9.2 9.9 24.3 .8 33.9s-24.3 9.9-33.9 .8l-176-168z\"\/><\/svg><\/span>Torna alla pagina iniziale<\/a>\n<h1><strong>Port-Cros<\/strong><\/h1><div class=\"columns\"><div class=\"columns__item\"><figure><picture><source srcset=\"https:\/\/acampa-vacances.com\/wp-content\/uploads\/2024\/12\/clairdelune-porc-cros-420x420.jpg.webp\" media=\"(max-width: 210px)\"><source srcset=\"https:\/\/acampa-vacances.com\/wp-content\/uploads\/2024\/12\/clairdelune-porc-cros-850x478.jpg.webp\" media=\"(max-width: 420px)\"><source srcset=\"https:\/\/acampa-vacances.com\/wp-content\/uploads\/2024\/12\/clairdelune-porc-cros-768x432.jpg.webp\" media=\"(max-width: 850px)\"><source srcset=\"https:\/\/acampa-vacances.com\/wp-content\/uploads\/2024\/12\/clairdelune-porc-cros-1024x576.jpg.webp\" media=\"(max-width: 1024px)\"><source srcset=\"https:\/\/acampa-vacances.com\/wp-content\/uploads\/2024\/12\/clairdelune-porc-cros.jpg.webp\" media=\"(min-width: 1025px)\"><img decoding=\"async\" src=\"https:\/\/acampa-vacances.com\/wp-content\/uploads\/2024\/12\/clairdelune-porc-cros-420x420.jpg.webp\" width=\"420\" height=\"210\" loading=\"lazy\" alt=\"\" title=\"\"><\/picture><\/figure><\/div><div class=\"columns__item\" style=\"align-self:center;\"><p id=\"1131\"><strong>Port-Cros<\/strong> \u00e8 un&#8217;isola dell&#8217;arcipelago di <a href=\"https:\/\/acampa-vacances.com\/it\/turismo-a-hyeres\/\" data-type=\"page\" data-id=\"1131\">Hy\u00e8res<\/a>. Situata nel vasto Mediterraneo, l&#8217;isola \u00e8 stata donata al governo francese con la promessa che, in cambio, vi sarebbe stato costruito un parco nazionale.   <\/p><p id=\"986\">Questa meravigliosa isola, che fa parte delle <a href=\"https:\/\/acampa-vacances.com\/it\/turismo\/isole-doro\/\" data-type=\"tourisme\" data-id=\"986\">Isole d&#8217;Oro<\/a>, piacer\u00e0 agli amanti della natura, ai fotografi e agli appassionati di storia grazie al suo passato e al suo patrimonio naturale.<\/p><\/div><\/div><div class=\"columns\"><div class=\"columns__item\"><h2>Parco Nazionale di Port-Cros<\/h2><p><strong>Il Parco Nazionale di Port-Cros<\/strong> \u00e8 stato creato nel 1963 ed \u00e8 ora un santuario per le specie protette. L&#8217;isola \u00e8 larga circa 4 km, con una superficie totale di circa 650 ettari. L&#8217;isola apparteneva ai greci ed \u00e8 un luogo molto pittoresco, che la rende una grande attrazione turistica.    <\/p><p id=\"1030\"><strong>Port-Cros<\/strong> \u00e8 un po&#8217; pi\u00f9 piccola di <a href=\"https:\/\/acampa-vacances.com\/it\/turismo\/porquerolles\/\" data-type=\"tourisme\" data-id=\"1030\">Porquerolles<\/a>, ma \u00e8 pi\u00f9 montuosa e ancora pi\u00f9 boscosa. Il piccolo porto \u00e8 sorvegliato da antichi forti. Per una visita breve, una passeggiata di 15-20 minuti dal porto al Fort de l&#8217;Estissac ti permetter\u00e0 di godere di una splendida vista sul porto. Il Fort de l&#8217;Estissac \u00e8 stato splendidamente restaurato ed \u00e8 aperto ai visitatori.     <\/p><p>Inoltre, dispone di un piccolo museo con un&#8217;esposizione ben presentata di manufatti locali. C&#8217;\u00e8 una piccola spiaggia nella baia accanto al villaggio\/porto. Altre spiagge si trovano a 20-30 minuti di distanza, in entrambe le direzioni. <strong>Port-Cros<\/strong> ha un&#8217;area di villaggio molto piccola, con negozi e caffetterie turistiche piuttosto che i tipici negozi di paese.    <\/p><p id=\"3530\"><strong>Il Parco Nazionale di Port-Cros<\/strong> gestisce tutte le aree naturali dell&#8217;<a href=\"https:\/\/acampa-vacances.com\/it\/turismo\/turismo-porquerolles\/\" data-type=\"tourisme\" data-id=\"3530\" target=\"_blank\" rel=\"noreferrer noopener\">isola di Porquerolles<\/a>, insieme all&#8217;isola di Bagaud e agli isolotti vicini. Nel 1971, di fronte alla minaccia di un crescente sviluppo urbano sull&#8217;isola. Nel 1985, lo Stato ha acquistato 100 ettari dell&#8217;isola, che sono diventati di competenza del <strong>Parco Nazionale di Port-Cros<\/strong>.  <\/p><\/div><div class=\"columns__item\"><h2>Cosa si pu\u00f2 vedere nel Parco Nazionale di Port Cros?<\/h2><p><strong>Il Parco Nazionale di Port Cros<\/strong> \u00e8 governato da regole severe. Ad esempio, \u00e8 vietato campeggiare, fumare o accendere fuochi nel parco. Il Mont Vinaigre si erge a 194 m e affascina i visitatori con le sue scogliere a picco sul mare. Nel parco incontrerai un sentiero botanico, foreste, fortezze e paesaggi verdeggianti. I forti che testimoniano il passato <strong>dell&#8217;isola di Port Cros<\/strong> hanno fatto la sua fama:    <\/p><ul><li>Il Fort du Moulin, ad esempio, si erge a 27 metri sul livello del mare. Si tratta del forte pi\u00f9 grande e pi\u00f9 antico dell&#8217;isola, costruito durante il regno di Francesco I. Non \u00e8 possibile visitare questo edificio, che \u00e8 un monumento storico classificato. \n<\/li><li>Il Fort de l&#8217;Estissac si trova a 105 metri sul livello del mare. Si trova a 15 minuti dal porto, in cima alla punta nord-occidentale dell&#8217;isola. Il porto pu\u00f2 essere visitato in estate. Fu costruito su ordine di Richelieu. Il forte \u00e8 stato classificato come monumento storico nel 19471. Nel 1974 \u00e8 entrato a far parte del <strong>Parco Nazionale di Port-Cros<\/strong>.     \n<\/li><li>Il forte di Port Man si trova a 24 metri sul livello del mare. Si trova a 2 ore di cammino dal porto. Il Forte di Port Man fu costruito nel XVII secolo e convertito nel XVIII secolo.  \n<\/li><\/ul><\/div><\/div>","protected":false},"excerpt":{"rendered":"<p>Port-Cros Port-Cros \u00e8 un&#8217;isola dell&#8217;arcipelago di Hy\u00e8res. Situata nel vasto Mediterraneo, l&#8217;isola \u00e8 stata donata al governo francese con la promessa che, in cambio, vi sarebbe stato costruito un parco nazionale. Questa meravigliosa isola, che fa parte delle Isole d&#8217;Oro, piacer\u00e0 agli amanti della natura, ai fotografi e agli appassionati di storia grazie al suo [&hellip;]<\/p>\n","protected":false},"author":1,"featured_media":10544,"parent":0,"menu_order":0,"template":"","format":"standard","meta":{"_acf_changed":false,"footnotes":""},"tourisme":[68],"acf":[],"_links":{"self":[{"href":"https:\/\/acampa-vacances.com\/it\/wp-json\/wp\/v2\/tourisme\/12360"}],"collection":[{"href":"https:\/\/acampa-vacances.com\/it\/wp-json\/wp\/v2\/tourisme"}],"about":[{"href":"https:\/\/acampa-vacances.com\/it\/wp-json\/wp\/v2\/types\/tourisme"}],"author":[{"embeddable":true,"href":"https:\/\/acampa-vacances.com\/it\/wp-json\/wp\/v2\/users\/1"}],"version-history":[{"count":1,"href":"https:\/\/acampa-vacances.com\/it\/wp-json\/wp\/v2\/tourisme\/12360\/revisions"}],"predecessor-version":[{"id":12362,"href":"https:\/\/acampa-vacances.com\/it\/wp-json\/wp\/v2\/tourisme\/12360\/revisions\/12362"}],"wp:featuredmedia":[{"embeddable":true,"href":"https:\/\/acampa-vacances.com\/it\/wp-json\/wp\/v2\/media\/10544"}],"wp:attachment":[{"href":"https:\/\/acampa-vacances.com\/it\/wp-json\/wp\/v2\/media?parent=12360"}],"wp:term":[{"taxonomy":"tourisme","embeddable":true,"href":"https:\/\/acampa-vacances.com\/it\/wp-json\/wp\/v2\/tourisme?post=12360"}],"curies":[{"name":"wp","href":"https:\/\/api.w.org\/{rel}","templated":true}]}}

<nav class="fildariane"><a class="fildariane__item" href="https://acampa-vacances.com/it/">Acampa</a><span class="fc-icon"><svg xmlns="http://www.w3.org/2000/svg"  viewBox="0 0 320 512" width="16px" height="16px"><!--! Font Awesome Pro 6.4.2 by @fontawesome - https://fontawesome.com License - https://fontawesome.com/license (Commercial License) Copyright 2023 Fonticons, Inc.--><path d="M267.3 244.7c6.2 6.2 6.2 16.4 0 22.6l-160 160c-6.2 6.2-16.4 6.2-22.6 0s-6.2-16.4 0-22.6L233.4 256 84.7 107.3c-6.2-6.2-6.2-16.4 0-22.6s16.4-6.2 22.6 0l160 160z"/></svg></span><span class="fildariane__item">Porto Cros</span></nav><a class="fildariane__item retour" href="https://acampa-vacances.com/it/""><span class="fc-icon"><svg xmlns="http://www.w3.org/2000/svg"  viewBox="0 0 448 512" width="16px" height="16px"><!--! Font Awesome Pro 6.4.2 by @fontawesome - https://fontawesome.com License - https://fontawesome.com/license (Commercial License) Copyright 2023 Fonticons, Inc.--><path d="M7.4 273.4C2.7 268.8 0 262.6 0 256s2.7-12.8 7.4-17.4l176-168c9.6-9.2 24.8-8.8 33.9 .8s8.8 24.8-.8 33.9L83.9 232 424 232c13.3 0 24 10.7 24 24s-10.7 24-24 24L83.9 280 216.6 406.6c9.6 9.2 9.9 24.3 .8 33.9s-24.3 9.9-33.9 .8l-176-168z"/></svg></span>Torna alla pagina iniziale</a>
<h1><strong>Port-Cros</strong></h1><div class="columns"><div class="columns__item"><figure><picture><source srcset="https://acampa-vacances.com/wp-content/uploads/2024/12/clairdelune-porc-cros-420x420.jpg.webp" media="(max-width: 210px)"><source srcset="https://acampa-vacances.com/wp-content/uploads/2024/12/clairdelune-porc-cros-850x478.jpg.webp" media="(max-width: 420px)"><source srcset="https://acampa-vacances.com/wp-content/uploads/2024/12/clairdelune-porc-cros-768x432.jpg.webp" media="(max-width: 850px)"><source srcset="https://acampa-vacances.com/wp-content/uploads/2024/12/clairdelune-porc-cros-1024x576.jpg.webp" media="(max-width: 1024px)"><source srcset="https://acampa-vacances.com/wp-content/uploads/2024/12/clairdelune-porc-cros.jpg.webp" media="(min-width: 1025px)"><img decoding="async" src="https://acampa-vacances.com/wp-content/uploads/2024/12/clairdelune-porc-cros-420x420.jpg.webp" width="420" height="210" loading="lazy" alt="" title=""></picture></figure></div><div class="columns__item" style="align-self:center;"><p id="1131"><strong>Port-Cros</strong> è un&#8217;isola dell&#8217;arcipelago di <a href="https://acampa-vacances.com/it/turismo-a-hyeres/" data-type="page" data-id="1131">Hyères</a>. Situata nel vasto Mediterraneo, l&#8217;isola è stata donata al governo francese con la promessa che, in cambio, vi sarebbe stato costruito un parco nazionale.   </p><p id="986">Questa meravigliosa isola, che fa parte delle <a href="https://acampa-vacances.com/it/turismo/isole-doro/" data-type="tourisme" data-id="986">Isole d&#8217;Oro</a>, piacerà agli amanti della natura, ai fotografi e agli appassionati di storia grazie al suo passato e al suo patrimonio naturale.</p></div></div><div class="columns"><div class="columns__item"><h2>Parco Nazionale di Port-Cros</h2><p><strong>Il Parco Nazionale di Port-Cros</strong> è stato creato nel 1963 ed è ora un santuario per le specie protette. L&#8217;isola è larga circa 4 km, con una superficie totale di circa 650 ettari. L&#8217;isola apparteneva ai greci ed è un luogo molto pittoresco, che la rende una grande attrazione turistica.    </p><p id="1030"><strong>Port-Cros</strong> è un po&#8217; più piccola di <a href="https://acampa-vacances.com/it/turismo/porquerolles/" data-type="tourisme" data-id="1030">Porquerolles</a>, ma è più montuosa e ancora più boscosa. Il piccolo porto è sorvegliato da antichi forti. Per una visita breve, una passeggiata di 15-20 minuti dal porto al Fort de l&#8217;Estissac ti permetterà di godere di una splendida vista sul porto. Il Fort de l&#8217;Estissac è stato splendidamente restaurato ed è aperto ai visitatori.     </p><p>Inoltre, dispone di un piccolo museo con un&#8217;esposizione ben presentata di manufatti locali. C&#8217;è una piccola spiaggia nella baia accanto al villaggio/porto. Altre spiagge si trovano a 20-30 minuti di distanza, in entrambe le direzioni. <strong>Port-Cros</strong> ha un&#8217;area di villaggio molto piccola, con negozi e caffetterie turistiche piuttosto che i tipici negozi di paese.    </p><p id="3530"><strong>Il Parco Nazionale di Port-Cros</strong> gestisce tutte le aree naturali dell&#8217;<a href="https://acampa-vacances.com/it/turismo/turismo-porquerolles/" data-type="tourisme" data-id="3530" target="_blank" rel="noreferrer noopener">isola di Porquerolles</a>, insieme all&#8217;isola di Bagaud e agli isolotti vicini. Nel 1971, di fronte alla minaccia di un crescente sviluppo urbano sull&#8217;isola. Nel 1985, lo Stato ha acquistato 100 ettari dell&#8217;isola, che sono diventati di competenza del <strong>Parco Nazionale di Port-Cros</strong>.  </p></div><div class="columns__item"><h2>Cosa si può vedere nel Parco Nazionale di Port Cros?</h2><p><strong>Il Parco Nazionale di Port Cros</strong> è governato da regole severe. Ad esempio, è vietato campeggiare, fumare o accendere fuochi nel parco. Il Mont Vinaigre si erge a 194 m e affascina i visitatori con le sue scogliere a picco sul mare. Nel parco incontrerai un sentiero botanico, foreste, fortezze e paesaggi verdeggianti. I forti che testimoniano il passato <strong>dell&#8217;isola di Port Cros</strong> hanno fatto la sua fama:    </p><ul><li>Il Fort du Moulin, ad esempio, si erge a 27 metri sul livello del mare. Si tratta del forte più grande e più antico dell&#8217;isola, costruito durante il regno di Francesco I. Non è possibile visitare questo edificio, che è un monumento storico classificato. 
</li><li>Il Fort de l&#8217;Estissac si trova a 105 metri sul livello del mare. Si trova a 15 minuti dal porto, in cima alla punta nord-occidentale dell&#8217;isola. Il porto può essere visitato in estate. Fu costruito su ordine di Richelieu. Il forte è stato classificato come monumento storico nel 19471. Nel 1974 è entrato a far parte del <strong>Parco Nazionale di Port-Cros</strong>.     
</li><li>Il forte di Port Man si trova a 24 metri sul livello del mare. Si trova a 2 ore di cammino dal porto. Il Forte di Port Man fu costruito nel XVII secolo e convertito nel XVIII secolo.  
</li></ul></div></div>

<p>Port-Cros Port-Cros è un&#8217;isola dell&#8217;arcipelago di Hyères. Situata nel vasto Mediterraneo, l&#8217;isola è stata donata al governo francese con la promessa che, in cambio, vi sarebbe stato costruito un parco nazionale. Questa meravigliosa isola, che fa parte delle Isole d&#8217;Oro, piacerà agli amanti della natura, ai fotografi e agli appassionati di storia grazie al suo [&hellip;]</p>
