{"id":12389,"date":"2024-11-25T10:11:59","date_gmt":"2024-11-25T09:11:59","guid":{"rendered":"https:\/\/acampa-vacances.com\/tourisme\/le-pradet\/"},"modified":"2025-01-29T09:22:02","modified_gmt":"2025-01-29T08:22:02","slug":"le-pradet","status":"publish","type":"tourisme","link":"https:\/\/acampa-vacances.com\/it\/turismo\/le-pradet\/","title":{"rendered":"Le Pradet"},"content":{"rendered":"<nav class=\"fildariane\"><a class=\"fildariane__item\" href=\"https:\/\/acampa-vacances.com\/it\/\">Acampa<\/a><span class=\"fc-icon\"><svg xmlns=\"http:\/\/www.w3.org\/2000\/svg\"  viewBox=\"0 0 320 512\" width=\"16px\" height=\"16px\"><!--! Font Awesome Pro 6.4.2 by @fontawesome - https:\/\/fontawesome.com License - https:\/\/fontawesome.com\/license (Commercial License) Copyright 2023 Fonticons, Inc.--><path d=\"M267.3 244.7c6.2 6.2 6.2 16.4 0 22.6l-160 160c-6.2 6.2-16.4 6.2-22.6 0s-6.2-16.4 0-22.6L233.4 256 84.7 107.3c-6.2-6.2-6.2-16.4 0-22.6s16.4-6.2 22.6 0l160 160z\"\/><\/svg><\/span><span class=\"fildariane__item\">Le Pradet<\/span><\/nav><a class=\"fildariane__item retour\" href=\"https:\/\/acampa-vacances.com\/it\/\"\"><span class=\"fc-icon\"><svg xmlns=\"http:\/\/www.w3.org\/2000\/svg\"  viewBox=\"0 0 448 512\" width=\"16px\" height=\"16px\"><!--! Font Awesome Pro 6.4.2 by @fontawesome - https:\/\/fontawesome.com License - https:\/\/fontawesome.com\/license (Commercial License) Copyright 2023 Fonticons, Inc.--><path d=\"M7.4 273.4C2.7 268.8 0 262.6 0 256s2.7-12.8 7.4-17.4l176-168c9.6-9.2 24.8-8.8 33.9 .8s8.8 24.8-.8 33.9L83.9 232 424 232c13.3 0 24 10.7 24 24s-10.7 24-24 24L83.9 280 216.6 406.6c9.6 9.2 9.9 24.3 .8 33.9s-24.3 9.9-33.9 .8l-176-168z\"\/><\/svg><\/span>Torna alla pagina iniziale<\/a>\n<h1>Le Pradet<\/h1><div class=\"columns\"><div class=\"columns__item\" style=\"align-self:center;\"><figure style=\"position:relative;\"><picture><source srcset=\"https:\/\/acampa-vacances.com\/wp-content\/uploads\/2024\/11\/clairdelune-le-pradet-1-420x336.jpg.webp\" media=\"(max-width: 210px)\"><source srcset=\"https:\/\/acampa-vacances.com\/wp-content\/uploads\/2024\/11\/clairdelune-le-pradet-1.jpg.webp\" media=\"(max-width: 420px)\"><source srcset=\"https:\/\/acampa-vacances.com\/wp-content\/uploads\/2024\/11\/clairdelune-le-pradet-1.jpg.webp\" media=\"(max-width: 850px)\"><source srcset=\"https:\/\/acampa-vacances.com\/wp-content\/uploads\/2024\/11\/clairdelune-le-pradet-1.jpg.webp\" media=\"(max-width: 1024px)\"><source srcset=\"https:\/\/acampa-vacances.com\/wp-content\/uploads\/2024\/11\/clairdelune-le-pradet-1.jpg.webp\" media=\"(min-width: 1025px)\"><img decoding=\"async\" src=\"https:\/\/acampa-vacances.com\/wp-content\/uploads\/2024\/11\/clairdelune-le-pradet-1-420x336.jpg.webp\" width=\"420\" height=\"210\" loading=\"lazy\" alt=\"\" title=\"\"><\/picture><figcaption>Crediti fotografici: Le Pradet tourisme<\/figcaption><\/figure><\/div><div class=\"columns__item\" style=\"align-self:center;\"><h2>Localit\u00e0 costiera<\/h2><p id=\"https:\/\/www.le-pradet.fr\/\"><a href=\"https:\/\/www.le-pradet.fr\/\" target=\"_blank\" data-type=\"link\" data-id=\"https:\/\/www.le-pradet.fr\/\" rel=\"noreferrer noopener\">Le Pradet<\/a> \u00e8 un&#8217;incantevole localit\u00e0 sulla costa del Var, con 7 km di litorale. Calette selvagge si alternano a spiagge di sabbia fine circondate da una splendida vegetazione <strong>mediterranea<\/strong>. <\/p><p><strong>Le Pradet<\/strong> ha anche un piccolo porto tipicamente meridionale.<\/p><p>Parte del comune di La Garde fino alla fine del XIX secolo, <strong>Le Pradet<\/strong> divenne un comune indipendente nel 1894.<\/p><p><strong>Le Pradet<\/strong> ha sempre ospitato celebrit\u00e0, confermando il suo status di localit\u00e0 turistica nel corso degli anni. Murat, Raimu, la Baronessa di Rothschild, Paul Claudel, Georges Bernanos, Lord Winston Churchill, Re Giorgio V e il Principe di Galles hanno soggiornato in questo affascinante paesino provenzale. <strong>Le Pradet<\/strong> ha conservato il suo carattere meridionale sviluppando al contempo spazi verdi aperti agli escursionisti. <\/p><\/div><\/div><div class=\"columns\"><div class=\"columns__item\" style=\"align-self:center;\"><h2><strong>Un&#8217;occasione imperdibile<\/strong><\/h2><ul><li><a href=\"https:\/\/acampa-vacances.com\/it\/blog\/visitare-3-musei-durante-la-prossima-vacanza-nel-var\/\" data-type=\"blog\" data-id=\"1093\">Il museo della miniera di Cap Garonne<\/a>\n<\/li><li>Il forte Gavaresse\n<\/li><li>Parco Cravero e la sua galleria\n<\/li><li>La chiesa di San Raimondo nel cuore del villaggio\n<\/li><li>Il bosco di Courbebaisse con i suoi giardini tematici (giardino del prete, giardino della salvia, giardino dell&#8217;alveare con apiario didattico)\n<\/li><li>Il percorso di scoperta\n<\/li><\/ul><\/div><div class=\"columns__item\" style=\"align-self:center;\"><div class=\"gallery\"><figure class=\"gallery__item\"><picture><source srcset=\"https:\/\/acampa-vacances.com\/wp-content\/uploads\/2024\/11\/clairdelune-le-pradet-2.jpg.webp\" media=\"(max-width: 210px)\"><source srcset=\"https:\/\/acampa-vacances.com\/wp-content\/uploads\/2024\/11\/clairdelune-le-pradet-2.jpg.webp\" media=\"(max-width: 420px)\"><source srcset=\"https:\/\/acampa-vacances.com\/wp-content\/uploads\/2024\/11\/clairdelune-le-pradet-2.jpg.webp\" media=\"(max-width: 850px)\"><source srcset=\"https:\/\/acampa-vacances.com\/wp-content\/uploads\/2024\/11\/clairdelune-le-pradet-2.jpg.webp\" media=\"(max-width: 1024px)\"><source srcset=\"https:\/\/acampa-vacances.com\/wp-content\/uploads\/2024\/11\/clairdelune-le-pradet-2.jpg.webp\" media=\"(min-width: 1025px)\"><img decoding=\"async\" src=\"https:\/\/acampa-vacances.com\/wp-content\/uploads\/2024\/11\/clairdelune-le-pradet-2.jpg.webp\" width=\"420\" height=\"210\" loading=\"lazy\" alt=\"\" title=\"\"><\/picture><\/figure><figure class=\"gallery__item\"><picture><source srcset=\"https:\/\/acampa-vacances.com\/wp-content\/uploads\/2024\/11\/clairdelune-le-pradet-3.jpg.webp\" media=\"(max-width: 210px)\"><source srcset=\"https:\/\/acampa-vacances.com\/wp-content\/uploads\/2024\/11\/clairdelune-le-pradet-3.jpg.webp\" media=\"(max-width: 420px)\"><source srcset=\"https:\/\/acampa-vacances.com\/wp-content\/uploads\/2024\/11\/clairdelune-le-pradet-3.jpg.webp\" media=\"(max-width: 850px)\"><source srcset=\"https:\/\/acampa-vacances.com\/wp-content\/uploads\/2024\/11\/clairdelune-le-pradet-3.jpg.webp\" media=\"(max-width: 1024px)\"><source srcset=\"https:\/\/acampa-vacances.com\/wp-content\/uploads\/2024\/11\/clairdelune-le-pradet-3.jpg.webp\" media=\"(min-width: 1025px)\"><img decoding=\"async\" src=\"https:\/\/acampa-vacances.com\/wp-content\/uploads\/2024\/11\/clairdelune-le-pradet-3.jpg.webp\" width=\"420\" height=\"210\" loading=\"lazy\" alt=\"\" title=\"\"><\/picture><\/figure><\/div><\/div><\/div>","protected":false},"excerpt":{"rendered":"<p>Le Pradet Localit\u00e0 costiera Le Pradet \u00e8 un&#8217;incantevole localit\u00e0 sulla costa del Var, con 7 km di litorale. Calette selvagge si alternano a spiagge di sabbia fine circondate da una splendida vegetazione mediterranea. Le Pradet ha anche un piccolo porto tipicamente meridionale. Parte del comune di La Garde fino alla fine del XIX secolo, Le [&hellip;]<\/p>\n","protected":false},"author":1,"featured_media":9704,"parent":0,"menu_order":0,"template":"","format":"standard","meta":{"_acf_changed":false,"footnotes":""},"tourisme":[68],"acf":[],"_links":{"self":[{"href":"https:\/\/acampa-vacances.com\/it\/wp-json\/wp\/v2\/tourisme\/12389"}],"collection":[{"href":"https:\/\/acampa-vacances.com\/it\/wp-json\/wp\/v2\/tourisme"}],"about":[{"href":"https:\/\/acampa-vacances.com\/it\/wp-json\/wp\/v2\/types\/tourisme"}],"author":[{"embeddable":true,"href":"https:\/\/acampa-vacances.com\/it\/wp-json\/wp\/v2\/users\/1"}],"version-history":[{"count":1,"href":"https:\/\/acampa-vacances.com\/it\/wp-json\/wp\/v2\/tourisme\/12389\/revisions"}],"predecessor-version":[{"id":12391,"href":"https:\/\/acampa-vacances.com\/it\/wp-json\/wp\/v2\/tourisme\/12389\/revisions\/12391"}],"wp:featuredmedia":[{"embeddable":true,"href":"https:\/\/acampa-vacances.com\/it\/wp-json\/wp\/v2\/media\/9704"}],"wp:attachment":[{"href":"https:\/\/acampa-vacances.com\/it\/wp-json\/wp\/v2\/media?parent=12389"}],"wp:term":[{"taxonomy":"tourisme","embeddable":true,"href":"https:\/\/acampa-vacances.com\/it\/wp-json\/wp\/v2\/tourisme?post=12389"}],"curies":[{"name":"wp","href":"https:\/\/api.w.org\/{rel}","templated":true}]}}

<nav class="fildariane"><a class="fildariane__item" href="https://acampa-vacances.com/it/">Acampa</a><span class="fc-icon"><svg xmlns="http://www.w3.org/2000/svg"  viewBox="0 0 320 512" width="16px" height="16px"><!--! Font Awesome Pro 6.4.2 by @fontawesome - https://fontawesome.com License - https://fontawesome.com/license (Commercial License) Copyright 2023 Fonticons, Inc.--><path d="M267.3 244.7c6.2 6.2 6.2 16.4 0 22.6l-160 160c-6.2 6.2-16.4 6.2-22.6 0s-6.2-16.4 0-22.6L233.4 256 84.7 107.3c-6.2-6.2-6.2-16.4 0-22.6s16.4-6.2 22.6 0l160 160z"/></svg></span><span class="fildariane__item">Le Pradet</span></nav><a class="fildariane__item retour" href="https://acampa-vacances.com/it/""><span class="fc-icon"><svg xmlns="http://www.w3.org/2000/svg"  viewBox="0 0 448 512" width="16px" height="16px"><!--! Font Awesome Pro 6.4.2 by @fontawesome - https://fontawesome.com License - https://fontawesome.com/license (Commercial License) Copyright 2023 Fonticons, Inc.--><path d="M7.4 273.4C2.7 268.8 0 262.6 0 256s2.7-12.8 7.4-17.4l176-168c9.6-9.2 24.8-8.8 33.9 .8s8.8 24.8-.8 33.9L83.9 232 424 232c13.3 0 24 10.7 24 24s-10.7 24-24 24L83.9 280 216.6 406.6c9.6 9.2 9.9 24.3 .8 33.9s-24.3 9.9-33.9 .8l-176-168z"/></svg></span>Torna alla pagina iniziale</a>
<h1>Le Pradet</h1><div class="columns"><div class="columns__item" style="align-self:center;"><figure style="position:relative;"><picture><source srcset="https://acampa-vacances.com/wp-content/uploads/2024/11/clairdelune-le-pradet-1-420x336.jpg.webp" media="(max-width: 210px)"><source srcset="https://acampa-vacances.com/wp-content/uploads/2024/11/clairdelune-le-pradet-1.jpg.webp" media="(max-width: 420px)"><source srcset="https://acampa-vacances.com/wp-content/uploads/2024/11/clairdelune-le-pradet-1.jpg.webp" media="(max-width: 850px)"><source srcset="https://acampa-vacances.com/wp-content/uploads/2024/11/clairdelune-le-pradet-1.jpg.webp" media="(max-width: 1024px)"><source srcset="https://acampa-vacances.com/wp-content/uploads/2024/11/clairdelune-le-pradet-1.jpg.webp" media="(min-width: 1025px)"><img decoding="async" src="https://acampa-vacances.com/wp-content/uploads/2024/11/clairdelune-le-pradet-1-420x336.jpg.webp" width="420" height="210" loading="lazy" alt="" title=""></picture><figcaption>Crediti fotografici: Le Pradet tourisme</figcaption></figure></div><div class="columns__item" style="align-self:center;"><h2>Località costiera</h2><p id="https://www.le-pradet.fr/"><a href="https://www.le-pradet.fr/" target="_blank" data-type="link" data-id="https://www.le-pradet.fr/" rel="noreferrer noopener">Le Pradet</a> è un&#8217;incantevole località sulla costa del Var, con 7 km di litorale. Calette selvagge si alternano a spiagge di sabbia fine circondate da una splendida vegetazione <strong>mediterranea</strong>. </p><p><strong>Le Pradet</strong> ha anche un piccolo porto tipicamente meridionale.</p><p>Parte del comune di La Garde fino alla fine del XIX secolo, <strong>Le Pradet</strong> divenne un comune indipendente nel 1894.</p><p><strong>Le Pradet</strong> ha sempre ospitato celebrità, confermando il suo status di località turistica nel corso degli anni. Murat, Raimu, la Baronessa di Rothschild, Paul Claudel, Georges Bernanos, Lord Winston Churchill, Re Giorgio V e il Principe di Galles hanno soggiornato in questo affascinante paesino provenzale. <strong>Le Pradet</strong> ha conservato il suo carattere meridionale sviluppando al contempo spazi verdi aperti agli escursionisti. </p></div></div><div class="columns"><div class="columns__item" style="align-self:center;"><h2><strong>Un&#8217;occasione imperdibile</strong></h2><ul><li><a href="https://acampa-vacances.com/it/blog/visitare-3-musei-durante-la-prossima-vacanza-nel-var/" data-type="blog" data-id="1093">Il museo della miniera di Cap Garonne</a>
</li><li>Il forte Gavaresse
</li><li>Parco Cravero e la sua galleria
</li><li>La chiesa di San Raimondo nel cuore del villaggio
</li><li>Il bosco di Courbebaisse con i suoi giardini tematici (giardino del prete, giardino della salvia, giardino dell&#8217;alveare con apiario didattico)
</li><li>Il percorso di scoperta
</li></ul></div><div class="columns__item" style="align-self:center;"><div class="gallery"><figure class="gallery__item"><picture><source srcset="https://acampa-vacances.com/wp-content/uploads/2024/11/clairdelune-le-pradet-2.jpg.webp" media="(max-width: 210px)"><source srcset="https://acampa-vacances.com/wp-content/uploads/2024/11/clairdelune-le-pradet-2.jpg.webp" media="(max-width: 420px)"><source srcset="https://acampa-vacances.com/wp-content/uploads/2024/11/clairdelune-le-pradet-2.jpg.webp" media="(max-width: 850px)"><source srcset="https://acampa-vacances.com/wp-content/uploads/2024/11/clairdelune-le-pradet-2.jpg.webp" media="(max-width: 1024px)"><source srcset="https://acampa-vacances.com/wp-content/uploads/2024/11/clairdelune-le-pradet-2.jpg.webp" media="(min-width: 1025px)"><img decoding="async" src="https://acampa-vacances.com/wp-content/uploads/2024/11/clairdelune-le-pradet-2.jpg.webp" width="420" height="210" loading="lazy" alt="" title=""></picture></figure><figure class="gallery__item"><picture><source srcset="https://acampa-vacances.com/wp-content/uploads/2024/11/clairdelune-le-pradet-3.jpg.webp" media="(max-width: 210px)"><source srcset="https://acampa-vacances.com/wp-content/uploads/2024/11/clairdelune-le-pradet-3.jpg.webp" media="(max-width: 420px)"><source srcset="https://acampa-vacances.com/wp-content/uploads/2024/11/clairdelune-le-pradet-3.jpg.webp" media="(max-width: 850px)"><source srcset="https://acampa-vacances.com/wp-content/uploads/2024/11/clairdelune-le-pradet-3.jpg.webp" media="(max-width: 1024px)"><source srcset="https://acampa-vacances.com/wp-content/uploads/2024/11/clairdelune-le-pradet-3.jpg.webp" media="(min-width: 1025px)"><img decoding="async" src="https://acampa-vacances.com/wp-content/uploads/2024/11/clairdelune-le-pradet-3.jpg.webp" width="420" height="210" loading="lazy" alt="" title=""></picture></figure></div></div></div>

<p>Le Pradet Località costiera Le Pradet è un&#8217;incantevole località sulla costa del Var, con 7 km di litorale. Calette selvagge si alternano a spiagge di sabbia fine circondate da una splendida vegetazione mediterranea. Le Pradet ha anche un piccolo porto tipicamente meridionale. Parte del comune di La Garde fino alla fine del XIX secolo, Le [&hellip;]</p>
