{"id":12400,"date":"2024-11-25T10:11:59","date_gmt":"2024-11-25T09:11:59","guid":{"rendered":"https:\/\/acampa-vacances.com\/tourisme\/la-capte\/"},"modified":"2025-01-29T12:09:20","modified_gmt":"2025-01-29T11:09:20","slug":"la-capte","status":"publish","type":"tourisme","link":"https:\/\/acampa-vacances.com\/it\/turismo\/la-capte\/","title":{"rendered":"La Capte"},"content":{"rendered":"<nav class=\"fildariane\"><a class=\"fildariane__item\" href=\"https:\/\/acampa-vacances.com\/it\/\">Acampa<\/a><span class=\"fc-icon\"><svg xmlns=\"http:\/\/www.w3.org\/2000\/svg\"  viewBox=\"0 0 320 512\" width=\"16px\" height=\"16px\"><!--! Font Awesome Pro 6.4.2 by @fontawesome - https:\/\/fontawesome.com License - https:\/\/fontawesome.com\/license (Commercial License) Copyright 2023 Fonticons, Inc.--><path d=\"M267.3 244.7c6.2 6.2 6.2 16.4 0 22.6l-160 160c-6.2 6.2-16.4 6.2-22.6 0s-6.2-16.4 0-22.6L233.4 256 84.7 107.3c-6.2-6.2-6.2-16.4 0-22.6s16.4-6.2 22.6 0l160 160z\"\/><\/svg><\/span><span class=\"fildariane__item\">La Capte<\/span><\/nav><a class=\"fildariane__item retour\" href=\"https:\/\/acampa-vacances.com\/it\/\"\"><span class=\"fc-icon\"><svg xmlns=\"http:\/\/www.w3.org\/2000\/svg\"  viewBox=\"0 0 448 512\" width=\"16px\" height=\"16px\"><!--! Font Awesome Pro 6.4.2 by @fontawesome - https:\/\/fontawesome.com License - https:\/\/fontawesome.com\/license (Commercial License) Copyright 2023 Fonticons, Inc.--><path d=\"M7.4 273.4C2.7 268.8 0 262.6 0 256s2.7-12.8 7.4-17.4l176-168c9.6-9.2 24.8-8.8 33.9 .8s8.8 24.8-.8 33.9L83.9 232 424 232c13.3 0 24 10.7 24 24s-10.7 24-24 24L83.9 280 216.6 406.6c9.6 9.2 9.9 24.3 .8 33.9s-24.3 9.9-33.9 .8l-176-168z\"\/><\/svg><\/span>Torna alla pagina iniziale<\/a>\n\n\n<h1>La Capte<\/h1>\n\n<div class=\"columns\"><div class=\"columns__item\" style=\"align-self:center;\"><p id=\"https:\/\/acampa-vacances.com\/tourisme\/hyeres-et-ses-activites-var-83-presquile-de-giens\/\"><strong>La Capte<\/strong> \u00e8 uno dei 14 quartieri <a href=\"https:\/\/acampa-vacances.com\/it\/turismo\/hyeres-e-le-sue-attivita-var-83-presquile-de-giens\/\" data-type=\"link\" data-id=\"https:\/\/acampa-vacances.com\/tourisme\/hyeres-et-ses-activites-var-83-presquile-de-giens\/\">di Hy\u00e8res<\/a>, nel sud-est della Francia, a est di <a href=\"https:\/\/acampa-vacances.com\/it\/turismo\/tolone\/\" data-type=\"link\" data-id=\"https:\/\/acampa-vacances.com\/tourisme\/toulon\/\">Tolone<\/a>. Tolone \u00e8 una citt\u00e0 del sud-est della Francia. Il paese si trova nel dipartimento del Var della regione Provenza-Alpi-Costa Azzurra.  <\/p><p>La popolazione locale \u00e8 conosciuta come Captois. La citt\u00e0 \u00e8 famosa per il suo aeroporto, il suo porto e la Torre della Fonduta. Quest&#8217;ultima \u00e8 il punto di partenza per le isole di Hy\u00e8res. Il villaggio abbonda di pini, mimose, agave ed eucalipti. Si tratta infatti di una piccola localit\u00e0 balneare di 102 ettari con 600 abitanti.    <\/p><\/div><div class=\"columns__item\"><figure><picture><source srcset=\"https:\/\/acampa-vacances.com\/wp-content\/uploads\/2024\/11\/sans-titre-9-1-420x420.jpg.webp\" media=\"(max-width: 210px)\"><source srcset=\"https:\/\/acampa-vacances.com\/wp-content\/uploads\/2024\/11\/sans-titre-9-1-850x567.jpg.webp\" media=\"(max-width: 420px)\"><source srcset=\"https:\/\/acampa-vacances.com\/wp-content\/uploads\/2024\/11\/sans-titre-9-1-768x512.jpg.webp\" media=\"(max-width: 850px)\"><source srcset=\"https:\/\/acampa-vacances.com\/wp-content\/uploads\/2024\/11\/sans-titre-9-1.jpg.webp\" media=\"(max-width: 1024px)\"><source srcset=\"https:\/\/acampa-vacances.com\/wp-content\/uploads\/2024\/11\/sans-titre-9-1.jpg.webp\" media=\"(min-width: 1025px)\"><img decoding=\"async\" src=\"https:\/\/acampa-vacances.com\/wp-content\/uploads\/2024\/11\/sans-titre-9-1-420x420.jpg.webp\" width=\"420\" height=\"210\" loading=\"lazy\" alt=\"\" title=\"\"><\/picture><\/figure><\/div><\/div>\n\n<div class=\"columns\"><div class=\"columns__item\"><figure><picture><source srcset=\"https:\/\/acampa-vacances.com\/wp-content\/uploads\/2024\/11\/la_capte_m-420x336.jpg.webp\" media=\"(max-width: 210px)\"><source srcset=\"https:\/\/acampa-vacances.com\/wp-content\/uploads\/2024\/11\/la_capte_m.jpg.webp\" media=\"(max-width: 420px)\"><source srcset=\"https:\/\/acampa-vacances.com\/wp-content\/uploads\/2024\/11\/la_capte_m.jpg.webp\" media=\"(max-width: 850px)\"><source srcset=\"https:\/\/acampa-vacances.com\/wp-content\/uploads\/2024\/11\/la_capte_m.jpg.webp\" media=\"(max-width: 1024px)\"><source srcset=\"https:\/\/acampa-vacances.com\/wp-content\/uploads\/2024\/11\/la_capte_m.jpg.webp\" media=\"(min-width: 1025px)\"><img decoding=\"async\" src=\"https:\/\/acampa-vacances.com\/wp-content\/uploads\/2024\/11\/la_capte_m-420x336.jpg.webp\" width=\"420\" height=\"210\" loading=\"lazy\" alt=\"\" title=\"\"><\/picture><\/figure><\/div><div class=\"columns__item\" style=\"align-self:center;\"><h2>La Capte, la localit\u00e0 balneare di Hy\u00e8res<\/h2><p id=\"https:\/\/acampa-vacances.com\/blog\/promenades-sur-la-presquile-de-giens-var\/\"><strong>La Capte<\/strong> \u00e8 una piccola localit\u00e0 balneare o villaggio che si estende su una superficie di 102 ettari. Si trova in uno dei 14 distretti di Hy\u00e8res. La frazione di <strong>La Capte<\/strong> si trova sulla <a href=\"https:\/\/acampa-vacances.com\/it\/blog\/passeggiate-sul-presquile-di-giens-var\/\" data-type=\"link\" data-id=\"https:\/\/acampa-vacances.com\/blog\/promenades-sur-la-presquile-de-giens-var\/\">penisola di Giens<\/a>, a 5 km dal <a href=\"https:\/\/acampa-vacances.com\/de\/clairdelune\/willkommen\/\" data-type=\"link\" data-id=\"https:\/\/acampa-vacances.com\/clairdelune\/accueil\/\">campeggio Clair de Lune di Hy\u00e8res<\/a>. La frazione prende il nome dal canale di raccolta dell&#8217;acqua di mare. Veniva utilizzato durante le saline. Oggi pi\u00f9 della met\u00e0 della frazione \u00e8 urbanizzata.     <\/p><\/div><\/div>\n\n<div class=\"columns\"><div class=\"columns__item\"><h2>La Capte: spiagge e divertimento<\/h2><p><strong>La Capte<\/strong> \u00e8 famosa per la sua spiaggia di sabbia lunga 4 km. L&#8217;acqua \u00e8 poco profonda e ogni membro della famiglia pu\u00f2 goderne appieno. La spiaggia della <strong>pineta di La Capte<\/strong> si estende per 20 ettari.  <\/p><p>  \u00c8 classificata come Zona Naturale di Interesse Ecologico, Faunistico e Floristico (ZNIEFF). Oltre alle spiagge, <strong>La Capte<\/strong> ha una serie di negozi nel centro del paese e un porto che accoglie centinaia di barche durante tutto l&#8217;anno.   <\/p><p>Non esitare a <strong>visitare il mercato provenzale di La Capte<\/strong>, con un centinaio di bancarelle. Qui troverai prodotti culinari e artigianali locali. Ogni domenica la Capte ospita un mercato delle pulci. Hy\u00e8res \u00e8 rinomata per le sue terme e la talassoterapia.     <\/p><p id=\"12338\">Il Camping Clair de Lune \u00e8 stato il primo campeggio ad aprire <a href=\"https:\/\/acampa-vacances.com\/it\/attivita-da-fare-in-giens\/\" data-type=\"page\" data-id=\"12338\">una spa privata a Giens<\/a>, a due passi da Capte Hy\u00e8res. Oggi \u00e8 facile trovare strutture termali nella regione dal <a href=\"https:\/\/acampa-vacances.com\/de\/clairdelune\/willkommen\/\" data-type=\"link\" data-id=\"https:\/\/acampa-vacances.com\/clairdelune\/accueil\/\">campeggio Var sul mare<\/a>.<\/p><\/div><\/div>","protected":false},"excerpt":{"rendered":"<p>La Capte La Capte \u00e8 uno dei 14 quartieri di Hy\u00e8res, nel sud-est della Francia, a est di Tolone. Tolone \u00e8 una citt\u00e0 del sud-est della Francia. Il paese si trova nel dipartimento del Var della regione Provenza-Alpi-Costa Azzurra. La popolazione locale \u00e8 conosciuta come Captois. La citt\u00e0 \u00e8 famosa per il suo aeroporto, il [&hellip;]<\/p>\n","protected":false},"author":1,"featured_media":2672,"parent":0,"menu_order":0,"template":"","format":"standard","meta":{"_acf_changed":false,"footnotes":""},"tourisme":[68],"acf":[],"_links":{"self":[{"href":"https:\/\/acampa-vacances.com\/it\/wp-json\/wp\/v2\/tourisme\/12400"}],"collection":[{"href":"https:\/\/acampa-vacances.com\/it\/wp-json\/wp\/v2\/tourisme"}],"about":[{"href":"https:\/\/acampa-vacances.com\/it\/wp-json\/wp\/v2\/types\/tourisme"}],"author":[{"embeddable":true,"href":"https:\/\/acampa-vacances.com\/it\/wp-json\/wp\/v2\/users\/1"}],"version-history":[{"count":2,"href":"https:\/\/acampa-vacances.com\/it\/wp-json\/wp\/v2\/tourisme\/12400\/revisions"}],"predecessor-version":[{"id":13896,"href":"https:\/\/acampa-vacances.com\/it\/wp-json\/wp\/v2\/tourisme\/12400\/revisions\/13896"}],"wp:featuredmedia":[{"embeddable":true,"href":"https:\/\/acampa-vacances.com\/it\/wp-json\/wp\/v2\/media\/2672"}],"wp:attachment":[{"href":"https:\/\/acampa-vacances.com\/it\/wp-json\/wp\/v2\/media?parent=12400"}],"wp:term":[{"taxonomy":"tourisme","embeddable":true,"href":"https:\/\/acampa-vacances.com\/it\/wp-json\/wp\/v2\/tourisme?post=12400"}],"curies":[{"name":"wp","href":"https:\/\/api.w.org\/{rel}","templated":true}]}}

<nav class="fildariane"><a class="fildariane__item" href="https://acampa-vacances.com/it/">Acampa</a><span class="fc-icon"><svg xmlns="http://www.w3.org/2000/svg"  viewBox="0 0 320 512" width="16px" height="16px"><!--! Font Awesome Pro 6.4.2 by @fontawesome - https://fontawesome.com License - https://fontawesome.com/license (Commercial License) Copyright 2023 Fonticons, Inc.--><path d="M267.3 244.7c6.2 6.2 6.2 16.4 0 22.6l-160 160c-6.2 6.2-16.4 6.2-22.6 0s-6.2-16.4 0-22.6L233.4 256 84.7 107.3c-6.2-6.2-6.2-16.4 0-22.6s16.4-6.2 22.6 0l160 160z"/></svg></span><span class="fildariane__item">La Capte</span></nav><a class="fildariane__item retour" href="https://acampa-vacances.com/it/""><span class="fc-icon"><svg xmlns="http://www.w3.org/2000/svg"  viewBox="0 0 448 512" width="16px" height="16px"><!--! Font Awesome Pro 6.4.2 by @fontawesome - https://fontawesome.com License - https://fontawesome.com/license (Commercial License) Copyright 2023 Fonticons, Inc.--><path d="M7.4 273.4C2.7 268.8 0 262.6 0 256s2.7-12.8 7.4-17.4l176-168c9.6-9.2 24.8-8.8 33.9 .8s8.8 24.8-.8 33.9L83.9 232 424 232c13.3 0 24 10.7 24 24s-10.7 24-24 24L83.9 280 216.6 406.6c9.6 9.2 9.9 24.3 .8 33.9s-24.3 9.9-33.9 .8l-176-168z"/></svg></span>Torna alla pagina iniziale</a>


<h1>La Capte</h1>

<div class="columns"><div class="columns__item" style="align-self:center;"><p id="https://acampa-vacances.com/tourisme/hyeres-et-ses-activites-var-83-presquile-de-giens/"><strong>La Capte</strong> è uno dei 14 quartieri <a href="https://acampa-vacances.com/it/turismo/hyeres-e-le-sue-attivita-var-83-presquile-de-giens/" data-type="link" data-id="https://acampa-vacances.com/tourisme/hyeres-et-ses-activites-var-83-presquile-de-giens/">di Hyères</a>, nel sud-est della Francia, a est di <a href="https://acampa-vacances.com/it/turismo/tolone/" data-type="link" data-id="https://acampa-vacances.com/tourisme/toulon/">Tolone</a>. Tolone è una città del sud-est della Francia. Il paese si trova nel dipartimento del Var della regione Provenza-Alpi-Costa Azzurra.  </p><p>La popolazione locale è conosciuta come Captois. La città è famosa per il suo aeroporto, il suo porto e la Torre della Fonduta. Quest&#8217;ultima è il punto di partenza per le isole di Hyères. Il villaggio abbonda di pini, mimose, agave ed eucalipti. Si tratta infatti di una piccola località balneare di 102 ettari con 600 abitanti.    </p></div><div class="columns__item"><figure><picture><source srcset="https://acampa-vacances.com/wp-content/uploads/2024/11/sans-titre-9-1-420x420.jpg.webp" media="(max-width: 210px)"><source srcset="https://acampa-vacances.com/wp-content/uploads/2024/11/sans-titre-9-1-850x567.jpg.webp" media="(max-width: 420px)"><source srcset="https://acampa-vacances.com/wp-content/uploads/2024/11/sans-titre-9-1-768x512.jpg.webp" media="(max-width: 850px)"><source srcset="https://acampa-vacances.com/wp-content/uploads/2024/11/sans-titre-9-1.jpg.webp" media="(max-width: 1024px)"><source srcset="https://acampa-vacances.com/wp-content/uploads/2024/11/sans-titre-9-1.jpg.webp" media="(min-width: 1025px)"><img decoding="async" src="https://acampa-vacances.com/wp-content/uploads/2024/11/sans-titre-9-1-420x420.jpg.webp" width="420" height="210" loading="lazy" alt="" title=""></picture></figure></div></div>

<div class="columns"><div class="columns__item"><figure><picture><source srcset="https://acampa-vacances.com/wp-content/uploads/2024/11/la_capte_m-420x336.jpg.webp" media="(max-width: 210px)"><source srcset="https://acampa-vacances.com/wp-content/uploads/2024/11/la_capte_m.jpg.webp" media="(max-width: 420px)"><source srcset="https://acampa-vacances.com/wp-content/uploads/2024/11/la_capte_m.jpg.webp" media="(max-width: 850px)"><source srcset="https://acampa-vacances.com/wp-content/uploads/2024/11/la_capte_m.jpg.webp" media="(max-width: 1024px)"><source srcset="https://acampa-vacances.com/wp-content/uploads/2024/11/la_capte_m.jpg.webp" media="(min-width: 1025px)"><img decoding="async" src="https://acampa-vacances.com/wp-content/uploads/2024/11/la_capte_m-420x336.jpg.webp" width="420" height="210" loading="lazy" alt="" title=""></picture></figure></div><div class="columns__item" style="align-self:center;"><h2>La Capte, la località balneare di Hyères</h2><p id="https://acampa-vacances.com/blog/promenades-sur-la-presquile-de-giens-var/"><strong>La Capte</strong> è una piccola località balneare o villaggio che si estende su una superficie di 102 ettari. Si trova in uno dei 14 distretti di Hyères. La frazione di <strong>La Capte</strong> si trova sulla <a href="https://acampa-vacances.com/it/blog/passeggiate-sul-presquile-di-giens-var/" data-type="link" data-id="https://acampa-vacances.com/blog/promenades-sur-la-presquile-de-giens-var/">penisola di Giens</a>, a 5 km dal <a href="https://acampa-vacances.com/de/clairdelune/willkommen/" data-type="link" data-id="https://acampa-vacances.com/clairdelune/accueil/">campeggio Clair de Lune di Hyères</a>. La frazione prende il nome dal canale di raccolta dell&#8217;acqua di mare. Veniva utilizzato durante le saline. Oggi più della metà della frazione è urbanizzata.     </p></div></div>

<div class="columns"><div class="columns__item"><h2>La Capte: spiagge e divertimento</h2><p><strong>La Capte</strong> è famosa per la sua spiaggia di sabbia lunga 4 km. L&#8217;acqua è poco profonda e ogni membro della famiglia può goderne appieno. La spiaggia della <strong>pineta di La Capte</strong> si estende per 20 ettari.  </p><p>  È classificata come Zona Naturale di Interesse Ecologico, Faunistico e Floristico (ZNIEFF). Oltre alle spiagge, <strong>La Capte</strong> ha una serie di negozi nel centro del paese e un porto che accoglie centinaia di barche durante tutto l&#8217;anno.   </p><p>Non esitare a <strong>visitare il mercato provenzale di La Capte</strong>, con un centinaio di bancarelle. Qui troverai prodotti culinari e artigianali locali. Ogni domenica la Capte ospita un mercato delle pulci. Hyères è rinomata per le sue terme e la talassoterapia.     </p><p id="12338">Il Camping Clair de Lune è stato il primo campeggio ad aprire <a href="https://acampa-vacances.com/it/attivita-da-fare-in-giens/" data-type="page" data-id="12338">una spa privata a Giens</a>, a due passi da Capte Hyères. Oggi è facile trovare strutture termali nella regione dal <a href="https://acampa-vacances.com/de/clairdelune/willkommen/" data-type="link" data-id="https://acampa-vacances.com/clairdelune/accueil/">campeggio Var sul mare</a>.</p></div></div>

<p>La Capte La Capte è uno dei 14 quartieri di Hyères, nel sud-est della Francia, a est di Tolone. Tolone è una città del sud-est della Francia. Il paese si trova nel dipartimento del Var della regione Provenza-Alpi-Costa Azzurra. La popolazione locale è conosciuta come Captois. La città è famosa per il suo aeroporto, il [&hellip;]</p>
