{"id":12483,"date":"2024-11-25T10:11:58","date_gmt":"2024-11-25T09:11:58","guid":{"rendered":"https:\/\/acampa-vacances.com\/tourisme\/partez-a-la-decouverte-de-port-cros-hyeresvar\/"},"modified":"2026-02-03T08:52:39","modified_gmt":"2026-02-03T07:52:39","slug":"partite-alla-scoperta-di-port-cros-hyeresvar","status":"publish","type":"tourisme","link":"https:\/\/acampa-vacances.com\/it\/turismo\/partite-alla-scoperta-di-port-cros-hyeresvar\/","title":{"rendered":"Isola di Port Cros"},"content":{"rendered":"<nav class=\"fildariane\"><a class=\"fildariane__item\" href=\"https:\/\/acampa-vacances.com\/it\/\">Acampa<\/a><span class=\"fc-icon\"><svg xmlns=\"http:\/\/www.w3.org\/2000\/svg\"  viewBox=\"0 0 320 512\" width=\"16px\" height=\"16px\"><!--! Font Awesome Pro 6.4.2 by @fontawesome - https:\/\/fontawesome.com License - https:\/\/fontawesome.com\/license (Commercial License) Copyright 2023 Fonticons, Inc.--><path d=\"M267.3 244.7c6.2 6.2 6.2 16.4 0 22.6l-160 160c-6.2 6.2-16.4 6.2-22.6 0s-6.2-16.4 0-22.6L233.4 256 84.7 107.3c-6.2-6.2-6.2-16.4 0-22.6s16.4-6.2 22.6 0l160 160z\"\/><\/svg><\/span><span class=\"fildariane__item\">Isola di Port Cros<\/span><\/nav><a class=\"fildariane__item retour\" href=\"https:\/\/acampa-vacances.com\/it\/\"\"><span class=\"fc-icon\"><svg xmlns=\"http:\/\/www.w3.org\/2000\/svg\"  viewBox=\"0 0 448 512\" width=\"16px\" height=\"16px\"><!--! Font Awesome Pro 6.4.2 by @fontawesome - https:\/\/fontawesome.com License - https:\/\/fontawesome.com\/license (Commercial License) Copyright 2023 Fonticons, Inc.--><path d=\"M7.4 273.4C2.7 268.8 0 262.6 0 256s2.7-12.8 7.4-17.4l176-168c9.6-9.2 24.8-8.8 33.9 .8s8.8 24.8-.8 33.9L83.9 232 424 232c13.3 0 24 10.7 24 24s-10.7 24-24 24L83.9 280 216.6 406.6c9.6 9.2 9.9 24.3 .8 33.9s-24.3 9.9-33.9 .8l-176-168z\"\/><\/svg><\/span>Torna alla pagina iniziale<\/a>\n\n\n<h1>Scopri Port-Cros (Hyeres, Var)<\/h1>\n\n<h2><strong>Scoprire l&#8217;isola di Port-Cros&#8230;<\/strong><\/h2>\n\n<p><strong>Port-Cros<\/strong> fa parte dell&#8217;arcipelago <strong>delle \u00eeles d&#8217;Or di Hy\u00e8res<\/strong>, che comprende <strong>Porquerolles<\/strong>, <strong>Port-Cros<\/strong> e<strong> Ile du Levant<\/strong>. Un cambio di scenario garantito! Prenditi il tempo per fermarti, guardare e ascoltare&#8230;    <\/p>\n\n<div class=\"columns\"><div class=\"columns__item\"><figure style=\"position:relative;\"><picture><source srcset=\"https:\/\/acampa-vacances.com\/wp-content\/uploads\/2024\/11\/PORT-CROS-420x420.jpeg.webp\" media=\"(max-width: 210px)\"><source srcset=\"https:\/\/acampa-vacances.com\/wp-content\/uploads\/2024\/11\/PORT-CROS-850x566.jpeg.webp\" media=\"(max-width: 420px)\"><source srcset=\"https:\/\/acampa-vacances.com\/wp-content\/uploads\/2024\/11\/PORT-CROS-768x512.jpeg.webp\" media=\"(max-width: 850px)\"><source srcset=\"https:\/\/acampa-vacances.com\/wp-content\/uploads\/2024\/11\/PORT-CROS-1024x682.jpeg.webp\" media=\"(max-width: 1024px)\"><source srcset=\"https:\/\/acampa-vacances.com\/wp-content\/uploads\/2024\/11\/PORT-CROS.jpeg.webp\" media=\"(min-width: 1025px)\"><img decoding=\"async\" src=\"https:\/\/acampa-vacances.com\/wp-content\/uploads\/2024\/11\/PORT-CROS-420x420.jpeg.webp\" width=\"420\" height=\"210\" loading=\"lazy\" alt=\"\" title=\"\"><\/picture><figcaption>Credito fotografico: <strong>\u00a9 Julien Mauceri \/ Tourisme Provence M\u00e9diterran\u00e9e<\/strong> &#8211; Port-Cros Var Hy\u00e8res Sud Camping Presqu&#8217;\u00eele de Giens<\/figcaption><\/figure><\/div><div class=\"columns__item\" style=\"align-self:center;\"><h3><strong>Una passeggiata alla scoperta dell&#8217;isola<\/strong><\/h3><p>Dimentica le lunghe spiagge sabbiose di Porquerolles! Fai spazio alle piccole insenature con acque cristalline: <\/p><ul><li>La spiaggia di Port-Man sulla punta dell&#8217;isola,\n<\/li><li>La spiaggia di La Palud, punto di partenza del percorso subacqueo,\n<\/li><li>la spiaggia meridionale con la sua atmosfera da laguna.\n<\/li><\/ul><p>Durante la tua passeggiata verso la spiaggia, scoprirai una serie di forti costruiti gi\u00e0 nel <sup>XVII<\/sup> secolo per proteggere l&#8217;isola dagli attacchi dei pirati. Il Fort de l&#8217;Estissac, all&#8217;estremit\u00e0 nord-occidentale dell&#8217;isola, offre una vista panoramica mozzafiato sul porto di Hy\u00e8res. <\/p><p>I trenta chilometri di sentieri sono spesso ex piste per capre! Goditi la vista sulla terraferma, su Levant e sull&#8217;isola di Bagaud (parte del Parco Nazionale di Port-Cros). Incontra gli uccelli che nidificano e osserva la tipica flora mediterranea.  <\/p><\/div><\/div>\n\n<div class=\"columns\"><div class=\"columns__item\" style=\"align-self:center;\"><h3><strong>Che ne dici di visitare Port-Cros sott&#8217;acqua?<\/strong><\/h3><p>L&#8217;isola di <strong>Port-Cros<\/strong> \u00e8 il primo parco marino d&#8217;Europa. Prendi pinne e boccaglio e dirigiti verso il sentiero sottomarino di La Palud. Scopri l&#8217;abbondante flora e fauna sottomarina. Questa riserva unica \u00e8 protetta da quasi 60 anni. Enormi praterie di posidonia ossigenano e filtrano l&#8217;acqua, ospitando piccoli pesci multicolori: girelle, saupi, triglie, orate&#8230; Scoprirai anche molte stelle marine, cavallucci marini&#8230;    <\/p><p>Questo acquario gigante \u00e8 <a href=\"https:\/\/divingiens.fr\/\" target=\"_blank\" rel=\"noreferrer noopener\">un paradiso per i sub<\/a>!<\/p><\/div><div class=\"columns__item\"><figure style=\"position:relative;\"><picture><source srcset=\"https:\/\/acampa-vacances.com\/wp-content\/uploads\/2024\/11\/OTPM_006089_BD-420x420.jpeg.webp\" media=\"(max-width: 210px)\"><source srcset=\"https:\/\/acampa-vacances.com\/wp-content\/uploads\/2024\/11\/OTPM_006089_BD-850x567.jpeg.webp\" media=\"(max-width: 420px)\"><source srcset=\"https:\/\/acampa-vacances.com\/wp-content\/uploads\/2024\/11\/OTPM_006089_BD-768x512.jpeg.webp\" media=\"(max-width: 850px)\"><source srcset=\"https:\/\/acampa-vacances.com\/wp-content\/uploads\/2024\/11\/OTPM_006089_BD.jpeg.webp\" media=\"(max-width: 1024px)\"><source srcset=\"https:\/\/acampa-vacances.com\/wp-content\/uploads\/2024\/11\/OTPM_006089_BD.jpeg.webp\" media=\"(min-width: 1025px)\"><img decoding=\"async\" src=\"https:\/\/acampa-vacances.com\/wp-content\/uploads\/2024\/11\/OTPM_006089_BD-420x420.jpeg.webp\" width=\"420\" height=\"210\" loading=\"lazy\" alt=\"\" title=\"\"><\/picture><figcaption>Credito fotografico: <strong>\u00a9 Parc National de Port-Cros<\/strong> &#8211; Var Hy\u00e8res Nature Plong\u00e9e Camping Presqu&#8217;\u00eele de Giens<\/figcaption><\/figure><\/div><\/div>\n\n<h3><strong>Prenota il tuo soggiorno in uno dei nostri campeggi partner a Giens<\/strong><\/h3>\n\n<p>La penisola di Giens \u00e8 un luogo dove terra e mare si fondono, dove la natura \u00e8 preservata e dove la vita \u00e8 bella tutto l&#8217;anno.<\/p>\n\n<p>Per scoprire tutti questi tesori inestimabili, prenota in uno dei nostri tre campeggi partner.<\/p>\n\n<p id=\"https:\/\/acampa-vacances.com\/clairdelune\/accueil\/\">Per una vacanza <strong>tranquilla e serena<\/strong>, prenota al campeggio <a href=\"https:\/\/acampa-vacances.com\/it\/clairdelune\/benvenuto\/\" data-type=\"link\" data-id=\"https:\/\/acampa-vacances.com\/clairdelune\/accueil\/\"><strong>Campeggio Clair de Lune<\/strong><\/a> e scopri i suoi alloggi insoliti, gli affitti di spa e le <a href=\"https:\/\/acampa-vacances.com\/it\/blog\/casa-mobile-in-affitto-var\/\">case mobili nel sud della Francia<\/a>.<\/p>\n\n<p>Scopri altri siti:  <\/p>\n\n<ul><li><a href=\"https:\/\/acampa-vacances.com\/it\/turismo\/partite-alla-scoperta-di-port-cros-hyeresvar\/\">L&#8217;isola di Port-Cros<\/a>\n<\/li><li><a href=\"https:\/\/acampa-vacances.com\/it\/turismo\/i-porti-di-hyeres\/\">I porti di Hy\u00e8res<\/a>\n<\/li><li><a href=\"https:\/\/acampa-vacances.com\/it\/turismo\/isole-doro\/\">Visita le Isole d&#8217;Oro<\/a>\n<\/li><\/ul>","protected":false},"excerpt":{"rendered":"<p>Scopri Port-Cros (Hyeres, Var) Scoprire l&#8217;isola di Port-Cros&#8230; Port-Cros fa parte dell&#8217;arcipelago delle \u00eeles d&#8217;Or di Hy\u00e8res, che comprende Porquerolles, Port-Cros e Ile du Levant. Un cambio di scenario garantito! Prenditi il tempo per fermarti, guardare e ascoltare&#8230; Una passeggiata alla scoperta dell&#8217;isola Dimentica le lunghe spiagge sabbiose di Porquerolles! Fai spazio alle piccole insenature [&hellip;]<\/p>\n","protected":false},"author":1,"featured_media":2584,"parent":0,"menu_order":0,"template":"","format":"standard","meta":{"_acf_changed":false,"footnotes":""},"tourisme":[74],"acf":[],"_links":{"self":[{"href":"https:\/\/acampa-vacances.com\/it\/wp-json\/wp\/v2\/tourisme\/12483"}],"collection":[{"href":"https:\/\/acampa-vacances.com\/it\/wp-json\/wp\/v2\/tourisme"}],"about":[{"href":"https:\/\/acampa-vacances.com\/it\/wp-json\/wp\/v2\/types\/tourisme"}],"author":[{"embeddable":true,"href":"https:\/\/acampa-vacances.com\/it\/wp-json\/wp\/v2\/users\/1"}],"version-history":[{"count":2,"href":"https:\/\/acampa-vacances.com\/it\/wp-json\/wp\/v2\/tourisme\/12483\/revisions"}],"predecessor-version":[{"id":16872,"href":"https:\/\/acampa-vacances.com\/it\/wp-json\/wp\/v2\/tourisme\/12483\/revisions\/16872"}],"wp:featuredmedia":[{"embeddable":true,"href":"https:\/\/acampa-vacances.com\/it\/wp-json\/wp\/v2\/media\/2584"}],"wp:attachment":[{"href":"https:\/\/acampa-vacances.com\/it\/wp-json\/wp\/v2\/media?parent=12483"}],"wp:term":[{"taxonomy":"tourisme","embeddable":true,"href":"https:\/\/acampa-vacances.com\/it\/wp-json\/wp\/v2\/tourisme?post=12483"}],"curies":[{"name":"wp","href":"https:\/\/api.w.org\/{rel}","templated":true}]}}

<nav class="fildariane"><a class="fildariane__item" href="https://acampa-vacances.com/it/">Acampa</a><span class="fc-icon"><svg xmlns="http://www.w3.org/2000/svg"  viewBox="0 0 320 512" width="16px" height="16px"><!--! Font Awesome Pro 6.4.2 by @fontawesome - https://fontawesome.com License - https://fontawesome.com/license (Commercial License) Copyright 2023 Fonticons, Inc.--><path d="M267.3 244.7c6.2 6.2 6.2 16.4 0 22.6l-160 160c-6.2 6.2-16.4 6.2-22.6 0s-6.2-16.4 0-22.6L233.4 256 84.7 107.3c-6.2-6.2-6.2-16.4 0-22.6s16.4-6.2 22.6 0l160 160z"/></svg></span><span class="fildariane__item">Isola di Port Cros</span></nav><a class="fildariane__item retour" href="https://acampa-vacances.com/it/""><span class="fc-icon"><svg xmlns="http://www.w3.org/2000/svg"  viewBox="0 0 448 512" width="16px" height="16px"><!--! Font Awesome Pro 6.4.2 by @fontawesome - https://fontawesome.com License - https://fontawesome.com/license (Commercial License) Copyright 2023 Fonticons, Inc.--><path d="M7.4 273.4C2.7 268.8 0 262.6 0 256s2.7-12.8 7.4-17.4l176-168c9.6-9.2 24.8-8.8 33.9 .8s8.8 24.8-.8 33.9L83.9 232 424 232c13.3 0 24 10.7 24 24s-10.7 24-24 24L83.9 280 216.6 406.6c9.6 9.2 9.9 24.3 .8 33.9s-24.3 9.9-33.9 .8l-176-168z"/></svg></span>Torna alla pagina iniziale</a>


<h1>Scopri Port-Cros (Hyeres, Var)</h1>

<h2><strong>Scoprire l&#8217;isola di Port-Cros&#8230;</strong></h2>

<p><strong>Port-Cros</strong> fa parte dell&#8217;arcipelago <strong>delle îles d&#8217;Or di Hyères</strong>, che comprende <strong>Porquerolles</strong>, <strong>Port-Cros</strong> e<strong> Ile du Levant</strong>. Un cambio di scenario garantito! Prenditi il tempo per fermarti, guardare e ascoltare&#8230;    </p>

<div class="columns"><div class="columns__item"><figure style="position:relative;"><picture><source srcset="https://acampa-vacances.com/wp-content/uploads/2024/11/PORT-CROS-420x420.jpeg.webp" media="(max-width: 210px)"><source srcset="https://acampa-vacances.com/wp-content/uploads/2024/11/PORT-CROS-850x566.jpeg.webp" media="(max-width: 420px)"><source srcset="https://acampa-vacances.com/wp-content/uploads/2024/11/PORT-CROS-768x512.jpeg.webp" media="(max-width: 850px)"><source srcset="https://acampa-vacances.com/wp-content/uploads/2024/11/PORT-CROS-1024x682.jpeg.webp" media="(max-width: 1024px)"><source srcset="https://acampa-vacances.com/wp-content/uploads/2024/11/PORT-CROS.jpeg.webp" media="(min-width: 1025px)"><img decoding="async" src="https://acampa-vacances.com/wp-content/uploads/2024/11/PORT-CROS-420x420.jpeg.webp" width="420" height="210" loading="lazy" alt="" title=""></picture><figcaption>Credito fotografico: <strong>© Julien Mauceri / Tourisme Provence Méditerranée</strong> &#8211; Port-Cros Var Hyères Sud Camping Presqu&#8217;île de Giens</figcaption></figure></div><div class="columns__item" style="align-self:center;"><h3><strong>Una passeggiata alla scoperta dell&#8217;isola</strong></h3><p>Dimentica le lunghe spiagge sabbiose di Porquerolles! Fai spazio alle piccole insenature con acque cristalline: </p><ul><li>La spiaggia di Port-Man sulla punta dell&#8217;isola,
</li><li>La spiaggia di La Palud, punto di partenza del percorso subacqueo,
</li><li>la spiaggia meridionale con la sua atmosfera da laguna.
</li></ul><p>Durante la tua passeggiata verso la spiaggia, scoprirai una serie di forti costruiti già nel <sup>XVII</sup> secolo per proteggere l&#8217;isola dagli attacchi dei pirati. Il Fort de l&#8217;Estissac, all&#8217;estremità nord-occidentale dell&#8217;isola, offre una vista panoramica mozzafiato sul porto di Hyères. </p><p>I trenta chilometri di sentieri sono spesso ex piste per capre! Goditi la vista sulla terraferma, su Levant e sull&#8217;isola di Bagaud (parte del Parco Nazionale di Port-Cros). Incontra gli uccelli che nidificano e osserva la tipica flora mediterranea.  </p></div></div>

<div class="columns"><div class="columns__item" style="align-self:center;"><h3><strong>Che ne dici di visitare Port-Cros sott&#8217;acqua?</strong></h3><p>L&#8217;isola di <strong>Port-Cros</strong> è il primo parco marino d&#8217;Europa. Prendi pinne e boccaglio e dirigiti verso il sentiero sottomarino di La Palud. Scopri l&#8217;abbondante flora e fauna sottomarina. Questa riserva unica è protetta da quasi 60 anni. Enormi praterie di posidonia ossigenano e filtrano l&#8217;acqua, ospitando piccoli pesci multicolori: girelle, saupi, triglie, orate&#8230; Scoprirai anche molte stelle marine, cavallucci marini&#8230;    </p><p>Questo acquario gigante è <a href="https://divingiens.fr/" target="_blank" rel="noreferrer noopener">un paradiso per i sub</a>!</p></div><div class="columns__item"><figure style="position:relative;"><picture><source srcset="https://acampa-vacances.com/wp-content/uploads/2024/11/OTPM_006089_BD-420x420.jpeg.webp" media="(max-width: 210px)"><source srcset="https://acampa-vacances.com/wp-content/uploads/2024/11/OTPM_006089_BD-850x567.jpeg.webp" media="(max-width: 420px)"><source srcset="https://acampa-vacances.com/wp-content/uploads/2024/11/OTPM_006089_BD-768x512.jpeg.webp" media="(max-width: 850px)"><source srcset="https://acampa-vacances.com/wp-content/uploads/2024/11/OTPM_006089_BD.jpeg.webp" media="(max-width: 1024px)"><source srcset="https://acampa-vacances.com/wp-content/uploads/2024/11/OTPM_006089_BD.jpeg.webp" media="(min-width: 1025px)"><img decoding="async" src="https://acampa-vacances.com/wp-content/uploads/2024/11/OTPM_006089_BD-420x420.jpeg.webp" width="420" height="210" loading="lazy" alt="" title=""></picture><figcaption>Credito fotografico: <strong>© Parc National de Port-Cros</strong> &#8211; Var Hyères Nature Plongée Camping Presqu&#8217;île de Giens</figcaption></figure></div></div>

<h3><strong>Prenota il tuo soggiorno in uno dei nostri campeggi partner a Giens</strong></h3>

<p>La penisola di Giens è un luogo dove terra e mare si fondono, dove la natura è preservata e dove la vita è bella tutto l&#8217;anno.</p>

<p>Per scoprire tutti questi tesori inestimabili, prenota in uno dei nostri tre campeggi partner.</p>

<p id="https://acampa-vacances.com/clairdelune/accueil/">Per una vacanza <strong>tranquilla e serena</strong>, prenota al campeggio <a href="https://acampa-vacances.com/it/clairdelune/benvenuto/" data-type="link" data-id="https://acampa-vacances.com/clairdelune/accueil/"><strong>Campeggio Clair de Lune</strong></a> e scopri i suoi alloggi insoliti, gli affitti di spa e le <a href="https://acampa-vacances.com/it/blog/casa-mobile-in-affitto-var/">case mobili nel sud della Francia</a>.</p>

<p>Scopri altri siti:  </p>

<ul><li><a href="https://acampa-vacances.com/it/turismo/partite-alla-scoperta-di-port-cros-hyeresvar/">L&#8217;isola di Port-Cros</a>
</li><li><a href="https://acampa-vacances.com/it/turismo/i-porti-di-hyeres/">I porti di Hyères</a>
</li><li><a href="https://acampa-vacances.com/it/turismo/isole-doro/">Visita le Isole d&#8217;Oro</a>
</li></ul>

<p>Scopri Port-Cros (Hyeres, Var) Scoprire l&#8217;isola di Port-Cros&#8230; Port-Cros fa parte dell&#8217;arcipelago delle îles d&#8217;Or di Hyères, che comprende Porquerolles, Port-Cros e Ile du Levant. Un cambio di scenario garantito! Prenditi il tempo per fermarti, guardare e ascoltare&#8230; Una passeggiata alla scoperta dell&#8217;isola Dimentica le lunghe spiagge sabbiose di Porquerolles! Fai spazio alle piccole insenature [&hellip;]</p>
