{"id":12498,"date":"2024-11-25T10:11:59","date_gmt":"2024-11-25T09:11:59","guid":{"rendered":"https:\/\/acampa-vacances.com\/tourisme\/carqueiranne-une-charmante-petite-station-balneaire\/"},"modified":"2025-01-29T09:22:11","modified_gmt":"2025-01-29T08:22:11","slug":"carqueiranne-una-piccola-localita-balneare-incantevole","status":"publish","type":"tourisme","link":"https:\/\/acampa-vacances.com\/it\/turismo\/carqueiranne-una-piccola-localita-balneare-incantevole\/","title":{"rendered":"Carqueiranne, localit\u00e0 balneare"},"content":{"rendered":"<nav class=\"fildariane\"><a class=\"fildariane__item\" href=\"https:\/\/acampa-vacances.com\/it\/\">Acampa<\/a><span class=\"fc-icon\"><svg xmlns=\"http:\/\/www.w3.org\/2000\/svg\"  viewBox=\"0 0 320 512\" width=\"16px\" height=\"16px\"><!--! Font Awesome Pro 6.4.2 by @fontawesome - https:\/\/fontawesome.com License - https:\/\/fontawesome.com\/license (Commercial License) Copyright 2023 Fonticons, Inc.--><path d=\"M267.3 244.7c6.2 6.2 6.2 16.4 0 22.6l-160 160c-6.2 6.2-16.4 6.2-22.6 0s-6.2-16.4 0-22.6L233.4 256 84.7 107.3c-6.2-6.2-6.2-16.4 0-22.6s16.4-6.2 22.6 0l160 160z\"\/><\/svg><\/span><span class=\"fildariane__item\">Carqueiranne, localit\u00e0 balneare<\/span><\/nav><a class=\"fildariane__item retour\" href=\"https:\/\/acampa-vacances.com\/it\/\"\"><span class=\"fc-icon\"><svg xmlns=\"http:\/\/www.w3.org\/2000\/svg\"  viewBox=\"0 0 448 512\" width=\"16px\" height=\"16px\"><!--! Font Awesome Pro 6.4.2 by @fontawesome - https:\/\/fontawesome.com License - https:\/\/fontawesome.com\/license (Commercial License) Copyright 2023 Fonticons, Inc.--><path d=\"M7.4 273.4C2.7 268.8 0 262.6 0 256s2.7-12.8 7.4-17.4l176-168c9.6-9.2 24.8-8.8 33.9 .8s8.8 24.8-.8 33.9L83.9 232 424 232c13.3 0 24 10.7 24 24s-10.7 24-24 24L83.9 280 216.6 406.6c9.6 9.2 9.9 24.3 .8 33.9s-24.3 9.9-33.9 .8l-176-168z\"\/><\/svg><\/span>Torna alla pagina iniziale<\/a>\n<h1>Carqueiranne: una piccola e affascinante localit\u00e0 balneare<\/h1><div class=\"columns\"><div class=\"columns__item\" style=\"align-self:center;\"><p id=\"https:\/\/acampa-vacances.com\/clairdelune\/accueil\/\">Carqueiranne \u00e8 un piccolo porto provenzale sulla costa del Var, a 15 km da Tolone, a 10 km dal <a href=\"https:\/\/acampa-vacances.com\/de\/clairdelune\/willkommen\/\" data-type=\"link\" data-id=\"https:\/\/acampa-vacances.com\/clairdelune\/accueil\/\">campeggio Clair de Lune<\/a> e a 6 km da Hy\u00e8res.<\/p><p>Il centro del paese \u00e8 davvero tranquillo e piacevole, mentre il porto e le rive offrono belle passeggiate e ottimi ristorantini, dove potrai gustare la cucina locale a base di pesce e crostacei. In estate c&#8217;\u00e8 molto intrattenimento. <\/p><\/div><div class=\"columns__item\"><figure style=\"position:relative;\"><picture><source srcset=\"https:\/\/acampa-vacances.com\/wp-content\/uploads\/2024\/11\/carqueiranne_s.jpg.webp\" media=\"(max-width: 210px)\"><source srcset=\"https:\/\/acampa-vacances.com\/wp-content\/uploads\/2024\/11\/carqueiranne_s.jpg.webp\" media=\"(max-width: 420px)\"><source srcset=\"https:\/\/acampa-vacances.com\/wp-content\/uploads\/2024\/11\/carqueiranne_s.jpg.webp\" media=\"(max-width: 850px)\"><source srcset=\"https:\/\/acampa-vacances.com\/wp-content\/uploads\/2024\/11\/carqueiranne_s.jpg.webp\" media=\"(max-width: 1024px)\"><source srcset=\"https:\/\/acampa-vacances.com\/wp-content\/uploads\/2024\/11\/carqueiranne_s.jpg.webp\" media=\"(min-width: 1025px)\"><img decoding=\"async\" src=\"https:\/\/acampa-vacances.com\/wp-content\/uploads\/2024\/11\/carqueiranne_s.jpg.webp\" width=\"420\" height=\"210\" style=\"width:45rem;\" loading=\"lazy\" alt=\"\" title=\"\"><\/picture><figcaption>Credito fotografico: Altair-Communication<\/figcaption><\/figure><\/div><\/div><div class=\"columns\"><div class=\"columns__item\"><figure style=\"position:relative;\"><picture><source srcset=\"https:\/\/acampa-vacances.com\/wp-content\/uploads\/2024\/11\/carqueiranne-port.jpg.webp\" media=\"(max-width: 210px)\"><source srcset=\"https:\/\/acampa-vacances.com\/wp-content\/uploads\/2024\/11\/carqueiranne-port.jpg.webp\" media=\"(max-width: 420px)\"><source srcset=\"https:\/\/acampa-vacances.com\/wp-content\/uploads\/2024\/11\/carqueiranne-port.jpg.webp\" media=\"(max-width: 850px)\"><source srcset=\"https:\/\/acampa-vacances.com\/wp-content\/uploads\/2024\/11\/carqueiranne-port.jpg.webp\" media=\"(max-width: 1024px)\"><source srcset=\"https:\/\/acampa-vacances.com\/wp-content\/uploads\/2024\/11\/carqueiranne-port.jpg.webp\" media=\"(min-width: 1025px)\"><img decoding=\"async\" src=\"https:\/\/acampa-vacances.com\/wp-content\/uploads\/2024\/11\/carqueiranne-port.jpg.webp\" width=\"420\" height=\"210\" loading=\"lazy\" alt=\"\" title=\"\"><\/picture><figcaption>Credito fotografico: Altair-Communication<\/figcaption><\/figure><\/div><div class=\"columns__item\" style=\"align-self:center;\"><h2>Il litorale e il porto di Carqueiranne<\/h2><p>Situata al centro della costa del Var, ai piedi di verdi colline di pini, Carqueiranne \u00e8 un grazioso porticciolo provenzale. Le sue spiagge di sabbia fine e le numerose insenature si gettano nelle acque blu turchese di fronte alle famose Iles d&#8217;Or. \u00c8 un piccolo villaggio provenzale pieno di fascino.  <\/p><p>La costa si estende per quasi 10 chilometri e offre una variet\u00e0 di paesaggi. Spiagge di sabbia fine o di ciottoli, scogliere ripide e rocce dalle forme insolite si alternano sullo sfondo di splendide ville ottocentesche. I siti classificati &#8220;Beau Rivage&#8221; e &#8220;Pins Pench\u00e9s&#8221; ospitano curiosi alberi contorti e protesi sull&#8217;acqua.  <\/p><\/div><\/div><div class=\"columns\"><div class=\"columns__item\"><h2>Spiagge e mare<\/h2><p>Non ci sono molte <a href=\"https:\/\/www.carqueiranne.fr\/se-divertir\/cote-mer\/plages-303.html\" rel=\"noopener\">spiagge a Carqueiranne<\/a>, ma sono molto belle e ci sono molte calette pi\u00f9 piccole e tranquille.  <\/p><p>Puoi andare in barca, in barca e soprattutto fare immersioni. Il fondale marino vicino alla riva ospita polpi, ricci di mare, stelle marine e pesci dai colori vivaci. <\/p><\/div><div class=\"columns__item\"><h2>Il centro e il mercato<\/h2><p>Se il porto di Carqueiranne \u00e8 molto caratteristico, anche il centro del paese \u00e8 molto piacevole. Avenue Jean Jaur\u00e8s, la via principale, e Place de la R\u00e9publique sono ben ombreggiate e vivaci.   <\/p><p>Ogni gioved\u00ec il centro ospita un mercato molto piacevole.<\/p><\/div><\/div><div class=\"columns\"><div class=\"columns__item\"><h2>Eventi estivi<\/h2><p>Il Festival Th\u00e9\u00e2tre In Situ si tiene ogni prima met\u00e0 di agosto al Fort de la Bayarde.  <\/p><p>Ogni mercoled\u00ec, per tutta l&#8217;estate, l&#8217;auditorium del Parc Saint-Vincent ospita uno spettacolo colorato nell&#8217;ambito dei famosi Moments de Clair Val.<\/p><\/div><div class=\"columns__item\"><h2>La capitale del tulipano a stelo lungo<\/h2><p>Il suo microclima meridionale ha permesso lo sviluppo dell&#8217;orticoltura e del giardinaggio decenni fa.<\/p><p>Le serre e le coltivazioni di fiori sono presenti ovunque nel comune, ma il pi\u00f9 conosciuto e ambito \u00e8 il tulipano. Infatti, questo &#8220;villaggio&#8221; di 10.000 abitanti \u00e8 oggi la capitale mondiale del tulipano a stelo lungo. <\/p><p id=\"https:\/\/www.carqueiranne.fr\/\"><a href=\"https:\/\/www.carqueiranne.fr\/\" target=\"_blank\" data-type=\"link\" data-id=\"https:\/\/www.carqueiranne.fr\/\" rel=\"noreferrer noopener\">Sito web ufficiale di Carqueiranne<\/a><\/p><\/div><\/div>","protected":false},"excerpt":{"rendered":"<p>Carqueiranne: una piccola e affascinante localit\u00e0 balneare Carqueiranne \u00e8 un piccolo porto provenzale sulla costa del Var, a 15 km da Tolone, a 10 km dal campeggio Clair de Lune e a 6 km da Hy\u00e8res. Il centro del paese \u00e8 davvero tranquillo e piacevole, mentre il porto e le rive offrono belle passeggiate e [&hellip;]<\/p>\n","protected":false},"author":1,"featured_media":2661,"parent":0,"menu_order":0,"template":"","format":"standard","meta":{"_acf_changed":false,"footnotes":""},"tourisme":[68],"acf":[],"_links":{"self":[{"href":"https:\/\/acampa-vacances.com\/it\/wp-json\/wp\/v2\/tourisme\/12498"}],"collection":[{"href":"https:\/\/acampa-vacances.com\/it\/wp-json\/wp\/v2\/tourisme"}],"about":[{"href":"https:\/\/acampa-vacances.com\/it\/wp-json\/wp\/v2\/types\/tourisme"}],"author":[{"embeddable":true,"href":"https:\/\/acampa-vacances.com\/it\/wp-json\/wp\/v2\/users\/1"}],"version-history":[{"count":1,"href":"https:\/\/acampa-vacances.com\/it\/wp-json\/wp\/v2\/tourisme\/12498\/revisions"}],"predecessor-version":[{"id":12499,"href":"https:\/\/acampa-vacances.com\/it\/wp-json\/wp\/v2\/tourisme\/12498\/revisions\/12499"}],"wp:featuredmedia":[{"embeddable":true,"href":"https:\/\/acampa-vacances.com\/it\/wp-json\/wp\/v2\/media\/2661"}],"wp:attachment":[{"href":"https:\/\/acampa-vacances.com\/it\/wp-json\/wp\/v2\/media?parent=12498"}],"wp:term":[{"taxonomy":"tourisme","embeddable":true,"href":"https:\/\/acampa-vacances.com\/it\/wp-json\/wp\/v2\/tourisme?post=12498"}],"curies":[{"name":"wp","href":"https:\/\/api.w.org\/{rel}","templated":true}]}}

Carqueiranne, località balneare

<nav class="fildariane"><a class="fildariane__item" href="https://acampa-vacances.com/it/">Acampa</a><span class="fc-icon"><svg xmlns="http://www.w3.org/2000/svg"  viewBox="0 0 320 512" width="16px" height="16px"><!--! Font Awesome Pro 6.4.2 by @fontawesome - https://fontawesome.com License - https://fontawesome.com/license (Commercial License) Copyright 2023 Fonticons, Inc.--><path d="M267.3 244.7c6.2 6.2 6.2 16.4 0 22.6l-160 160c-6.2 6.2-16.4 6.2-22.6 0s-6.2-16.4 0-22.6L233.4 256 84.7 107.3c-6.2-6.2-6.2-16.4 0-22.6s16.4-6.2 22.6 0l160 160z"/></svg></span><span class="fildariane__item">Carqueiranne, località balneare</span></nav><a class="fildariane__item retour" href="https://acampa-vacances.com/it/""><span class="fc-icon"><svg xmlns="http://www.w3.org/2000/svg"  viewBox="0 0 448 512" width="16px" height="16px"><!--! Font Awesome Pro 6.4.2 by @fontawesome - https://fontawesome.com License - https://fontawesome.com/license (Commercial License) Copyright 2023 Fonticons, Inc.--><path d="M7.4 273.4C2.7 268.8 0 262.6 0 256s2.7-12.8 7.4-17.4l176-168c9.6-9.2 24.8-8.8 33.9 .8s8.8 24.8-.8 33.9L83.9 232 424 232c13.3 0 24 10.7 24 24s-10.7 24-24 24L83.9 280 216.6 406.6c9.6 9.2 9.9 24.3 .8 33.9s-24.3 9.9-33.9 .8l-176-168z"/></svg></span>Torna alla pagina iniziale</a>
<h1>Carqueiranne: una piccola e affascinante località balneare</h1><div class="columns"><div class="columns__item" style="align-self:center;"><p id="https://acampa-vacances.com/clairdelune/accueil/">Carqueiranne è un piccolo porto provenzale sulla costa del Var, a 15 km da Tolone, a 10 km dal <a href="https://acampa-vacances.com/de/clairdelune/willkommen/" data-type="link" data-id="https://acampa-vacances.com/clairdelune/accueil/">campeggio Clair de Lune</a> e a 6 km da Hyères.</p><p>Il centro del paese è davvero tranquillo e piacevole, mentre il porto e le rive offrono belle passeggiate e ottimi ristorantini, dove potrai gustare la cucina locale a base di pesce e crostacei. In estate c&#8217;è molto intrattenimento. </p></div><div class="columns__item"><figure style="position:relative;"><picture><source srcset="https://acampa-vacances.com/wp-content/uploads/2024/11/carqueiranne_s.jpg.webp" media="(max-width: 210px)"><source srcset="https://acampa-vacances.com/wp-content/uploads/2024/11/carqueiranne_s.jpg.webp" media="(max-width: 420px)"><source srcset="https://acampa-vacances.com/wp-content/uploads/2024/11/carqueiranne_s.jpg.webp" media="(max-width: 850px)"><source srcset="https://acampa-vacances.com/wp-content/uploads/2024/11/carqueiranne_s.jpg.webp" media="(max-width: 1024px)"><source srcset="https://acampa-vacances.com/wp-content/uploads/2024/11/carqueiranne_s.jpg.webp" media="(min-width: 1025px)"><img decoding="async" src="https://acampa-vacances.com/wp-content/uploads/2024/11/carqueiranne_s.jpg.webp" width="420" height="210" style="width:45rem;" loading="lazy" alt="" title=""></picture><figcaption>Credito fotografico: Altair-Communication</figcaption></figure></div></div><div class="columns"><div class="columns__item"><figure style="position:relative;"><picture><source srcset="https://acampa-vacances.com/wp-content/uploads/2024/11/carqueiranne-port.jpg.webp" media="(max-width: 210px)"><source srcset="https://acampa-vacances.com/wp-content/uploads/2024/11/carqueiranne-port.jpg.webp" media="(max-width: 420px)"><source srcset="https://acampa-vacances.com/wp-content/uploads/2024/11/carqueiranne-port.jpg.webp" media="(max-width: 850px)"><source srcset="https://acampa-vacances.com/wp-content/uploads/2024/11/carqueiranne-port.jpg.webp" media="(max-width: 1024px)"><source srcset="https://acampa-vacances.com/wp-content/uploads/2024/11/carqueiranne-port.jpg.webp" media="(min-width: 1025px)"><img decoding="async" src="https://acampa-vacances.com/wp-content/uploads/2024/11/carqueiranne-port.jpg.webp" width="420" height="210" loading="lazy" alt="" title=""></picture><figcaption>Credito fotografico: Altair-Communication</figcaption></figure></div><div class="columns__item" style="align-self:center;"><h2>Il litorale e il porto di Carqueiranne</h2><p>Situata al centro della costa del Var, ai piedi di verdi colline di pini, Carqueiranne è un grazioso porticciolo provenzale. Le sue spiagge di sabbia fine e le numerose insenature si gettano nelle acque blu turchese di fronte alle famose Iles d&#8217;Or. È un piccolo villaggio provenzale pieno di fascino.  </p><p>La costa si estende per quasi 10 chilometri e offre una varietà di paesaggi. Spiagge di sabbia fine o di ciottoli, scogliere ripide e rocce dalle forme insolite si alternano sullo sfondo di splendide ville ottocentesche. I siti classificati &#8220;Beau Rivage&#8221; e &#8220;Pins Penchés&#8221; ospitano curiosi alberi contorti e protesi sull&#8217;acqua.  </p></div></div><div class="columns"><div class="columns__item"><h2>Spiagge e mare</h2><p>Non ci sono molte <a href="https://www.carqueiranne.fr/se-divertir/cote-mer/plages-303.html" rel="noopener">spiagge a Carqueiranne</a>, ma sono molto belle e ci sono molte calette più piccole e tranquille.  </p><p>Puoi andare in barca, in barca e soprattutto fare immersioni. Il fondale marino vicino alla riva ospita polpi, ricci di mare, stelle marine e pesci dai colori vivaci. </p></div><div class="columns__item"><h2>Il centro e il mercato</h2><p>Se il porto di Carqueiranne è molto caratteristico, anche il centro del paese è molto piacevole. Avenue Jean Jaurès, la via principale, e Place de la République sono ben ombreggiate e vivaci.   </p><p>Ogni giovedì il centro ospita un mercato molto piacevole.</p></div></div><div class="columns"><div class="columns__item"><h2>Eventi estivi</h2><p>Il Festival Théâtre In Situ si tiene ogni prima metà di agosto al Fort de la Bayarde.  </p><p>Ogni mercoledì, per tutta l&#8217;estate, l&#8217;auditorium del Parc Saint-Vincent ospita uno spettacolo colorato nell&#8217;ambito dei famosi Moments de Clair Val.</p></div><div class="columns__item"><h2>La capitale del tulipano a stelo lungo</h2><p>Il suo microclima meridionale ha permesso lo sviluppo dell&#8217;orticoltura e del giardinaggio decenni fa.</p><p>Le serre e le coltivazioni di fiori sono presenti ovunque nel comune, ma il più conosciuto e ambito è il tulipano. Infatti, questo &#8220;villaggio&#8221; di 10.000 abitanti è oggi la capitale mondiale del tulipano a stelo lungo. </p><p id="https://www.carqueiranne.fr/"><a href="https://www.carqueiranne.fr/" target="_blank" data-type="link" data-id="https://www.carqueiranne.fr/" rel="noreferrer noopener">Sito web ufficiale di Carqueiranne</a></p></div></div>

<p>Carqueiranne: una piccola e affascinante località balneare Carqueiranne è un piccolo porto provenzale sulla costa del Var, a 15 km da Tolone, a 10 km dal campeggio Clair de Lune e a 6 km da Hyères. Il centro del paese è davvero tranquillo e piacevole, mentre il porto e le rive offrono belle passeggiate e [&hellip;]</p>
