{"id":12664,"date":"2024-11-25T10:11:55","date_gmt":"2024-11-25T09:11:55","guid":{"rendered":"https:\/\/acampa-vacances.com\/tourisme\/la-corniche-des-maures-a-velo\/"},"modified":"2025-01-29T09:22:30","modified_gmt":"2025-01-29T08:22:30","slug":"la-corniche-des-maures-in-bicicletta","status":"publish","type":"tourisme","link":"https:\/\/acampa-vacances.com\/it\/turismo\/la-corniche-des-maures-in-bicicletta\/","title":{"rendered":"La Corniche des Maures in bicicletta"},"content":{"rendered":"<nav class=\"fildariane\"><a class=\"fildariane__item\" href=\"https:\/\/acampa-vacances.com\/it\/\">Acampa<\/a><span class=\"fc-icon\"><svg xmlns=\"http:\/\/www.w3.org\/2000\/svg\"  viewBox=\"0 0 320 512\" width=\"16px\" height=\"16px\"><!--! Font Awesome Pro 6.4.2 by @fontawesome - https:\/\/fontawesome.com License - https:\/\/fontawesome.com\/license (Commercial License) Copyright 2023 Fonticons, Inc.--><path d=\"M267.3 244.7c6.2 6.2 6.2 16.4 0 22.6l-160 160c-6.2 6.2-16.4 6.2-22.6 0s-6.2-16.4 0-22.6L233.4 256 84.7 107.3c-6.2-6.2-6.2-16.4 0-22.6s16.4-6.2 22.6 0l160 160z\"\/><\/svg><\/span><span class=\"fildariane__item\">La Corniche des Maures in bicicletta<\/span><\/nav><a class=\"fildariane__item retour\" href=\"https:\/\/acampa-vacances.com\/it\/\"\"><span class=\"fc-icon\"><svg xmlns=\"http:\/\/www.w3.org\/2000\/svg\"  viewBox=\"0 0 448 512\" width=\"16px\" height=\"16px\"><!--! Font Awesome Pro 6.4.2 by @fontawesome - https:\/\/fontawesome.com License - https:\/\/fontawesome.com\/license (Commercial License) Copyright 2023 Fonticons, Inc.--><path d=\"M7.4 273.4C2.7 268.8 0 262.6 0 256s2.7-12.8 7.4-17.4l176-168c9.6-9.2 24.8-8.8 33.9 .8s8.8 24.8-.8 33.9L83.9 232 424 232c13.3 0 24 10.7 24 24s-10.7 24-24 24L83.9 280 216.6 406.6c9.6 9.2 9.9 24.3 .8 33.9s-24.3 9.9-33.9 .8l-176-168z\"\/><\/svg><\/span>Torna alla pagina iniziale<\/a>\n<div class=\"columns\"><div class=\"columns__item\" style=\"align-self:center;\"><h1>La Corniche des Maures in bicicletta<\/h1><p>Il Var \u00e8 una zona magnifica con sole quasi tutto l&#8217;anno, quindi \u00e8 il luogo ideale per godersi la natura e la diversit\u00e0 dei suoi paesaggi. Se ti interessa camminare e andare in bicicletta, ecco i dettagli del<strong> circuito Corniche des Maures<\/strong>. <\/p><\/div><div class=\"columns__item\"><figure><picture><source srcset=\"https:\/\/acampa-vacances.com\/wp-content\/uploads\/2024\/12\/clairdelune-la-corniche-des-maures-a-velo-1.webp\" media=\"(max-width: 210px)\"><source srcset=\"https:\/\/acampa-vacances.com\/wp-content\/uploads\/2024\/12\/clairdelune-la-corniche-des-maures-a-velo-1.webp\" media=\"(max-width: 420px)\"><source srcset=\"https:\/\/acampa-vacances.com\/wp-content\/uploads\/2024\/12\/clairdelune-la-corniche-des-maures-a-velo-1.webp\" media=\"(max-width: 850px)\"><source srcset=\"https:\/\/acampa-vacances.com\/wp-content\/uploads\/2024\/12\/clairdelune-la-corniche-des-maures-a-velo-1.webp\" media=\"(max-width: 1024px)\"><source srcset=\"https:\/\/acampa-vacances.com\/wp-content\/uploads\/2024\/12\/clairdelune-la-corniche-des-maures-a-velo-1.webp\" media=\"(min-width: 1025px)\"><img decoding=\"async\" src=\"https:\/\/acampa-vacances.com\/wp-content\/uploads\/2024\/12\/clairdelune-la-corniche-des-maures-a-velo-1.webp\" width=\"420\" height=\"210\" loading=\"lazy\" alt=\"\" title=\"\"><\/picture><\/figure><\/div><\/div><h2>Partenza da Cogolin sul circuito Corniche des Maures<\/h2><p id=\"2586\">Parti da Cogolin, un pittoresco villaggio del <a href=\"https:\/\/acampa-vacances.com\/it\/turismo-a-hyeres\/dintorni\/\" data-type=\"page\" data-id=\"2586\">Var<\/a>.<br\/>Percorri i portici a serpentina, poi aggira il ponte dell&#8217;orologio e passa davanti alla fabbrica di tappeti e alla fabbrica di pipe di radica. Poi, a ovest, prendi la Route Nationale 98 e passa davanti allo Ch\u00e2teau de Tremouri\u00e8s, che si trova dopo lo Ch\u00e2teau de la M\u00f4le, risalente all&#8217;XI secolo, e vicino al campo di aviazione. Questo magnifico edificio storico apparteneva a Saint-Exup\u00e9ry. Da qui, gira a sinistra verso la D27 e sali sul Col du Canadel, alto quasi 267 metri.   <\/p><h2>Dal Col de Canadel a Lavandou(15 km)<\/h2><p>Dall&#8217;ultima tappa, sali a destra e ammira l&#8217;eccezionale panorama offerto dalle cime del Mercantour e dell&#8217;Haut Var. Dopo circa 372 metri, supera il Col de Barral e prosegui lungo la cresta a destra.<br\/>Da qui potrai ammirare un altro paesaggio altrettanto eccezionale: il panorama della costa dei Maures e delle isole di Hy\u00e8res. Scendi poi verso il passo di Landon, lungo circa 380 metri, e il passo di Caguo-Ven, lungo 220 metri.<br\/>Lungo questi passi, ammira la gola Femme-Morte e il sito di immersione sopra Bormes, la citt\u00e0 mercato medievale e le rovine del castello del XIII secolo. Poi gira a sinistra all&#8217;ingresso di Le Pin de Bormes e unisciti alla D559 a La Ravelle. Da qui, preparati a percorrere un altro circuito di 36 chilometri. Ricordati di riposare un po&#8217; prima di continuare il viaggio.     <\/p><h2>Da Lavandou a Cavalaire sur Mer<\/h2><p id=\"971\">Dopo La Ravelle, gira a sinistra per Le Lavandou, una localit\u00e0 balneare e un porto di pesca. Attraversa il villaggio, che \u00e8 composto da piccole localit\u00e0 balneari a partire dalla Corniche des Maures.<br\/>Poi attraversa Saint-Clair, La Fossette, Cavali\u00e8re e infine Pramousquier, che \u00e8 un memoriale dei commando africani. Sali in cima al belvedere di Dattier mentre sali verso Canadel e<a href=\"https:\/\/acampa-vacances.com\/it\/turismo\/il-dominio-du-rayol\/\" data-type=\"tourisme\" data-id=\"971\">Le Rayol<\/a>. In cima potrai ammirare un altro tipo di panorama eccezionalmente bello e autentico della costa dei Maures.   <\/p><div class=\"columns\"><div class=\"columns__item\" style=\"align-self:center;\"><h2>Da Cavalaire-sur-Mer a La Croix Valmer<\/h2><p>Cavalaire-sur-Mer \u00e8 un&#8217;altra localit\u00e0 balneare che ospita i resti del castello distrutto nel 1946. Percorri la spiaggia, famosa per lo sbarco americano del 15 agosto 1944. Poi sali la rampa attraverso i vasti vigneti di La Croix-Valmer.  <\/p><\/div><div class=\"columns__item\"><figure style=\"position:relative;\"><picture><source srcset=\"https:\/\/acampa-vacances.com\/wp-content\/uploads\/2024\/12\/clairdelune-la-corniche-des-maures-a-velo-2.jpg.webp\" media=\"(max-width: 210px)\"><source srcset=\"https:\/\/acampa-vacances.com\/wp-content\/uploads\/2024\/12\/clairdelune-la-corniche-des-maures-a-velo-2.jpg.webp\" media=\"(max-width: 420px)\"><source srcset=\"https:\/\/acampa-vacances.com\/wp-content\/uploads\/2024\/12\/clairdelune-la-corniche-des-maures-a-velo-2.jpg.webp\" media=\"(max-width: 850px)\"><source srcset=\"https:\/\/acampa-vacances.com\/wp-content\/uploads\/2024\/12\/clairdelune-la-corniche-des-maures-a-velo-2.jpg.webp\" media=\"(max-width: 1024px)\"><source srcset=\"https:\/\/acampa-vacances.com\/wp-content\/uploads\/2024\/12\/clairdelune-la-corniche-des-maures-a-velo-2.jpg.webp\" media=\"(min-width: 1025px)\"><img decoding=\"async\" src=\"https:\/\/acampa-vacances.com\/wp-content\/uploads\/2024\/12\/clairdelune-la-corniche-des-maures-a-velo-2.jpg.webp\" width=\"420\" height=\"210\" loading=\"lazy\" alt=\"\" title=\"\"><\/picture><figcaption>Credito fotografico: Hy\u00e8res-tourisme<\/figcaption><\/figure><\/div><\/div><div class=\"columns\"><div class=\"columns__item\"><figure style=\"position:relative;\"><picture><source srcset=\"https:\/\/acampa-vacances.com\/wp-content\/uploads\/2024\/12\/clairdelune-la-corniche-des-maures-a-velo-3.jpg.webp\" media=\"(max-width: 210px)\"><source srcset=\"https:\/\/acampa-vacances.com\/wp-content\/uploads\/2024\/12\/clairdelune-la-corniche-des-maures-a-velo-3.jpg.webp\" media=\"(max-width: 420px)\"><source srcset=\"https:\/\/acampa-vacances.com\/wp-content\/uploads\/2024\/12\/clairdelune-la-corniche-des-maures-a-velo-3.jpg.webp\" media=\"(max-width: 850px)\"><source srcset=\"https:\/\/acampa-vacances.com\/wp-content\/uploads\/2024\/12\/clairdelune-la-corniche-des-maures-a-velo-3.jpg.webp\" media=\"(max-width: 1024px)\"><source srcset=\"https:\/\/acampa-vacances.com\/wp-content\/uploads\/2024\/12\/clairdelune-la-corniche-des-maures-a-velo-3.jpg.webp\" media=\"(min-width: 1025px)\"><img decoding=\"async\" src=\"https:\/\/acampa-vacances.com\/wp-content\/uploads\/2024\/12\/clairdelune-la-corniche-des-maures-a-velo-3.jpg.webp\" width=\"420\" height=\"210\" loading=\"lazy\" alt=\"\" title=\"\"><\/picture><figcaption>Credito fotografico: Hy\u00e8res-tourisme<\/figcaption><\/figure><\/div><div class=\"columns__item\" style=\"align-self:center;\"><h2>Da La Croix Valmer a St Tropez<\/h2><p>Poi gira a destra attraverso il sentiero 1393. Sali gradualmente verso il Col de la Baie de Cavalaire e scendi nella pianura di Ramatuelle. Qui troverai una cantina cooperativa.    <\/p><p>Da qui, gira a destra sulla D93, che corre parallela alla bellissima spiaggia di Pampelonne. Arriverai allo Ch\u00e2teau de Pampelonne. <br\/><\/p><p>Dopo lo Ch\u00e2teau de Sainte-Anne, gira a destra lungo il sentiero comunale e supera la Chapelle Sainte-Anne del XIII secolo prima di entrare a Saint-Tropez.<\/p><\/div><\/div><h2>Da Saint Tropez a Cogolin<\/h2><p>Saint-Tropez \u00e8 un centro storico molto popolare. Qui troverai numerosi monumenti storici, tra cui la Maison des Corsaires, una cittadella del XVI secolo, il Ch\u00e2teau de Suffren del XVII secolo, il Mus\u00e9e de l&#8217;Annonciate, il Mus\u00e9e Naval e la Place de la Bravade. <br\/><\/p><p>Poi prendi la D38 fino all&#8217;incrocio Four. Potrai fare un giro di 3,5 km fino a Port-Grimaud, un complesso residenziale sul lago in stile veneziano. <br\/><\/p><p>Infine, attraversa l&#8217;incrocio e prendi la N98 per raggiungere Cogolin. Il tuo tour \u00e8 ora completo. Le guide sono disponibili in loco se desideri maggiori informazioni su questo bellissimo percorso, dove potrai rilassarti, staccare la spina e migliorare le tue conoscenze generali.  <\/p>","protected":false},"excerpt":{"rendered":"<p>La Corniche des Maures in bicicletta Il Var \u00e8 una zona magnifica con sole quasi tutto l&#8217;anno, quindi \u00e8 il luogo ideale per godersi la natura e la diversit\u00e0 dei suoi paesaggi. Se ti interessa camminare e andare in bicicletta, ecco i dettagli del circuito Corniche des Maures. Partenza da Cogolin sul circuito Corniche des [&hellip;]<\/p>\n","protected":false},"author":1,"featured_media":9232,"parent":0,"menu_order":0,"template":"","format":"standard","meta":{"_acf_changed":false,"footnotes":""},"tourisme":[72],"acf":[],"_links":{"self":[{"href":"https:\/\/acampa-vacances.com\/it\/wp-json\/wp\/v2\/tourisme\/12664"}],"collection":[{"href":"https:\/\/acampa-vacances.com\/it\/wp-json\/wp\/v2\/tourisme"}],"about":[{"href":"https:\/\/acampa-vacances.com\/it\/wp-json\/wp\/v2\/types\/tourisme"}],"author":[{"embeddable":true,"href":"https:\/\/acampa-vacances.com\/it\/wp-json\/wp\/v2\/users\/1"}],"version-history":[{"count":1,"href":"https:\/\/acampa-vacances.com\/it\/wp-json\/wp\/v2\/tourisme\/12664\/revisions"}],"predecessor-version":[{"id":12666,"href":"https:\/\/acampa-vacances.com\/it\/wp-json\/wp\/v2\/tourisme\/12664\/revisions\/12666"}],"wp:featuredmedia":[{"embeddable":true,"href":"https:\/\/acampa-vacances.com\/it\/wp-json\/wp\/v2\/media\/9232"}],"wp:attachment":[{"href":"https:\/\/acampa-vacances.com\/it\/wp-json\/wp\/v2\/media?parent=12664"}],"wp:term":[{"taxonomy":"tourisme","embeddable":true,"href":"https:\/\/acampa-vacances.com\/it\/wp-json\/wp\/v2\/tourisme?post=12664"}],"curies":[{"name":"wp","href":"https:\/\/api.w.org\/{rel}","templated":true}]}}

<nav class="fildariane"><a class="fildariane__item" href="https://acampa-vacances.com/it/">Acampa</a><span class="fc-icon"><svg xmlns="http://www.w3.org/2000/svg"  viewBox="0 0 320 512" width="16px" height="16px"><!--! Font Awesome Pro 6.4.2 by @fontawesome - https://fontawesome.com License - https://fontawesome.com/license (Commercial License) Copyright 2023 Fonticons, Inc.--><path d="M267.3 244.7c6.2 6.2 6.2 16.4 0 22.6l-160 160c-6.2 6.2-16.4 6.2-22.6 0s-6.2-16.4 0-22.6L233.4 256 84.7 107.3c-6.2-6.2-6.2-16.4 0-22.6s16.4-6.2 22.6 0l160 160z"/></svg></span><span class="fildariane__item">La Corniche des Maures in bicicletta</span></nav><a class="fildariane__item retour" href="https://acampa-vacances.com/it/""><span class="fc-icon"><svg xmlns="http://www.w3.org/2000/svg"  viewBox="0 0 448 512" width="16px" height="16px"><!--! Font Awesome Pro 6.4.2 by @fontawesome - https://fontawesome.com License - https://fontawesome.com/license (Commercial License) Copyright 2023 Fonticons, Inc.--><path d="M7.4 273.4C2.7 268.8 0 262.6 0 256s2.7-12.8 7.4-17.4l176-168c9.6-9.2 24.8-8.8 33.9 .8s8.8 24.8-.8 33.9L83.9 232 424 232c13.3 0 24 10.7 24 24s-10.7 24-24 24L83.9 280 216.6 406.6c9.6 9.2 9.9 24.3 .8 33.9s-24.3 9.9-33.9 .8l-176-168z"/></svg></span>Torna alla pagina iniziale</a>
<div class="columns"><div class="columns__item" style="align-self:center;"><h1>La Corniche des Maures in bicicletta</h1><p>Il Var è una zona magnifica con sole quasi tutto l&#8217;anno, quindi è il luogo ideale per godersi la natura e la diversità dei suoi paesaggi. Se ti interessa camminare e andare in bicicletta, ecco i dettagli del<strong> circuito Corniche des Maures</strong>. </p></div><div class="columns__item"><figure><picture><source srcset="https://acampa-vacances.com/wp-content/uploads/2024/12/clairdelune-la-corniche-des-maures-a-velo-1.webp" media="(max-width: 210px)"><source srcset="https://acampa-vacances.com/wp-content/uploads/2024/12/clairdelune-la-corniche-des-maures-a-velo-1.webp" media="(max-width: 420px)"><source srcset="https://acampa-vacances.com/wp-content/uploads/2024/12/clairdelune-la-corniche-des-maures-a-velo-1.webp" media="(max-width: 850px)"><source srcset="https://acampa-vacances.com/wp-content/uploads/2024/12/clairdelune-la-corniche-des-maures-a-velo-1.webp" media="(max-width: 1024px)"><source srcset="https://acampa-vacances.com/wp-content/uploads/2024/12/clairdelune-la-corniche-des-maures-a-velo-1.webp" media="(min-width: 1025px)"><img decoding="async" src="https://acampa-vacances.com/wp-content/uploads/2024/12/clairdelune-la-corniche-des-maures-a-velo-1.webp" width="420" height="210" loading="lazy" alt="" title=""></picture></figure></div></div><h2>Partenza da Cogolin sul circuito Corniche des Maures</h2><p id="2586">Parti da Cogolin, un pittoresco villaggio del <a href="https://acampa-vacances.com/it/turismo-a-hyeres/dintorni/" data-type="page" data-id="2586">Var</a>.<br/>Percorri i portici a serpentina, poi aggira il ponte dell&#8217;orologio e passa davanti alla fabbrica di tappeti e alla fabbrica di pipe di radica. Poi, a ovest, prendi la Route Nationale 98 e passa davanti allo Château de Tremouriès, che si trova dopo lo Château de la Môle, risalente all&#8217;XI secolo, e vicino al campo di aviazione. Questo magnifico edificio storico apparteneva a Saint-Exupéry. Da qui, gira a sinistra verso la D27 e sali sul Col du Canadel, alto quasi 267 metri.   </p><h2>Dal Col de Canadel a Lavandou(15 km)</h2><p>Dall&#8217;ultima tappa, sali a destra e ammira l&#8217;eccezionale panorama offerto dalle cime del Mercantour e dell&#8217;Haut Var. Dopo circa 372 metri, supera il Col de Barral e prosegui lungo la cresta a destra.<br/>Da qui potrai ammirare un altro paesaggio altrettanto eccezionale: il panorama della costa dei Maures e delle isole di Hyères. Scendi poi verso il passo di Landon, lungo circa 380 metri, e il passo di Caguo-Ven, lungo 220 metri.<br/>Lungo questi passi, ammira la gola Femme-Morte e il sito di immersione sopra Bormes, la città mercato medievale e le rovine del castello del XIII secolo. Poi gira a sinistra all&#8217;ingresso di Le Pin de Bormes e unisciti alla D559 a La Ravelle. Da qui, preparati a percorrere un altro circuito di 36 chilometri. Ricordati di riposare un po&#8217; prima di continuare il viaggio.     </p><h2>Da Lavandou a Cavalaire sur Mer</h2><p id="971">Dopo La Ravelle, gira a sinistra per Le Lavandou, una località balneare e un porto di pesca. Attraversa il villaggio, che è composto da piccole località balneari a partire dalla Corniche des Maures.<br/>Poi attraversa Saint-Clair, La Fossette, Cavalière e infine Pramousquier, che è un memoriale dei commando africani. Sali in cima al belvedere di Dattier mentre sali verso Canadel e<a href="https://acampa-vacances.com/it/turismo/il-dominio-du-rayol/" data-type="tourisme" data-id="971">Le Rayol</a>. In cima potrai ammirare un altro tipo di panorama eccezionalmente bello e autentico della costa dei Maures.   </p><div class="columns"><div class="columns__item" style="align-self:center;"><h2>Da Cavalaire-sur-Mer a La Croix Valmer</h2><p>Cavalaire-sur-Mer è un&#8217;altra località balneare che ospita i resti del castello distrutto nel 1946. Percorri la spiaggia, famosa per lo sbarco americano del 15 agosto 1944. Poi sali la rampa attraverso i vasti vigneti di La Croix-Valmer.  </p></div><div class="columns__item"><figure style="position:relative;"><picture><source srcset="https://acampa-vacances.com/wp-content/uploads/2024/12/clairdelune-la-corniche-des-maures-a-velo-2.jpg.webp" media="(max-width: 210px)"><source srcset="https://acampa-vacances.com/wp-content/uploads/2024/12/clairdelune-la-corniche-des-maures-a-velo-2.jpg.webp" media="(max-width: 420px)"><source srcset="https://acampa-vacances.com/wp-content/uploads/2024/12/clairdelune-la-corniche-des-maures-a-velo-2.jpg.webp" media="(max-width: 850px)"><source srcset="https://acampa-vacances.com/wp-content/uploads/2024/12/clairdelune-la-corniche-des-maures-a-velo-2.jpg.webp" media="(max-width: 1024px)"><source srcset="https://acampa-vacances.com/wp-content/uploads/2024/12/clairdelune-la-corniche-des-maures-a-velo-2.jpg.webp" media="(min-width: 1025px)"><img decoding="async" src="https://acampa-vacances.com/wp-content/uploads/2024/12/clairdelune-la-corniche-des-maures-a-velo-2.jpg.webp" width="420" height="210" loading="lazy" alt="" title=""></picture><figcaption>Credito fotografico: Hyères-tourisme</figcaption></figure></div></div><div class="columns"><div class="columns__item"><figure style="position:relative;"><picture><source srcset="https://acampa-vacances.com/wp-content/uploads/2024/12/clairdelune-la-corniche-des-maures-a-velo-3.jpg.webp" media="(max-width: 210px)"><source srcset="https://acampa-vacances.com/wp-content/uploads/2024/12/clairdelune-la-corniche-des-maures-a-velo-3.jpg.webp" media="(max-width: 420px)"><source srcset="https://acampa-vacances.com/wp-content/uploads/2024/12/clairdelune-la-corniche-des-maures-a-velo-3.jpg.webp" media="(max-width: 850px)"><source srcset="https://acampa-vacances.com/wp-content/uploads/2024/12/clairdelune-la-corniche-des-maures-a-velo-3.jpg.webp" media="(max-width: 1024px)"><source srcset="https://acampa-vacances.com/wp-content/uploads/2024/12/clairdelune-la-corniche-des-maures-a-velo-3.jpg.webp" media="(min-width: 1025px)"><img decoding="async" src="https://acampa-vacances.com/wp-content/uploads/2024/12/clairdelune-la-corniche-des-maures-a-velo-3.jpg.webp" width="420" height="210" loading="lazy" alt="" title=""></picture><figcaption>Credito fotografico: Hyères-tourisme</figcaption></figure></div><div class="columns__item" style="align-self:center;"><h2>Da La Croix Valmer a St Tropez</h2><p>Poi gira a destra attraverso il sentiero 1393. Sali gradualmente verso il Col de la Baie de Cavalaire e scendi nella pianura di Ramatuelle. Qui troverai una cantina cooperativa.    </p><p>Da qui, gira a destra sulla D93, che corre parallela alla bellissima spiaggia di Pampelonne. Arriverai allo Château de Pampelonne. <br/></p><p>Dopo lo Château de Sainte-Anne, gira a destra lungo il sentiero comunale e supera la Chapelle Sainte-Anne del XIII secolo prima di entrare a Saint-Tropez.</p></div></div><h2>Da Saint Tropez a Cogolin</h2><p>Saint-Tropez è un centro storico molto popolare. Qui troverai numerosi monumenti storici, tra cui la Maison des Corsaires, una cittadella del XVI secolo, il Château de Suffren del XVII secolo, il Musée de l&#8217;Annonciate, il Musée Naval e la Place de la Bravade. <br/></p><p>Poi prendi la D38 fino all&#8217;incrocio Four. Potrai fare un giro di 3,5 km fino a Port-Grimaud, un complesso residenziale sul lago in stile veneziano. <br/></p><p>Infine, attraversa l&#8217;incrocio e prendi la N98 per raggiungere Cogolin. Il tuo tour è ora completo. Le guide sono disponibili in loco se desideri maggiori informazioni su questo bellissimo percorso, dove potrai rilassarti, staccare la spina e migliorare le tue conoscenze generali.  </p>

<p>La Corniche des Maures in bicicletta Il Var è una zona magnifica con sole quasi tutto l&#8217;anno, quindi è il luogo ideale per godersi la natura e la diversità dei suoi paesaggi. Se ti interessa camminare e andare in bicicletta, ecco i dettagli del circuito Corniche des Maures. Partenza da Cogolin sul circuito Corniche des [&hellip;]</p>
