{"id":12853,"date":"2024-11-27T15:29:17","date_gmt":"2024-11-27T14:29:17","guid":{"rendered":"https:\/\/acampa-vacances.com\/hiver-automne\/noel-et-traditions-a-hyeres\/"},"modified":"2025-01-29T09:17:09","modified_gmt":"2025-01-29T08:17:09","slug":"kerst-en-tradities-in-hyeres","status":"publish","type":"hiver-automne","link":"https:\/\/acampa-vacances.com\/nl\/winter-herfst\/kerst-en-tradities-in-hyeres\/","title":{"rendered":"Kersttradities in Hy\u00e8res"},"content":{"rendered":"<nav class=\"fildariane\"><a class=\"fildariane__item\" href=\"https:\/\/acampa-vacances.com\/nl\/\">Acampa<\/a><span class=\"fc-icon\"><svg xmlns=\"http:\/\/www.w3.org\/2000\/svg\"  viewBox=\"0 0 320 512\" width=\"16px\" height=\"16px\"><!--! Font Awesome Pro 6.4.2 by @fontawesome - https:\/\/fontawesome.com License - https:\/\/fontawesome.com\/license (Commercial License) Copyright 2023 Fonticons, Inc.--><path d=\"M267.3 244.7c6.2 6.2 6.2 16.4 0 22.6l-160 160c-6.2 6.2-16.4 6.2-22.6 0s-6.2-16.4 0-22.6L233.4 256 84.7 107.3c-6.2-6.2-6.2-16.4 0-22.6s16.4-6.2 22.6 0l160 160z\"\/><\/svg><\/span><span class=\"fildariane__item\">Kersttradities in Hy\u00e8res<\/span><\/nav><a class=\"fildariane__item retour\" href=\"https:\/\/acampa-vacances.com\/nl\/\"\"><span class=\"fc-icon\"><svg xmlns=\"http:\/\/www.w3.org\/2000\/svg\"  viewBox=\"0 0 448 512\" width=\"16px\" height=\"16px\"><!--! Font Awesome Pro 6.4.2 by @fontawesome - https:\/\/fontawesome.com License - https:\/\/fontawesome.com\/license (Commercial License) Copyright 2023 Fonticons, Inc.--><path d=\"M7.4 273.4C2.7 268.8 0 262.6 0 256s2.7-12.8 7.4-17.4l176-168c9.6-9.2 24.8-8.8 33.9 .8s8.8 24.8-.8 33.9L83.9 232 424 232c13.3 0 24 10.7 24 24s-10.7 24-24 24L83.9 280 216.6 406.6c9.6 9.2 9.9 24.3 .8 33.9s-24.3 9.9-33.9 .8l-176-168z\"\/><\/svg><\/span>Terug naar de startpagina<\/a>\n<h1>Kersttradities in Hy\u00e8res<\/h1><div class=\"columns\"><div class=\"columns__item\" style=\"align-self:center;\"><p>De feestdagen naderen snel. In deze tijd van delen en vreugde nodigen we je uit om een <strong>typisch Proven\u00e7aals kerstfeest<\/strong> te beleven. Kent u <strong>de tradities<\/strong> die deze magische tijd van het jaar kenmerken? Kom ons helpen met de voorbereidingen voor de feestdagen. Maak je dromen waar!    <\/p><\/div><div class=\"columns__item\"><figure><picture><source srcset=\"https:\/\/acampa-vacances.com\/wp-content\/uploads\/2024\/11\/AdobeStock_475887655-420x420.jpeg.webp\" media=\"(max-width: 210px)\"><source srcset=\"https:\/\/acampa-vacances.com\/wp-content\/uploads\/2024\/11\/AdobeStock_475887655-850x319.jpeg.webp\" media=\"(max-width: 420px)\"><source srcset=\"https:\/\/acampa-vacances.com\/wp-content\/uploads\/2024\/11\/AdobeStock_475887655-768x288.jpeg.webp\" media=\"(max-width: 850px)\"><source srcset=\"https:\/\/acampa-vacances.com\/wp-content\/uploads\/2024\/11\/AdobeStock_475887655-1024x384.jpeg.webp\" media=\"(max-width: 1024px)\"><source srcset=\"https:\/\/acampa-vacances.com\/wp-content\/uploads\/2024\/11\/AdobeStock_475887655-scaled.jpeg.webp\" media=\"(min-width: 1025px)\"><img decoding=\"async\" src=\"https:\/\/acampa-vacances.com\/wp-content\/uploads\/2024\/11\/AdobeStock_475887655-420x420.jpeg.webp\" width=\"420\" height=\"210\" alt=\"Merry Christmas composition with festive holiday decoration.\" loading=\"lazy\" title=\"\"><\/picture><\/figure><\/div><\/div><div class=\"columns\"><div class=\"columns__item\" style=\"align-self:center;\"><figure><picture><source srcset=\"https:\/\/acampa-vacances.com\/wp-content\/uploads\/2024\/11\/AdobeStock_282864075-420x420.jpeg.webp\" media=\"(max-width: 210px)\"><source srcset=\"https:\/\/acampa-vacances.com\/wp-content\/uploads\/2024\/11\/AdobeStock_282864075-850x319.jpeg.webp\" media=\"(max-width: 420px)\"><source srcset=\"https:\/\/acampa-vacances.com\/wp-content\/uploads\/2024\/11\/AdobeStock_282864075-768x288.jpeg.webp\" media=\"(max-width: 850px)\"><source srcset=\"https:\/\/acampa-vacances.com\/wp-content\/uploads\/2024\/11\/AdobeStock_282864075-1024x384.jpeg.webp\" media=\"(max-width: 1024px)\"><source srcset=\"https:\/\/acampa-vacances.com\/wp-content\/uploads\/2024\/11\/AdobeStock_282864075-scaled.jpeg.webp\" media=\"(min-width: 1025px)\"><img decoding=\"async\" src=\"https:\/\/acampa-vacances.com\/wp-content\/uploads\/2024\/11\/AdobeStock_282864075-420x420.jpeg.webp\" width=\"420\" height=\"210\" alt=\"Beautiful Festive Christmas snowy background. Christmas tree decorated with red balls and knitted toys in forest in snowdrifts in snowfall outdoors, banner format, copy space.\" loading=\"lazy\" title=\"\"><\/picture><\/figure><\/div><div class=\"columns__item\" style=\"align-self:center;\"><h2><strong>Tussen tradities en culinaire smaken&#8230;<\/strong><\/h2><h3><strong>Klaarmaken voor Kerstmis<\/strong><\/h3><p>De feestdagen naderen snel. In deze tijd van delen en vreugde nodigen we je uit om een <strong>typisch Proven\u00e7aals kerstfeest<\/strong> te beleven. Kent u <strong>de tradities<\/strong> die deze magische tijd van het jaar kenmerken? Kom ons helpen met de voorbereidingen voor de feestdagen. Maak je dromen waar!    <\/p><p>In de Provence wordt de <strong>kalenderperiode<\/strong> gekenmerkt door verschillende tradities. Hij begint op <strong>Sint-Barbara<\/strong> (4 december), <strong> <\/strong>we planten tarwe om de kersttafel te versieren. Als de stengels recht en groen zijn, zal het een voorspoedig jaar worden. <\/p><p><strong>Kerststallen<\/strong> worden op kerstavond in huizen neergezet en blijven daar staan tot Maria Lichtmis. Ambachtslieden van Santon tonen hun vaardigheden op de Proven\u00e7aalse markten. Elke &#8220;santoun&#8221;, gemaakt van klei, vertegenwoordigt een beroep of een dorpsbewoner.  <\/p><p>Overal in de steden duiken <strong>kerstmarkten <\/strong>op. Je vindt er ambachten, decoraties en cadeau-idee\u00ebn in een warme en vriendelijke sfeer. Er is ook genoeg eten om je maaltijd te bereiden.  <\/p><\/div><\/div><h3><strong>Kerstdiner<\/strong><\/h3><p>Het <strong>grote avondmaal<\/strong> wordt geserveerd op kerstavond voor<strong> de middernachtmis<\/strong>.<\/p><p>De Proven\u00e7aalse bevolking heeft van deze mis een echt cultureel feest gemaakt, met Proven\u00e7aalse liederen, galoubets, tamboerijnen, folkloristische groepen en levende kerststallen&#8230;  <\/p><p>Het &#8220;hoofdmaaltijd&#8221; bestaat uit 7 magere gerechten, maar dat geldt niet voor het dessert! <strong>13 nagerechten<\/strong> worden traditioneel na de mis geserveerd:  <\/p><ul><li>4 bedelaars (gedroogde vijgen, amandelen, sultana&#8217;s en walnoten)\n<\/li><li>data\n<\/li><li>nougat\n<\/li><li>een oliepomp\n<\/li><li>kweeperenpasta of gekonfijt fruit\n<\/li><li>oorstukken\n<\/li><li>vers fruit (mandarijnen, sinaasappels, peren, enz.)\n<\/li><\/ul><p>En op 25 december vonden de kinderen de boom vol prachtige cadeautjes &#8211; de Kerstman was inderdaad gekomen!<\/p><div class=\"columns\"><div class=\"columns__item\" style=\"align-self:center;\"><h2><strong>We kijken uit naar je komst in Hy\u00e8res<\/strong><\/h2><p>Elk jaar organiseert de stad Hy\u00e8res een aantal evenementen. Op de Place Cl\u00e9menceau staan chalets voor al je boodschappen. De geur van kaneel en gl\u00fchwein prikkelt je neusgaten. U kunt ook samen met uw gezin genieten van de magie van Kerstmis, met optochten, draaimolens en een foto met de kerstman&#8230; Het programma van evenementen zal u doen wachten tot Kerstmis!     <\/p><\/div><div class=\"columns__item\"><figure><picture><source srcset=\"https:\/\/acampa-vacances.com\/wp-content\/uploads\/2024\/11\/AdobeStock_181330168-420x420.jpeg.webp\" media=\"(max-width: 210px)\"><source srcset=\"https:\/\/acampa-vacances.com\/wp-content\/uploads\/2024\/11\/AdobeStock_181330168-850x567.jpeg.webp\" media=\"(max-width: 420px)\"><source srcset=\"https:\/\/acampa-vacances.com\/wp-content\/uploads\/2024\/11\/AdobeStock_181330168-768x513.jpeg.webp\" media=\"(max-width: 850px)\"><source srcset=\"https:\/\/acampa-vacances.com\/wp-content\/uploads\/2024\/11\/AdobeStock_181330168-1024x683.jpeg.webp\" media=\"(max-width: 1024px)\"><source srcset=\"https:\/\/acampa-vacances.com\/wp-content\/uploads\/2024\/11\/AdobeStock_181330168-scaled.jpeg.webp\" media=\"(min-width: 1025px)\"><img decoding=\"async\" src=\"https:\/\/acampa-vacances.com\/wp-content\/uploads\/2024\/11\/AdobeStock_181330168-420x420.jpeg.webp\" width=\"420\" height=\"210\" alt=\"Merry Christmas and happy holidays! Cute little children with xmas presents. Santa Claus flying in his sleigh against moon sky. Kids enjoying the holiday with gifts on dark background.\" loading=\"lazy\" title=\"\"><\/picture><\/figure><\/div><\/div><p>Heb je er al over nagedacht om je volgende vakantie te boeken?  <\/p><p id=\"https:\/\/acampa-vacances.com\/clairdelune\/accueil\/\">Voor een <strong>rustige en serene<\/strong> vakantie boekt u bij <a href=\"https:\/\/acampa-vacances.com\/nl\/clairdelune\/welkom\/\" data-type=\"link\" data-id=\"https:\/\/acampa-vacances.com\/clairdelune\/accueil\/\" target=\"_blank\" rel=\"noreferrer noopener\"><strong>Camping Clair de Lune<\/strong><\/a>en ontdek onze ongewone accommodaties, spa-verhuur en stacaravans.<\/p><div class=\"buttons display-flex \" style=\"justify-content:center;\"><a href=\"https:\/\/acampa-vacances.com\/nl\/winter-herfst\/de-presquile-van-giens-in-winter\/\" rel=\"noreferrer noopener\" rel=\"noreferrer noopener\" class=\"buttons__btn\">Het Presqu&#8217;\u00eele de Giens in de winter<\/a><a href=\"https:\/\/acampa-vacances.com\/nl\/blog\/het-klimaat-van-de-giens-presquile\/\" rel=\"noreferrer noopener\" rel=\"noreferrer noopener\" class=\"buttons__btn\">Het klimaat op het Presqu&#8217;\u00eele de Giens<\/a><a href=\"https:\/\/acampa-vacances.com\/nl\/blog\/hyeres-hoofdstad-van-de-snijbloem\/\" rel=\"noreferrer noopener\" rel=\"noreferrer noopener\" class=\"buttons__btn\">Hy\u00e8res, hoofdstad van de snijbloemen<\/a><\/div>","protected":false},"excerpt":{"rendered":"<p>Kersttradities in Hy\u00e8res De feestdagen naderen snel. In deze tijd van delen en vreugde nodigen we je uit om een typisch Proven\u00e7aals kerstfeest te beleven. Kent u de tradities die deze magische tijd van het jaar kenmerken? Kom ons helpen met de voorbereidingen voor de feestdagen. Maak je dromen waar! Tussen tradities en culinaire smaken&#8230; [&hellip;]<\/p>\n","protected":false},"featured_media":3594,"template":"","format":"standard","meta":{"_acf_changed":false,"footnotes":""},"hiver-automne":[82],"acf":[],"_links":{"self":[{"href":"https:\/\/acampa-vacances.com\/nl\/wp-json\/wp\/v2\/hiver-automne\/12853"}],"collection":[{"href":"https:\/\/acampa-vacances.com\/nl\/wp-json\/wp\/v2\/hiver-automne"}],"about":[{"href":"https:\/\/acampa-vacances.com\/nl\/wp-json\/wp\/v2\/types\/hiver-automne"}],"version-history":[{"count":1,"href":"https:\/\/acampa-vacances.com\/nl\/wp-json\/wp\/v2\/hiver-automne\/12853\/revisions"}],"predecessor-version":[{"id":12855,"href":"https:\/\/acampa-vacances.com\/nl\/wp-json\/wp\/v2\/hiver-automne\/12853\/revisions\/12855"}],"wp:featuredmedia":[{"embeddable":true,"href":"https:\/\/acampa-vacances.com\/nl\/wp-json\/wp\/v2\/media\/3594"}],"wp:attachment":[{"href":"https:\/\/acampa-vacances.com\/nl\/wp-json\/wp\/v2\/media?parent=12853"}],"wp:term":[{"taxonomy":"hiver-automne","embeddable":true,"href":"https:\/\/acampa-vacances.com\/nl\/wp-json\/wp\/v2\/hiver-automne?post=12853"}],"curies":[{"name":"wp","href":"https:\/\/api.w.org\/{rel}","templated":true}]}}

Kersttradities in Hyères

<nav class="fildariane"><a class="fildariane__item" href="https://acampa-vacances.com/nl/">Acampa</a><span class="fc-icon"><svg xmlns="http://www.w3.org/2000/svg"  viewBox="0 0 320 512" width="16px" height="16px"><!--! Font Awesome Pro 6.4.2 by @fontawesome - https://fontawesome.com License - https://fontawesome.com/license (Commercial License) Copyright 2023 Fonticons, Inc.--><path d="M267.3 244.7c6.2 6.2 6.2 16.4 0 22.6l-160 160c-6.2 6.2-16.4 6.2-22.6 0s-6.2-16.4 0-22.6L233.4 256 84.7 107.3c-6.2-6.2-6.2-16.4 0-22.6s16.4-6.2 22.6 0l160 160z"/></svg></span><span class="fildariane__item">Kersttradities in Hyères</span></nav><a class="fildariane__item retour" href="https://acampa-vacances.com/nl/""><span class="fc-icon"><svg xmlns="http://www.w3.org/2000/svg"  viewBox="0 0 448 512" width="16px" height="16px"><!--! Font Awesome Pro 6.4.2 by @fontawesome - https://fontawesome.com License - https://fontawesome.com/license (Commercial License) Copyright 2023 Fonticons, Inc.--><path d="M7.4 273.4C2.7 268.8 0 262.6 0 256s2.7-12.8 7.4-17.4l176-168c9.6-9.2 24.8-8.8 33.9 .8s8.8 24.8-.8 33.9L83.9 232 424 232c13.3 0 24 10.7 24 24s-10.7 24-24 24L83.9 280 216.6 406.6c9.6 9.2 9.9 24.3 .8 33.9s-24.3 9.9-33.9 .8l-176-168z"/></svg></span>Terug naar de startpagina</a>
<h1>Kersttradities in Hyères</h1><div class="columns"><div class="columns__item" style="align-self:center;"><p>De feestdagen naderen snel. In deze tijd van delen en vreugde nodigen we je uit om een <strong>typisch Provençaals kerstfeest</strong> te beleven. Kent u <strong>de tradities</strong> die deze magische tijd van het jaar kenmerken? Kom ons helpen met de voorbereidingen voor de feestdagen. Maak je dromen waar!    </p></div><div class="columns__item"><figure><picture><source srcset="https://acampa-vacances.com/wp-content/uploads/2024/11/AdobeStock_475887655-420x420.jpeg.webp" media="(max-width: 210px)"><source srcset="https://acampa-vacances.com/wp-content/uploads/2024/11/AdobeStock_475887655-850x319.jpeg.webp" media="(max-width: 420px)"><source srcset="https://acampa-vacances.com/wp-content/uploads/2024/11/AdobeStock_475887655-768x288.jpeg.webp" media="(max-width: 850px)"><source srcset="https://acampa-vacances.com/wp-content/uploads/2024/11/AdobeStock_475887655-1024x384.jpeg.webp" media="(max-width: 1024px)"><source srcset="https://acampa-vacances.com/wp-content/uploads/2024/11/AdobeStock_475887655-scaled.jpeg.webp" media="(min-width: 1025px)"><img decoding="async" src="https://acampa-vacances.com/wp-content/uploads/2024/11/AdobeStock_475887655-420x420.jpeg.webp" width="420" height="210" alt="Merry Christmas composition with festive holiday decoration." loading="lazy" title=""></picture></figure></div></div><div class="columns"><div class="columns__item" style="align-self:center;"><figure><picture><source srcset="https://acampa-vacances.com/wp-content/uploads/2024/11/AdobeStock_282864075-420x420.jpeg.webp" media="(max-width: 210px)"><source srcset="https://acampa-vacances.com/wp-content/uploads/2024/11/AdobeStock_282864075-850x319.jpeg.webp" media="(max-width: 420px)"><source srcset="https://acampa-vacances.com/wp-content/uploads/2024/11/AdobeStock_282864075-768x288.jpeg.webp" media="(max-width: 850px)"><source srcset="https://acampa-vacances.com/wp-content/uploads/2024/11/AdobeStock_282864075-1024x384.jpeg.webp" media="(max-width: 1024px)"><source srcset="https://acampa-vacances.com/wp-content/uploads/2024/11/AdobeStock_282864075-scaled.jpeg.webp" media="(min-width: 1025px)"><img decoding="async" src="https://acampa-vacances.com/wp-content/uploads/2024/11/AdobeStock_282864075-420x420.jpeg.webp" width="420" height="210" alt="Beautiful Festive Christmas snowy background. Christmas tree decorated with red balls and knitted toys in forest in snowdrifts in snowfall outdoors, banner format, copy space." loading="lazy" title=""></picture></figure></div><div class="columns__item" style="align-self:center;"><h2><strong>Tussen tradities en culinaire smaken&#8230;</strong></h2><h3><strong>Klaarmaken voor Kerstmis</strong></h3><p>De feestdagen naderen snel. In deze tijd van delen en vreugde nodigen we je uit om een <strong>typisch Provençaals kerstfeest</strong> te beleven. Kent u <strong>de tradities</strong> die deze magische tijd van het jaar kenmerken? Kom ons helpen met de voorbereidingen voor de feestdagen. Maak je dromen waar!    </p><p>In de Provence wordt de <strong>kalenderperiode</strong> gekenmerkt door verschillende tradities. Hij begint op <strong>Sint-Barbara</strong> (4 december), <strong> </strong>we planten tarwe om de kersttafel te versieren. Als de stengels recht en groen zijn, zal het een voorspoedig jaar worden. </p><p><strong>Kerststallen</strong> worden op kerstavond in huizen neergezet en blijven daar staan tot Maria Lichtmis. Ambachtslieden van Santon tonen hun vaardigheden op de Provençaalse markten. Elke &#8220;santoun&#8221;, gemaakt van klei, vertegenwoordigt een beroep of een dorpsbewoner.  </p><p>Overal in de steden duiken <strong>kerstmarkten </strong>op. Je vindt er ambachten, decoraties en cadeau-ideeën in een warme en vriendelijke sfeer. Er is ook genoeg eten om je maaltijd te bereiden.  </p></div></div><h3><strong>Kerstdiner</strong></h3><p>Het <strong>grote avondmaal</strong> wordt geserveerd op kerstavond voor<strong> de middernachtmis</strong>.</p><p>De Provençaalse bevolking heeft van deze mis een echt cultureel feest gemaakt, met Provençaalse liederen, galoubets, tamboerijnen, folkloristische groepen en levende kerststallen&#8230;  </p><p>Het &#8220;hoofdmaaltijd&#8221; bestaat uit 7 magere gerechten, maar dat geldt niet voor het dessert! <strong>13 nagerechten</strong> worden traditioneel na de mis geserveerd:  </p><ul><li>4 bedelaars (gedroogde vijgen, amandelen, sultana&#8217;s en walnoten)
</li><li>data
</li><li>nougat
</li><li>een oliepomp
</li><li>kweeperenpasta of gekonfijt fruit
</li><li>oorstukken
</li><li>vers fruit (mandarijnen, sinaasappels, peren, enz.)
</li></ul><p>En op 25 december vonden de kinderen de boom vol prachtige cadeautjes &#8211; de Kerstman was inderdaad gekomen!</p><div class="columns"><div class="columns__item" style="align-self:center;"><h2><strong>We kijken uit naar je komst in Hyères</strong></h2><p>Elk jaar organiseert de stad Hyères een aantal evenementen. Op de Place Clémenceau staan chalets voor al je boodschappen. De geur van kaneel en glühwein prikkelt je neusgaten. U kunt ook samen met uw gezin genieten van de magie van Kerstmis, met optochten, draaimolens en een foto met de kerstman&#8230; Het programma van evenementen zal u doen wachten tot Kerstmis!     </p></div><div class="columns__item"><figure><picture><source srcset="https://acampa-vacances.com/wp-content/uploads/2024/11/AdobeStock_181330168-420x420.jpeg.webp" media="(max-width: 210px)"><source srcset="https://acampa-vacances.com/wp-content/uploads/2024/11/AdobeStock_181330168-850x567.jpeg.webp" media="(max-width: 420px)"><source srcset="https://acampa-vacances.com/wp-content/uploads/2024/11/AdobeStock_181330168-768x513.jpeg.webp" media="(max-width: 850px)"><source srcset="https://acampa-vacances.com/wp-content/uploads/2024/11/AdobeStock_181330168-1024x683.jpeg.webp" media="(max-width: 1024px)"><source srcset="https://acampa-vacances.com/wp-content/uploads/2024/11/AdobeStock_181330168-scaled.jpeg.webp" media="(min-width: 1025px)"><img decoding="async" src="https://acampa-vacances.com/wp-content/uploads/2024/11/AdobeStock_181330168-420x420.jpeg.webp" width="420" height="210" alt="Merry Christmas and happy holidays! Cute little children with xmas presents. Santa Claus flying in his sleigh against moon sky. Kids enjoying the holiday with gifts on dark background." loading="lazy" title=""></picture></figure></div></div><p>Heb je er al over nagedacht om je volgende vakantie te boeken?  </p><p id="https://acampa-vacances.com/clairdelune/accueil/">Voor een <strong>rustige en serene</strong> vakantie boekt u bij <a href="https://acampa-vacances.com/nl/clairdelune/welkom/" data-type="link" data-id="https://acampa-vacances.com/clairdelune/accueil/" target="_blank" rel="noreferrer noopener"><strong>Camping Clair de Lune</strong></a>en ontdek onze ongewone accommodaties, spa-verhuur en stacaravans.</p><div class="buttons display-flex " style="justify-content:center;"><a href="https://acampa-vacances.com/nl/winter-herfst/de-presquile-van-giens-in-winter/" rel="noreferrer noopener" rel="noreferrer noopener" class="buttons__btn">Het Presqu&#8217;île de Giens in de winter</a><a href="https://acampa-vacances.com/nl/blog/het-klimaat-van-de-giens-presquile/" rel="noreferrer noopener" rel="noreferrer noopener" class="buttons__btn">Het klimaat op het Presqu&#8217;île de Giens</a><a href="https://acampa-vacances.com/nl/blog/hyeres-hoofdstad-van-de-snijbloem/" rel="noreferrer noopener" rel="noreferrer noopener" class="buttons__btn">Hyères, hoofdstad van de snijbloemen</a></div>

<p>Kersttradities in Hyères De feestdagen naderen snel. In deze tijd van delen en vreugde nodigen we je uit om een typisch Provençaals kerstfeest te beleven. Kent u de tradities die deze magische tijd van het jaar kenmerken? Kom ons helpen met de voorbereidingen voor de feestdagen. Maak je dromen waar! Tussen tradities en culinaire smaken&#8230; [&hellip;]</p>
