{"id":12638,"date":"2024-11-25T10:11:56","date_gmt":"2024-11-25T09:11:56","guid":{"rendered":"https:\/\/acampa-vacances.com\/tourisme\/le-mont-faron-une-sortie-nature-exceptionnelle\/"},"modified":"2025-01-29T09:22:27","modified_gmt":"2025-01-29T08:22:27","slug":"le-mont-faron-een-uitzonderlijk-natuuruitje","status":"publish","type":"tourisme","link":"https:\/\/acampa-vacances.com\/nl\/toerisme\/le-mont-faron-een-uitzonderlijk-natuuruitje\/","title":{"rendered":"Mont-Faron"},"content":{"rendered":"<nav class=\"fildariane\"><a class=\"fildariane__item\" href=\"https:\/\/acampa-vacances.com\/nl\/\">Acampa<\/a><span class=\"fc-icon\"><svg xmlns=\"http:\/\/www.w3.org\/2000\/svg\"  viewBox=\"0 0 320 512\" width=\"16px\" height=\"16px\"><!--! Font Awesome Pro 6.4.2 by @fontawesome - https:\/\/fontawesome.com License - https:\/\/fontawesome.com\/license (Commercial License) Copyright 2023 Fonticons, Inc.--><path d=\"M267.3 244.7c6.2 6.2 6.2 16.4 0 22.6l-160 160c-6.2 6.2-16.4 6.2-22.6 0s-6.2-16.4 0-22.6L233.4 256 84.7 107.3c-6.2-6.2-6.2-16.4 0-22.6s16.4-6.2 22.6 0l160 160z\"\/><\/svg><\/span><span class=\"fildariane__item\">Mont-Faron<\/span><\/nav><a class=\"fildariane__item retour\" href=\"https:\/\/acampa-vacances.com\/nl\/\"\"><span class=\"fc-icon\"><svg xmlns=\"http:\/\/www.w3.org\/2000\/svg\"  viewBox=\"0 0 448 512\" width=\"16px\" height=\"16px\"><!--! Font Awesome Pro 6.4.2 by @fontawesome - https:\/\/fontawesome.com License - https:\/\/fontawesome.com\/license (Commercial License) Copyright 2023 Fonticons, Inc.--><path d=\"M7.4 273.4C2.7 268.8 0 262.6 0 256s2.7-12.8 7.4-17.4l176-168c9.6-9.2 24.8-8.8 33.9 .8s8.8 24.8-.8 33.9L83.9 232 424 232c13.3 0 24 10.7 24 24s-10.7 24-24 24L83.9 280 216.6 406.6c9.6 9.2 9.9 24.3 .8 33.9s-24.3 9.9-33.9 .8l-176-168z\"\/><\/svg><\/span>Terug naar de startpagina<\/a>\n<h1>Mont Faron, een uitzonderlijk uitstapje in de natuur<\/h1><p>Ben je op zoek naar idee\u00ebn voor gezinsuitstapjes in de buurt van het schiereiland Giens? Dan hebben wij een suggestie voor je: waarom maak je geen uitstapje naar de Mont Faron in Toulon? Dit natuurgebied is bovendien geklasseerd en biedt een spannende ervaring. \ud83d\udcf8 En vergeet je camera niet!   <\/p><div class=\"columns\"><div class=\"columns__item\"><figure style=\"position:relative;\"><picture><source srcset=\"https:\/\/acampa-vacances.com\/wp-content\/uploads\/2024\/12\/international-le-mont-faron-une-sortie-nature-exceptionnelle-1.jpg.webp\" media=\"(max-width: 210px)\"><source srcset=\"https:\/\/acampa-vacances.com\/wp-content\/uploads\/2024\/12\/international-le-mont-faron-une-sortie-nature-exceptionnelle-1.jpg.webp\" media=\"(max-width: 420px)\"><source srcset=\"https:\/\/acampa-vacances.com\/wp-content\/uploads\/2024\/12\/international-le-mont-faron-une-sortie-nature-exceptionnelle-1.jpg.webp\" media=\"(max-width: 850px)\"><source srcset=\"https:\/\/acampa-vacances.com\/wp-content\/uploads\/2024\/12\/international-le-mont-faron-une-sortie-nature-exceptionnelle-1.jpg.webp\" media=\"(max-width: 1024px)\"><source srcset=\"https:\/\/acampa-vacances.com\/wp-content\/uploads\/2024\/12\/international-le-mont-faron-une-sortie-nature-exceptionnelle-1.jpg.webp\" media=\"(min-width: 1025px)\"><img decoding=\"async\" src=\"https:\/\/acampa-vacances.com\/wp-content\/uploads\/2024\/12\/international-le-mont-faron-une-sortie-nature-exceptionnelle-1.jpg.webp\" width=\"420\" height=\"210\" loading=\"lazy\" alt=\"\" title=\"\"><\/picture><figcaption>Jo\u00eblle Valentini &#8211; Toerisme Provence M\u00e9diterran\u00e9e<\/figcaption><\/figure><\/div><div class=\"columns__item\" style=\"align-self:center;\"><h2>Het Mont Faron massief<\/h2><p id=\"969\">Op minder dan 40 minuten rijden van het <strong>schiereiland Giens<\/strong> ligt een uitzonderlijke plek: de Mont Faron. Het stijgt tot een hoogte van 584 meter. Met de kabelbaan kun je gemakkelijk naar een grotere hoogte klimmen terwijl je een uitzonderlijk uitzicht op de blauwe zee en de witte kalkstenen kliffen bewondert, zonder enige fysieke inspanning te leveren. Bovendien heeft de kabelbaan een raam op de grond. Verticale sensaties gegarandeerd! De Mont Faron kijkt uit over de <a href=\"https:\/\/acampa-vacances.com\/nl\/toerisme\/la-rade-de-toulon-camping-international-giens-hyeres-var-83\/\" data-type=\"tourisme\" data-id=\"969\">haven van Toulon<\/a> (waarover volgende maand een artikel) en het achterland van de Var. Mont Faron kijkt uit over de haven van Toulon (waarover volgende maand een artikel), waardoor je een ononderbroken uitzicht hebt over de haven en het achterland van de Var.      <\/p><p>En tot groot genoegen van jong en oud wacht er een kinderboerderij op je&#8230; \ud83d\udc2f<\/p><\/div><\/div><div class=\"columns\"><div class=\"columns__item\" style=\"align-self:center;\"><h2>De tawny boerderij Mont Faron<\/h2><p>Allereerst is er het voortplantingscentrum voor katachtigen genaamd &#8220;la fauverie&#8221;, een unieke instelling in Frankrijk met als missie het beschermen van katachtige soorten die met uitsterven worden bedreigd, zoals de lynx, de Siberische kat, de jaguar, de panter en de ocelot. Er zijn ook thema-activiteiten en workshops voor kinderen. <\/p><p>Toegang is via de weg.<\/p><\/div><div class=\"columns__item\"><figure style=\"position:relative;\"><picture><source srcset=\"https:\/\/acampa-vacances.com\/wp-content\/uploads\/2024\/12\/international-le-mont-faron-une-sortie-nature-exceptionnelle-2-420x301.jpg.webp\" media=\"(max-width: 210px)\"><source srcset=\"https:\/\/acampa-vacances.com\/wp-content\/uploads\/2024\/12\/international-le-mont-faron-une-sortie-nature-exceptionnelle-2.jpg.webp\" media=\"(max-width: 420px)\"><source srcset=\"https:\/\/acampa-vacances.com\/wp-content\/uploads\/2024\/12\/international-le-mont-faron-une-sortie-nature-exceptionnelle-2.jpg.webp\" media=\"(max-width: 850px)\"><source srcset=\"https:\/\/acampa-vacances.com\/wp-content\/uploads\/2024\/12\/international-le-mont-faron-une-sortie-nature-exceptionnelle-2.jpg.webp\" media=\"(max-width: 1024px)\"><source srcset=\"https:\/\/acampa-vacances.com\/wp-content\/uploads\/2024\/12\/international-le-mont-faron-une-sortie-nature-exceptionnelle-2.jpg.webp\" media=\"(min-width: 1025px)\"><img decoding=\"async\" src=\"https:\/\/acampa-vacances.com\/wp-content\/uploads\/2024\/12\/international-le-mont-faron-une-sortie-nature-exceptionnelle-2-420x301.jpg.webp\" width=\"420\" height=\"210\" loading=\"lazy\" alt=\"\" title=\"\"><\/picture><figcaption>Jo\u00eblle Valentini &#8211; Toerisme Provence M\u00e9diterran\u00e9e<\/figcaption><\/figure><\/div><\/div><h2>Herdenkingsmuseum van de landing in de Provence<\/h2><p>Bezoek voor een historisch intermezzo het monument voor de landing op D-Day.<\/p><p>Charles de Gaulle huldigde het monument in op 15 augustus 1964. Het is gewijd aan de landingen op D-Day en de bevrijding van de Provence. U vindt er ook een uitzonderlijke collectie historische voorwerpen en archieven. Bovendien kunt u dankzij ooggetuigenverslagen de landingen in de Provence en de gevechten tijdens de bevrijding in augustus 1944 herbeleven op een reusachtig scherm.   <\/p><h2>Boek uw volgende vakantie op een van onze campings in Giens<\/h2><p>Het is een unieke ervaring die je nooit zult vergeten. Kies een van onze campings om de betovering voort te zetten. <\/p><p id=\"1491\">Voor een ontspannen vakantie boek je op <a href=\"https:\/\/acampa-vacances.com\/de\/clairdelune\/willkommen\/\" data-type=\"clairdelune\" data-id=\"1491\">Camping Clair de Lune<\/a>. Bovendien geniet je van een huuraccommodatie met of zonder spa, of een ongewone accommodatie. <\/p><p id=\"192\">Boek bij <a href=\"https:\/\/acampa-vacances.com\/de\/international\/willkommen\/\" data-type=\"international\" data-id=\"192\">Camping International<\/a> als je op zoek bent naar een sportieve vakantie! Profiteer van een huuraccommodatie of een <a href=\"https:\/\/acampa-vacances.com\/de\/international\/unterkunft\/\" data-type=\"international\" data-id=\"3895\">grote staanplaats<\/a>. <\/p><p id=\"1448\">Roept de natuur je? Kom naar <a href=\"https:\/\/acampa-vacances.com\/de\/iledor\/willkommen\/\" data-type=\"iledor\" data-id=\"1448\">Camping l&#8217;Ile d&#8217;Or<\/a>! Reserveer een van <a href=\"https:\/\/acampa-vacances.com\/de\/iledor\/unterkunft\/\" data-type=\"iledor\" data-id=\"3965\">onze stacaravans<\/a> of een kampeerplaats. <\/p><h3>Andere artikelen om te lezen voor je verblijf in de Var<\/h3><ul><li><a href=\"https:\/\/acampa-vacances.com\/de\/blog\/besuchen-sie-3-museen-wahrend-ihres-nachsten-urlaubs-in-der-var\/\" data-type=\"blog\" data-id=\"1093\">Ontdek 3 niet te missen musea in de Var<\/a>\n<\/li><li><a href=\"https:\/\/acampa-vacances.com\/de\/blog\/trois-domaines-und-weinberge-in-der-nahe-von-hyeres\/\" data-type=\"blog\" data-id=\"1091\">Drie landgoederen en wijngaarden bij Hy\u00e8res<\/a>\n<\/li><li><a href=\"https:\/\/acampa-vacances.com\/nl\/toerisme\/dorp-du-castellet\/\" data-type=\"tourisme\" data-id=\"1034\">Dorp Le Castellet<\/a>\n<\/li><li><a href=\"https:\/\/acampa-vacances.com\/nl\/toerisme\/het-dorp-van-correns-een-van-de-vergeten-dorpen-van-var\/\" data-type=\"link\" data-id=\"https:\/\/acampa-vacances.com\/tourisme\/le-village-de-correns-un-des-villages-oublies-du-var\/\">Correns: een vergeten dorp in de Var<\/a>\n<\/li><\/ul>","protected":false},"excerpt":{"rendered":"<p>Mont Faron, een uitzonderlijk uitstapje in de natuur Ben je op zoek naar idee\u00ebn voor gezinsuitstapjes in de buurt van het schiereiland Giens? Dan hebben wij een suggestie voor je: waarom maak je geen uitstapje naar de Mont Faron in Toulon? Dit natuurgebied is bovendien geklasseerd en biedt een spannende ervaring. \ud83d\udcf8 En vergeet je [&hellip;]<\/p>\n","protected":false},"author":1,"featured_media":9679,"parent":0,"menu_order":0,"template":"","format":"standard","meta":{"_acf_changed":false,"footnotes":""},"tourisme":[71],"acf":[],"_links":{"self":[{"href":"https:\/\/acampa-vacances.com\/nl\/wp-json\/wp\/v2\/tourisme\/12638"}],"collection":[{"href":"https:\/\/acampa-vacances.com\/nl\/wp-json\/wp\/v2\/tourisme"}],"about":[{"href":"https:\/\/acampa-vacances.com\/nl\/wp-json\/wp\/v2\/types\/tourisme"}],"author":[{"embeddable":true,"href":"https:\/\/acampa-vacances.com\/nl\/wp-json\/wp\/v2\/users\/1"}],"version-history":[{"count":1,"href":"https:\/\/acampa-vacances.com\/nl\/wp-json\/wp\/v2\/tourisme\/12638\/revisions"}],"predecessor-version":[{"id":12639,"href":"https:\/\/acampa-vacances.com\/nl\/wp-json\/wp\/v2\/tourisme\/12638\/revisions\/12639"}],"wp:featuredmedia":[{"embeddable":true,"href":"https:\/\/acampa-vacances.com\/nl\/wp-json\/wp\/v2\/media\/9679"}],"wp:attachment":[{"href":"https:\/\/acampa-vacances.com\/nl\/wp-json\/wp\/v2\/media?parent=12638"}],"wp:term":[{"taxonomy":"tourisme","embeddable":true,"href":"https:\/\/acampa-vacances.com\/nl\/wp-json\/wp\/v2\/tourisme?post=12638"}],"curies":[{"name":"wp","href":"https:\/\/api.w.org\/{rel}","templated":true}]}}

<nav class="fildariane"><a class="fildariane__item" href="https://acampa-vacances.com/nl/">Acampa</a><span class="fc-icon"><svg xmlns="http://www.w3.org/2000/svg"  viewBox="0 0 320 512" width="16px" height="16px"><!--! Font Awesome Pro 6.4.2 by @fontawesome - https://fontawesome.com License - https://fontawesome.com/license (Commercial License) Copyright 2023 Fonticons, Inc.--><path d="M267.3 244.7c6.2 6.2 6.2 16.4 0 22.6l-160 160c-6.2 6.2-16.4 6.2-22.6 0s-6.2-16.4 0-22.6L233.4 256 84.7 107.3c-6.2-6.2-6.2-16.4 0-22.6s16.4-6.2 22.6 0l160 160z"/></svg></span><span class="fildariane__item">Mont-Faron</span></nav><a class="fildariane__item retour" href="https://acampa-vacances.com/nl/""><span class="fc-icon"><svg xmlns="http://www.w3.org/2000/svg"  viewBox="0 0 448 512" width="16px" height="16px"><!--! Font Awesome Pro 6.4.2 by @fontawesome - https://fontawesome.com License - https://fontawesome.com/license (Commercial License) Copyright 2023 Fonticons, Inc.--><path d="M7.4 273.4C2.7 268.8 0 262.6 0 256s2.7-12.8 7.4-17.4l176-168c9.6-9.2 24.8-8.8 33.9 .8s8.8 24.8-.8 33.9L83.9 232 424 232c13.3 0 24 10.7 24 24s-10.7 24-24 24L83.9 280 216.6 406.6c9.6 9.2 9.9 24.3 .8 33.9s-24.3 9.9-33.9 .8l-176-168z"/></svg></span>Terug naar de startpagina</a>
<h1>Mont Faron, een uitzonderlijk uitstapje in de natuur</h1><p>Ben je op zoek naar ideeën voor gezinsuitstapjes in de buurt van het schiereiland Giens? Dan hebben wij een suggestie voor je: waarom maak je geen uitstapje naar de Mont Faron in Toulon? Dit natuurgebied is bovendien geklasseerd en biedt een spannende ervaring. 📸 En vergeet je camera niet!   </p><div class="columns"><div class="columns__item"><figure style="position:relative;"><picture><source srcset="https://acampa-vacances.com/wp-content/uploads/2024/12/international-le-mont-faron-une-sortie-nature-exceptionnelle-1.jpg.webp" media="(max-width: 210px)"><source srcset="https://acampa-vacances.com/wp-content/uploads/2024/12/international-le-mont-faron-une-sortie-nature-exceptionnelle-1.jpg.webp" media="(max-width: 420px)"><source srcset="https://acampa-vacances.com/wp-content/uploads/2024/12/international-le-mont-faron-une-sortie-nature-exceptionnelle-1.jpg.webp" media="(max-width: 850px)"><source srcset="https://acampa-vacances.com/wp-content/uploads/2024/12/international-le-mont-faron-une-sortie-nature-exceptionnelle-1.jpg.webp" media="(max-width: 1024px)"><source srcset="https://acampa-vacances.com/wp-content/uploads/2024/12/international-le-mont-faron-une-sortie-nature-exceptionnelle-1.jpg.webp" media="(min-width: 1025px)"><img decoding="async" src="https://acampa-vacances.com/wp-content/uploads/2024/12/international-le-mont-faron-une-sortie-nature-exceptionnelle-1.jpg.webp" width="420" height="210" loading="lazy" alt="" title=""></picture><figcaption>Joëlle Valentini &#8211; Toerisme Provence Méditerranée</figcaption></figure></div><div class="columns__item" style="align-self:center;"><h2>Het Mont Faron massief</h2><p id="969">Op minder dan 40 minuten rijden van het <strong>schiereiland Giens</strong> ligt een uitzonderlijke plek: de Mont Faron. Het stijgt tot een hoogte van 584 meter. Met de kabelbaan kun je gemakkelijk naar een grotere hoogte klimmen terwijl je een uitzonderlijk uitzicht op de blauwe zee en de witte kalkstenen kliffen bewondert, zonder enige fysieke inspanning te leveren. Bovendien heeft de kabelbaan een raam op de grond. Verticale sensaties gegarandeerd! De Mont Faron kijkt uit over de <a href="https://acampa-vacances.com/nl/toerisme/la-rade-de-toulon-camping-international-giens-hyeres-var-83/" data-type="tourisme" data-id="969">haven van Toulon</a> (waarover volgende maand een artikel) en het achterland van de Var. Mont Faron kijkt uit over de haven van Toulon (waarover volgende maand een artikel), waardoor je een ononderbroken uitzicht hebt over de haven en het achterland van de Var.      </p><p>En tot groot genoegen van jong en oud wacht er een kinderboerderij op je&#8230; 🐯</p></div></div><div class="columns"><div class="columns__item" style="align-self:center;"><h2>De tawny boerderij Mont Faron</h2><p>Allereerst is er het voortplantingscentrum voor katachtigen genaamd &#8220;la fauverie&#8221;, een unieke instelling in Frankrijk met als missie het beschermen van katachtige soorten die met uitsterven worden bedreigd, zoals de lynx, de Siberische kat, de jaguar, de panter en de ocelot. Er zijn ook thema-activiteiten en workshops voor kinderen. </p><p>Toegang is via de weg.</p></div><div class="columns__item"><figure style="position:relative;"><picture><source srcset="https://acampa-vacances.com/wp-content/uploads/2024/12/international-le-mont-faron-une-sortie-nature-exceptionnelle-2-420x301.jpg.webp" media="(max-width: 210px)"><source srcset="https://acampa-vacances.com/wp-content/uploads/2024/12/international-le-mont-faron-une-sortie-nature-exceptionnelle-2.jpg.webp" media="(max-width: 420px)"><source srcset="https://acampa-vacances.com/wp-content/uploads/2024/12/international-le-mont-faron-une-sortie-nature-exceptionnelle-2.jpg.webp" media="(max-width: 850px)"><source srcset="https://acampa-vacances.com/wp-content/uploads/2024/12/international-le-mont-faron-une-sortie-nature-exceptionnelle-2.jpg.webp" media="(max-width: 1024px)"><source srcset="https://acampa-vacances.com/wp-content/uploads/2024/12/international-le-mont-faron-une-sortie-nature-exceptionnelle-2.jpg.webp" media="(min-width: 1025px)"><img decoding="async" src="https://acampa-vacances.com/wp-content/uploads/2024/12/international-le-mont-faron-une-sortie-nature-exceptionnelle-2-420x301.jpg.webp" width="420" height="210" loading="lazy" alt="" title=""></picture><figcaption>Joëlle Valentini &#8211; Toerisme Provence Méditerranée</figcaption></figure></div></div><h2>Herdenkingsmuseum van de landing in de Provence</h2><p>Bezoek voor een historisch intermezzo het monument voor de landing op D-Day.</p><p>Charles de Gaulle huldigde het monument in op 15 augustus 1964. Het is gewijd aan de landingen op D-Day en de bevrijding van de Provence. U vindt er ook een uitzonderlijke collectie historische voorwerpen en archieven. Bovendien kunt u dankzij ooggetuigenverslagen de landingen in de Provence en de gevechten tijdens de bevrijding in augustus 1944 herbeleven op een reusachtig scherm.   </p><h2>Boek uw volgende vakantie op een van onze campings in Giens</h2><p>Het is een unieke ervaring die je nooit zult vergeten. Kies een van onze campings om de betovering voort te zetten. </p><p id="1491">Voor een ontspannen vakantie boek je op <a href="https://acampa-vacances.com/de/clairdelune/willkommen/" data-type="clairdelune" data-id="1491">Camping Clair de Lune</a>. Bovendien geniet je van een huuraccommodatie met of zonder spa, of een ongewone accommodatie. </p><p id="192">Boek bij <a href="https://acampa-vacances.com/de/international/willkommen/" data-type="international" data-id="192">Camping International</a> als je op zoek bent naar een sportieve vakantie! Profiteer van een huuraccommodatie of een <a href="https://acampa-vacances.com/de/international/unterkunft/" data-type="international" data-id="3895">grote staanplaats</a>. </p><p id="1448">Roept de natuur je? Kom naar <a href="https://acampa-vacances.com/de/iledor/willkommen/" data-type="iledor" data-id="1448">Camping l&#8217;Ile d&#8217;Or</a>! Reserveer een van <a href="https://acampa-vacances.com/de/iledor/unterkunft/" data-type="iledor" data-id="3965">onze stacaravans</a> of een kampeerplaats. </p><h3>Andere artikelen om te lezen voor je verblijf in de Var</h3><ul><li><a href="https://acampa-vacances.com/de/blog/besuchen-sie-3-museen-wahrend-ihres-nachsten-urlaubs-in-der-var/" data-type="blog" data-id="1093">Ontdek 3 niet te missen musea in de Var</a>
</li><li><a href="https://acampa-vacances.com/de/blog/trois-domaines-und-weinberge-in-der-nahe-von-hyeres/" data-type="blog" data-id="1091">Drie landgoederen en wijngaarden bij Hyères</a>
</li><li><a href="https://acampa-vacances.com/nl/toerisme/dorp-du-castellet/" data-type="tourisme" data-id="1034">Dorp Le Castellet</a>
</li><li><a href="https://acampa-vacances.com/nl/toerisme/het-dorp-van-correns-een-van-de-vergeten-dorpen-van-var/" data-type="link" data-id="https://acampa-vacances.com/tourisme/le-village-de-correns-un-des-villages-oublies-du-var/">Correns: een vergeten dorp in de Var</a>
</li></ul>

<p>Mont Faron, een uitzonderlijk uitstapje in de natuur Ben je op zoek naar ideeën voor gezinsuitstapjes in de buurt van het schiereiland Giens? Dan hebben wij een suggestie voor je: waarom maak je geen uitstapje naar de Mont Faron in Toulon? Dit natuurgebied is bovendien geklasseerd en biedt een spannende ervaring. 📸 En vergeet je [&hellip;]</p>
